NOAA-Style Climate Reports

Select a Year or Month report
2019: Jan Feb Mar Apr May Jun Jul Aug Sep Oct Nov Dec
2018: Jan Feb Mar Apr May Jun Jul Aug Sep Oct Nov Dec
2017: Jan Feb Mar Apr May Jun Jul Aug Sep Oct Nov Dec
2016: Jan Feb Mar Apr May Jun Jul Aug Sep Oct Nov Dec
2015: Jan Feb Mar Apr May Jun Jul Aug Sep Oct Nov Dec
2014: Jan Feb Mar Apr May Jun Jul Aug Sep Oct Nov Dec
2013: Jan Feb Mar Apr May Jun Jul Aug Sep Oct Nov Dec
2012: Jan Feb Mar Apr May Jun Jul Aug Sep Oct Nov Dec
2011: Jan Feb Mar Apr May Jun Jul Aug Sep Oct Nov Dec

Report for 2019 April
                   Monthly Climatological Summary for Apr 2019

Name: Jared Court   City: Windsor   State: NS
Elevation: 48 m  Lat: N 44° 58' 41"   Lon: W 064° 06' 20"

                  Temperature (°C), Rain (mm), Wind Speed (km/h)

                                      Heat  Cool        Avg
    Mean                              Deg   Deg         Wind                 Dom
Day Temp  High   Time   Low    Time   Days  Days  Rain  Speed High   Time    Dir
----------------------------------------------------------------------------------
 1   4.2   8.1   4:18a  -0.5  11:44p  13.8   0.0  12.2  13.6  48.3   4:45p    SW
 2   2.8  10.1   3:58p  -1.9   7:03a  15.2   0.0   0.0  10.7  40.2   4:21p   SSE
 3   3.5   9.3   5:35p  -0.7  12:22a  14.5   0.0  36.8  12.3  80.5   2:08p     E
 4   2.9   4.7   4:09p  -0.2  11:37p  15.1   0.0   0.2  15.7  64.4   9:50a    SW
 5   1.2   5.7   4:32p  -2.7   7:13a  16.8   0.0   0.0  12.0  53.1   3:10a   WSW
 6   3.2   6.5   5:53p   0.3   7:11a  14.8   0.0   1.6   6.2  33.8  11:08a   SSE
 7   5.6  11.1   5:04p  -0.3  11:55p  12.4   0.0   0.0   7.4  43.5   2:49p   WSW
 8  -1.5   2.6   3:16p  -4.1   6:53a  19.5   0.0   0.0   4.5  32.2   4:49p    NE
 9  -1.5   1.4   4:34p  -4.2   5:38a  19.5   0.0   6.8   4.8  24.1  10:05a     N
10  -0.4   2.3   5:27p  -3.1   6:41a  18.3   0.0   3.8   4.2  19.3   6:44p   NNW
11   3.2   8.8   5:58p  -1.7   1:06a  14.8   0.0   0.0   4.8  24.1   4:58p     W
12   6.7  13.9   5:00p  -2.4   7:08a  11.3   0.0   0.0   3.1  22.5   2:44p   WNW
13  10.5  15.3   5:42p   4.8   6:52a   7.5   0.0   0.6   6.2  29.0   7:25p    SE
14  12.1  17.2   2:38p   7.0   6:55a   5.9   0.0   0.0   5.5  38.6  10:52a   WSW
15   8.7  12.5   4:46p   5.1   7:20a   9.3   0.0  10.6   9.2  37.0   3:32p   ESE
16   5.1   9.8  12:00a   2.7  10:18p  12.8   0.0   2.8  13.1  46.7   5:12p   WSW
17   2.1   4.9   6:01p  -2.3  11:55p  15.9   0.0   0.6   9.8  40.2   5:28a   WNW
18   3.0  11.7   1:11p  -4.9   5:41a  15.0   0.0   1.0   7.3  35.4   2:55p   ESE
19  11.4  19.2   5:08p   2.6  12:00a   6.7   0.1   8.8  14.6  66.0   3:52a    SE
20  16.5  21.2   5:32p  10.3  10:51p   1.9   0.3   0.4  12.0  45.1   6:26p    SE
21  12.9  18.9   3:42p   9.8  12:54a   5.1   0.0   0.4  12.9  45.1   3:39p   ESE
22  11.8  14.8   3:34p   8.4  11:55p   6.2   0.0   7.6   4.8  22.5  10:37p   ENE
23   7.7   9.9   6:03p   5.2   6:25a  10.3   0.0   8.2   5.0  25.7  10:46a    NE
24   7.0   9.6  12:48p   4.1   5:50a  11.0   0.0   2.2   3.3  17.7   4:52a    NW
25   3.5   6.8   3:12p   1.2  10:54p  14.5   0.0   0.4  10.2  37.0   5:00p     W
26   4.8  13.0   4:17p   0.4   5:46a  13.2   0.0   0.4   6.2  33.8   5:39p     E
27   6.7  10.7   5:38p   2.9  12:00a  11.3   0.0  31.4  15.0  57.9   3:05p     E
28   7.8  13.4   3:59p   3.7   5:36a  10.1   0.0   0.2   6.4  33.8  12:48p     S
29   5.5   8.8   4:31p   2.8   7:23a  12.5   0.0   0.0  10.8  48.3   5:47p   WSW
30   6.1  10.2   3:37p   1.3   2:01a  11.9   0.0   0.0   8.0  38.6   2:26p   WSW
----------------------------------------------------------------------------------
     5.8  21.2    20    -4.9    18   367.1   0.4 137.0   8.7  80.5     3       S

Max >=  27.0:  0
Max <=   0.0:  0
Min <=   0.0: 13
Min <= -18.0:  0
Max Rain: 36.8 on day 3
Days of Rain: 21 (>= 0.2 mm)  11 (>= 2.0 mm)  2 (>= 20.0 mm)
Heat Base: 18.0  Cool Base: 18.0  Method: Integration