NOAA-Style Climate Reports

Select a Year or Month report
2019: Jan Feb Mar Apr May Jun Jul Aug Sep Oct Nov Dec
2018: Jan Feb Mar Apr May Jun Jul Aug Sep Oct Nov Dec
2017: Jan Feb Mar Apr May Jun Jul Aug Sep Oct Nov Dec
2016: Jan Feb Mar Apr May Jun Jul Aug Sep Oct Nov Dec
2015: Jan Feb Mar Apr May Jun Jul Aug Sep Oct Nov Dec
2014: Jan Feb Mar Apr May Jun Jul Aug Sep Oct Nov Dec
2013: Jan Feb Mar Apr May Jun Jul Aug Sep Oct Nov Dec
2012: Jan Feb Mar Apr May Jun Jul Aug Sep Oct Nov Dec
2011: Jan Feb Mar Apr May Jun Jul Aug Sep Oct Nov Dec

Report for 2019 March
                   Monthly Climatological Summary for Mar 2019

Name: Jared Court   City: Windsor   State: NS
Elevation: 48 m  Lat: N 44° 58' 41"   Lon: W 064° 06' 20"

                  Temperature (°C), Rain (mm), Wind Speed (km/h)

                                      Heat  Cool        Avg
    Mean                              Deg   Deg         Wind                 Dom
Day Temp  High   Time   Low    Time   Days  Days  Rain  Speed High   Time    Dir
----------------------------------------------------------------------------------
 1  -5.1   0.8   3:16p -11.5   6:03a  23.1   0.0   0.0   5.7  33.8  12:10a   WSW
 2  -3.5   1.3   1:41p -10.3   6:27a  21.5   0.0   0.0   4.0  29.0   8:50p     N
 3  -4.3  -0.2   4:26p  -6.8   8:39p  22.3   0.0   3.8   5.4  25.7   8:36a   WNW
 4  -3.8  -1.7   4:31p  -6.7  12:20a  21.8   0.0   0.0   7.7  35.4   6:52p   NNW
 5  -4.6  -1.2   2:31p -11.3  11:38p  22.6   0.0   4.4   5.1  30.6   9:46a    SW
 6  -8.3  -3.1  12:32p -12.6   4:24a  26.3   0.0   0.8   3.7  29.0   4:50p     W
 7 -10.6  -6.6   1:57p -15.0   7:09a  28.6   0.0   0.0   5.7  32.2  11:01a   WSW
 8  -8.5  -0.8   3:58p -19.7   7:07a  26.5   0.0   0.2   5.1  40.2   3:34p     S
 9  -2.3   2.7  12:46p  -9.1  11:55p  20.3   0.0   1.2   8.0  37.0   1:43p   WSW
10  -5.8   2.5   2:54p -15.9   7:28a  22.8   0.0   2.2   6.7  41.8   8:38p     E
11   4.8   9.3   2:04p  -1.1  12:00a  13.2   0.0  14.2  13.4  74.0   5:17a    SE
12   1.3   3.6   3:18p  -1.2   6:21a  16.7   0.0   0.0   4.8  25.7   9:11a   WSW
13  -0.3   4.7   3:57p  -4.2   6:16a  18.3   0.0   0.0   2.3  19.3   5:18p   WNW
14   0.7   9.7   5:28p  -6.4   4:30a  17.3   0.0   0.0   2.3  17.7   6:23p    NE
15   3.6   7.9  12:27p  -2.2   1:08a  14.4   0.0   0.8  14.1  59.5   1:31p   ESE
16   6.9  11.1   2:42p   1.1  11:57p  11.0   0.0   4.8   7.6  40.2   2:40p     S
17  -1.3   1.2   3:46p  -4.3  11:43p  19.3   0.0   0.0  10.5  43.5   9:34a   WSW
18  -3.2   1.6   4:09p  -8.9   6:22a  21.2   0.0   0.0   5.0  35.4  12:14p    SW
19  -3.7   1.8   2:59p -10.5   7:23a  21.7   0.0   0.0   3.2  27.4   4:25p   WSW
20  -2.2   5.2   2:41p -10.6   6:39a  20.2   0.0   0.0   2.5  25.7   3:23p    SW
21   1.3   8.8   2:33p  -5.1   4:40a  16.7   0.0   0.0   8.6  41.8   7:06p   ESE
22   4.5   8.5  12:01p   0.1  12:19a  13.5   0.0  22.8  10.2  54.7   1:08p     E
23   3.4   5.9   3:01p   2.2   6:59a  14.6   0.0   1.4  13.9  45.1  12:05a   SSE
24   4.5  10.0   4:39p   0.2   7:04a  13.5   0.0   0.2   9.8  40.2  12:35a   WSW
25   1.3   4.7   1:43p  -2.6  11:57p  16.7   0.0   0.0   5.6  38.6   1:07p   WSW
26  -2.0   2.2   2:41p  -7.2   7:26a  20.0   0.0   0.0   5.3  33.8  12:33p   WSW
27  -2.2   2.6   5:25p  -7.1   6:29a  20.2   0.0   0.0   4.8  27.4  10:44a   WNW
28  -0.2   5.2   3:09p  -5.5   6:58a  18.2   0.0   0.0  11.9  43.5   1:06p   ESE
29   6.1  11.6   4:51p   0.6  12:00a  11.9   0.0   0.0   9.8  37.0   2:28p   ESE
30   5.2   7.6   5:41p   3.5   8:24a  12.8   0.0   0.6   3.5  20.9  11:46p   ENE
31   8.8  16.3   2:53p   3.9   1:30a   9.2   0.0   0.4  14.2  54.7   1:31p   ESE
----------------------------------------------------------------------------------
    -0.6  16.3    31   -19.7     8   576.4   0.0  57.8   7.1  74.0    11       S

Max >=  27.0:  0
Max <=   0.0:  6
Min <=   0.0: 24
Min <= -18.0:  1
Max Rain: 22.8 on day 22
Days of Rain: 14 (>= 0.2 mm)  6 (>= 2.0 mm)  1 (>= 20.0 mm)
Heat Base: 18.0  Cool Base: 18.0  Method: Integration