NOAA-Style Climate Reports

Select a Year or Month report
2019: Jan Feb Mar Apr May Jun Jul Aug Sep Oct Nov Dec
2018: Jan Feb Mar Apr May Jun Jul Aug Sep Oct Nov Dec
2017: Jan Feb Mar Apr May Jun Jul Aug Sep Oct Nov Dec
2016: Jan Feb Mar Apr May Jun Jul Aug Sep Oct Nov Dec
2015: Jan Feb Mar Apr May Jun Jul Aug Sep Oct Nov Dec
2014: Jan Feb Mar Apr May Jun Jul Aug Sep Oct Nov Dec
2013: Jan Feb Mar Apr May Jun Jul Aug Sep Oct Nov Dec
2012: Jan Feb Mar Apr May Jun Jul Aug Sep Oct Nov Dec
2011: Jan Feb Mar Apr May Jun Jul Aug Sep Oct Nov Dec

Report for 2019 February
                   Monthly Climatological Summary for Feb 2019

Name: Jared Court   City: Windsor   State: NS
Elevation: 48 m  Lat: N 44° 58' 41"   Lon: W 064° 06' 20"

                  Temperature (°C), Rain (mm), Wind Speed (km/h)

                                      Heat  Cool        Avg
    Mean                              Deg   Deg         Wind                 Dom
Day Temp  High   Time   Low    Time   Days  Days  Rain  Speed High   Time    Dir
----------------------------------------------------------------------------------
 1 -10.2  -7.8   2:35p -13.8   7:33a  28.2   0.0   0.0   7.3  38.6   1:46p   SSW
 2  -7.8  -4.6   2:32p -12.5   6:59a  25.8   0.0   0.0   6.7  30.6   1:25p    SW
 3  -7.1  -2.9   3:34p -12.0   7:41a  25.1   0.0   0.0   7.2  33.8  12:47a   WSW
 4  -0.1   5.2   3:16p  -5.6  12:00a  18.0   0.0   0.4   4.9  29.0   3:05p    SE
 5   5.3  10.3   5:27p   1.2   1:36a  12.7   0.0   2.8   5.7  29.0  11:03p    SE
 6  -1.8   5.6  12:00a  -5.6  10:37p  19.8   0.0   0.2   6.8  27.4   4:45a    NW
 7  -2.8  -0.1   4:28p  -5.7  12:49a  20.8   0.0   0.8   2.2  12.9  12:26p    NE
 8   3.2   7.4   6:25p  -1.5   2:26a  14.8   0.0   3.0   8.7  33.8   7:34a   ESE
 9  -5.1   3.3  12:00a  -9.1   5:30p  23.1   0.0   0.0  18.4  56.3   1:07p   WSW
10  -6.7  -4.4   3:04p  -8.4   7:43a  24.6   0.0   0.0  15.8  49.9   9:15a   WSW
11  -8.4  -6.2   2:35p -10.8  11:55p  24.9   0.0   0.0  17.8  49.9   3:19a   WSW
12  -6.9  -1.9   3:21p -12.3   6:46a  24.8   0.0   0.0   4.7  32.2   1:47a   WNW
13  -3.5   2.5   9:44p  -7.6   7:44a  21.4   0.0   0.4   8.1  37.0  10:42p   ENE
14  -3.7  -0.8  12:00a  -5.5   7:24a  21.7   0.0   1.2   9.5  41.8   1:16a   WSW
15  -3.9   4.4  11:58p -13.8   7:39a  21.9   0.0   2.6   9.3  51.5  11:57p   ESE
16   4.2   7.8   6:52a  -0.6  11:18p  13.8   0.0  19.4  14.0  72.4   2:27a    SE
17  -3.6  -0.6  12:00a  -6.7  11:50p  21.6   0.0   0.0   9.3  33.8   9:13a     W
18  -7.0  -3.4   1:42p -10.9   6:45a  24.8   0.0   0.0   3.7  24.1   8:55p     W
19  -9.1  -6.0   3:56p -11.9   7:03a  27.1   0.0   0.0  13.4  45.1  10:19p     W
20  -9.9  -6.8   3:36p -13.3   6:33a  27.9   0.0   0.0  12.4  45.1   1:57a     W
21  -7.3  -3.7  11:13p -11.9   3:11a  25.3   0.0   0.0   5.2  25.7  12:17p     E
22  -4.5  -1.9   3:59p  -7.6   7:29a  22.5   0.0   1.0   8.2  30.6   4:40a     W
23  -6.0  -1.5   3:44p -12.3   6:35a  24.0   0.0   0.0   6.1  40.2   3:30p   WSW
24  -5.5   0.2   1:50p -12.6   6:21a  23.5   0.0   0.2   9.0  51.5  10:52p     E
25   0.4   2.9   1:07p  -4.7  11:59p  17.6   0.0   3.2  14.9  64.4   3:56a     S
26  -9.7  -4.7  12:00a -14.1  11:45p  27.7   0.0   0.0  18.6  59.5   7:15p   WSW
27 -11.9  -7.2   4:09p -15.6   6:52a  29.9   0.0   0.0  15.2  51.5   3:36a   WSW
28  -9.6  -6.0   2:20p -14.0   6:43a  27.6   0.0   0.0   8.9  35.4   2:06p   WSW
----------------------------------------------------------------------------------
    -5.0  10.3     5   -15.6    27   640.9   0.0  35.2   9.7  72.4    16      SW

Max >=  27.0:  0
Max <=   0.0: 18
Min <=   0.0: 27
Min <= -18.0:  0
Max Rain: 19.4 on day 16
Days of Rain: 12 (>= 0.2 mm)  5 (>= 2.0 mm)  0 (>= 20.0 mm)
Heat Base: 18.0  Cool Base: 18.0  Method: Integration