NOAA-Style Climate Reports

Select a Year or Month report
2019: Jan Feb Mar Apr May Jun Jul Aug Sep Oct Nov Dec
2018: Jan Feb Mar Apr May Jun Jul Aug Sep Oct Nov Dec
2017: Jan Feb Mar Apr May Jun Jul Aug Sep Oct Nov Dec
2016: Jan Feb Mar Apr May Jun Jul Aug Sep Oct Nov Dec
2015: Jan Feb Mar Apr May Jun Jul Aug Sep Oct Nov Dec
2014: Jan Feb Mar Apr May Jun Jul Aug Sep Oct Nov Dec
2013: Jan Feb Mar Apr May Jun Jul Aug Sep Oct Nov Dec
2012: Jan Feb Mar Apr May Jun Jul Aug Sep Oct Nov Dec
2011: Jan Feb Mar Apr May Jun Jul Aug Sep Oct Nov Dec

Report for 2019 January
                   Monthly Climatological Summary for Jan 2019

Name: Jared Court   City: Windsor   State: NS
Elevation: 48 m  Lat: N 44° 58' 41"   Lon: W 064° 06' 20"

                  Temperature (°C), Rain (mm), Wind Speed (km/h)

                                      Heat  Cool        Avg
    Mean                              Deg   Deg         Wind                 Dom
Day Temp  High   Time   Low    Time   Days  Days  Rain  Speed High   Time    Dir
----------------------------------------------------------------------------------
 1   0.1   4.4   5:04p  -3.6  12:00a  17.9   0.0   4.4  13.8  53.1  11:49a   SSE
 2  -7.8  -1.8  12:00a -12.7  11:37p  25.8   0.0   0.0  11.0  43.5   1:55a     W
 3  -9.6  -2.7   3:38p -15.7   6:07a  27.6   0.0   0.0   2.5  22.5   3:55p     E
 4  -1.2   3.9   2:16p  -7.4  12:00a  19.2   0.0   0.2   5.0  25.7   7:10p    SE
 5   2.6   4.4   3:14p   1.4   6:45a  15.4   0.0   3.6   3.5  27.4  12:39a   ESE
 6   0.2   1.9  12:46a  -1.5  11:58p  17.8   0.0   7.4   8.6  32.2  10:21a     W
 7  -6.2  -1.5  12:00a -10.5  11:55p  24.2   0.0   0.0  10.6  40.2   9:11a     W
 8  -6.4  -1.2  11:53p -11.4   3:29a  24.4   0.0   0.0   3.9  24.1  10:09p   ESE
 9   2.5   5.7   5:21p  -1.2  12:00a  15.4   0.0  19.4  13.1  56.3  11:08a     E
10   0.6   2.8  12:00a  -1.7  11:51p  17.4   0.0   0.2   9.4  41.8  10:51a    SE
11  -4.7  -1.4  12:28a  -9.3  11:57p  22.7   0.0   0.0   7.7  30.6   4:18p    SW
12 -10.3  -8.6   1:06p -11.4   2:30a  28.3   0.0   0.0   8.4  40.2   2:13p   WSW
13  -8.4  -3.9   2:29p -11.1   7:50a  26.4   0.0   0.0   4.7  22.5   2:39p   WSW
14  -9.9  -4.2   3:18p -14.1   5:12a  27.9   0.0   0.0   1.6   9.7   7:55a    NW
15  -7.8  -2.9   2:10p -14.1   5:17a  25.8   0.0   0.0   4.3  29.0  10:16a     W
16  -2.6   1.6   9:43p  -9.3   1:52a  20.6   0.0   0.0   8.5  37.0   5:48p    SE
17  -8.1  -0.1  12:27a -13.7  11:56p  26.1   0.0   0.0   8.5  40.2   4:01a   WSW
18  -7.8  -1.3   3:44p -13.9   6:56a  25.8   0.0   0.0   3.9  30.6   2:18p   ESE
19  -6.9  -0.4   4:25a -12.3  11:23p  24.9   0.0   0.0   7.0  37.0   5:41a   WNW
20  -2.2  11.8   9:57p -12.6   1:25a  20.2   0.0  28.6  16.3  83.7   9:58p     E
21   0.8  10.5  12:25a  -8.1  11:56p  17.2   0.0   6.2   9.0  54.7   2:37a   SSE
22  -9.6  -7.6   8:33p -12.0  10:03a  27.6   0.0   0.0  12.8  45.1   1:22p     W
23  -5.2   1.5  11:33p -11.3   3:33a  23.2   0.0   0.2   6.2  30.6  11:14p    SE
24   8.2  13.7   1:00p   1.4  12:02a   9.8   0.0   7.6  16.5  85.3  10:14p    SE
25   4.8  12.8  12:27a  -1.2  11:15p  13.2   0.0   0.4   8.5  75.6  12:34a     S
26  -1.8   1.0  12:48p  -4.7   7:16a  19.8   0.0   0.0   4.3  30.6   3:08p    SE
27  -0.6   5.2   1:58p  -5.4   5:22a  18.6   0.0   2.0   4.0  25.7   3:04p     E
28  -0.5   3.5  10:29a  -8.5  11:50p  18.5   0.0   0.6   6.0  27.4   3:36p     W
29  -7.7  -3.1   3:39p -12.1   7:16a  25.7   0.0   0.0   5.3  24.1  12:20a   NNW
30  -0.8   4.1   7:02p  -7.6   1:00a  18.8   0.0   6.2   9.5  46.7  12:42p     E
31  -7.7  -1.8   4:46a -11.1   8:39p  25.7   0.0   0.0   9.8  46.7   6:27a     S
----------------------------------------------------------------------------------
    -3.7  13.7    24   -15.7     3   671.9   0.0  87.0   7.9  85.3    24       S

Max >=  27.0:  0
Max <=   0.0: 15
Min <=   0.0: 29
Min <= -18.0:  0
Max Rain: 28.6 on day 20
Days of Rain: 14 (>= 0.2 mm)  9 (>= 2.0 mm)  1 (>= 20.0 mm)
Heat Base: 18.0  Cool Base: 18.0  Method: Integration