NOAA-Style Climate Reports


Report for 2019
                   Annual Climatological Summary for 2019

Name: Jared Court   City: Windsor   State: NS
Elevation: 48 m  Lat: N 44° 58' 41"   Lon: W 064° 06' 20"

                  Temperature (°C), Heat Base: 18.0  Cool Base: 18.0
                          Dep.  Heat  Cool                       Max  Max  Min  Min
        Mean  Mean        From  Deg   Deg                        >=   <=   <=   <=
 YR MO  Max   Min   Mean  Norm  Days  Days  Hi  Date  Low  Date 27.0  0.0  0.0 -18.0
------------------------------------------------------------------------------------
 19  1   1.5  -8.6  -3.7   0.4   671     0  13.7  24 -15.7    3    0   15   29    0
 19  2  -0.7  -9.3  -5.0  -2.3   640     0  10.3   5 -15.6   27    0   18   27    0
 19  3   4.3  -5.9  -0.6  -0.5   576     0  16.3  31 -19.7    8    0    6   24    1
 19  4  10.4   1.5   5.8   0.6   367     0  21.2  20  -4.9   18    0    0   13    0
 19  5  13.7   3.7   8.5  -3.0   293     0  22.2  25  -2.2    3    0    0    3    0
 19  6  21.3  10.0  15.3  -1.4   105    24  26.8  19   3.6    1    0    0    0    0
 19  7  27.0  14.4  20.5   0.5    30   109  33.7   5   7.3   11   16    0    0    0
 19  8  26.4  14.6  20.2   0.8    28    95  30.4  21   6.3   25   16    0    0    0
 19  9  20.3  10.0  15.2  -0.7    50    10  23.6   4   3.3   14    0    0    0    0
 19 10
 19 11
 19 12
------------------------------------------------------------------------------------
        13.8   3.4   8.5  -0.6  2764   240  33.7 Jul -19.7  Mar   32   39   96    1

                                Precipitation (mm)

              Dep.   Max        Days of Rain
              From   Obs.           >=
 YR MO Total  Norm   Day Date  0.2  2.0 20.0
---------------------------------------------
 19  1  87.0  26.0  28.6  20    14    9    1
 19  2  35.2  -5.8  19.4  16    12    5    0
 19  3  57.8  -0.2  22.8  22    14    6    1
 19  4 137.0  78.0  36.8   3    21   11    2
 19  5  91.8   9.8  15.6  18    18    9    0
 19  6 149.2  71.2  50.6  21    19   12    3
 19  7  62.8 -30.2  14.6  23    12    7    0
 19  8  43.4 -35.6  20.2  29    11    4    1
 19  9  79.4 -17.6  69.2   7     8    4    1
 19 10
 19 11
 19 12
---------------------------------------------
       743.6  95.6  69.2  Sep  129   67    9

                                Wind Speed (km/h)
                          Dom
 YR MO   Avg.  Hi   Date  Dir
------------------------------
 19  1   7.9  85.3   24     S
 19  2   9.7  72.4   16   WSW
 19  3   7.1  74.0   11   SSE
 19  4   8.7  80.5    3     S
 19  5   5.9  48.3   21   WNW
 19  6   4.9  41.8   23   ESE
 19  7   3.3  37.0   21     S
 19  8   3.9  64.4   29    SE
 19  9   4.8  77.2    7   SSE
 19 10
 19 11
 19 12
------------------------------
         6.2  85.3  Jan     S