NOAA-Style Climate Reports


Report for 2018 November
                   Monthly Climatological Summary for Nov 2018

Name: Jared Court   City: Windsor   State: NS
Elevation: 48 m  Lat: N 44° 58' 41"   Lon: W 064° 06' 20"

                  Temperature (°C), Rain (mm), Wind Speed (km/h)

                                      Heat  Cool        Avg
    Mean                              Deg   Deg         Wind                 Dom
Day Temp  High   Time   Low    Time   Days  Days  Rain  Speed High   Time    Dir
----------------------------------------------------------------------------------
 1   8.3  12.4   3:26p   4.5   2:19a   9.6   0.0   1.2   2.9  19.3   2:17p   SSE
 2  12.3  17.4   6:16p   8.1   5:04a   5.7   0.0  20.6   4.6  30.6   5:31p    SE
 3  16.3  19.3   2:42p  10.6  11:50p   1.7   0.1   4.4  16.8  69.2  10:03p    SE
 4   7.4  10.6  12:00a   2.2  11:57p  11.1   0.0   0.0  12.4  53.1  12:36a    SW
 5   3.9   8.9   1:24p  -1.6   7:03a  14.1   0.0   0.0   3.3  20.9   2:15p     E
 6   9.9  14.8  11:48p   4.8  12:16a   8.0   0.0   6.8   7.7  32.2  11:39a     E
 7  13.8  17.2   1:29a   9.3  10:59p   4.2   0.0   6.2   7.4  37.0   2:30p   SSE
 8   8.9  11.8  11:56a   5.9  11:36p   9.1   0.0   0.0   7.3  40.2   9:39a    SW
 9   5.6   9.7   1:50p   2.5   7:37a  12.4   0.0   0.0   3.4  29.0   9:39a     W
10   7.4  13.5   4:42p   3.2  11:37p  10.6   0.0   8.0  10.4  45.1   6:59p     E
11   2.2   4.0   2:02p  -0.4  11:40p  15.8   0.0   0.0  12.5  56.3   7:34a    SW
12   0.2   2.9   1:55p  -1.9   7:19a  17.8   0.0   0.0  11.7  45.1   2:04p   WSW
13   2.2  11.7  11:35p  -3.1   4:27a  15.8   0.0  10.4   7.2  57.9   8:08p     E
14  -1.5  11.9  12:33a  -6.9   8:45p  19.3   0.0   0.2  19.9  64.4   7:51p   WSW
15  -3.5   1.4   2:41p  -6.3   7:22a  21.5   0.0   0.0   9.6  49.9   4:30a     W
16  -1.3   1.9   3:16p  -4.6   1:03a  19.3   0.0   7.4   6.1  40.2   1:35p    NE
17   0.9   1.8   2:10p   0.2   9:08a  17.1   0.0   1.6   7.8  38.6  10:18a   WSW
18  -1.2   1.7   2:05p  -6.4  11:59p  19.2   0.0   0.2   3.2  19.3   1:39p     W
19  -2.0   0.5   2:57p  -7.0   1:55a  20.0   0.0   1.8   0.6   6.4  12:02a   ENE
20   1.0   2.8  12:09p   0.2   8:53p  17.0   0.0   4.2   1.2  12.9  11:08a   NNW
21   0.7   3.2   2:34p  -1.1   6:48p  17.3   0.0  10.6   4.6  30.6   4:13p   SSW
22  -8.8  -0.9  12:00a -11.5   4:20p  26.8   0.0   0.0  13.2  45.1   7:39p   WSW
23  -7.4  -5.0   2:33p -10.4  12:00a  25.4   0.0   0.0  14.1  49.9   9:43a   WSW
24   1.1   6.1   3:21p  -6.6  12:00a  16.8   0.0   8.2   5.2  32.2  11:26a   SSW
25   2.5   4.7  12:36a   0.7  11:36p  15.5   0.0   0.6   3.7  24.1   1:35p     N
26   0.9   2.7  11:15a  -0.3   6:57a  17.1   0.0   0.0   4.2  20.9  10:14a    NW
27   2.7   5.4  11:08p   0.4  12:00a  15.3   0.0   6.8   7.6  33.8   5:52p    NE
28   4.9   6.8   1:37p   2.3  11:57p  13.1   0.0   1.2   3.3  27.4  11:39p    NW
29   1.2   2.3  12:00a   0.5   1:08a  16.8   0.0   4.6  16.1  56.3   6:45p   WNW
30   1.3   3.2   2:19p  -0.8   7:18p  16.7   0.0   0.8   7.4  37.0  12:22a   WNW
----------------------------------------------------------------------------------
     3.0  19.3     3   -11.5    22   450.1   0.1 105.8   7.8  69.2     3     WSW

Max >=  27.0:  0
Max <=   0.0:  2
Min <=   0.0: 15
Min <= -18.0:  0
Max Rain: 20.6 on day 2
Days of Rain: 20 (>= 0.2 mm)  12 (>= 2.0 mm)  1 (>= 20.0 mm)
Heat Base: 18.0  Cool Base: 18.0  Method: Integration