NOAA-Style Climate Reports


Report for 2018 October
                   Monthly Climatological Summary for Oct 2018

Name: Jared Court   City: Windsor   State: NS
Elevation: 48 m  Lat: N 44° 58' 41"   Lon: W 064° 06' 20"

                  Temperature (°C), Rain (mm), Wind Speed (km/h)

                                      Heat  Cool        Avg
    Mean                              Deg   Deg         Wind                 Dom
Day Temp  High   Time   Low    Time   Days  Days  Rain  Speed High   Time    Dir
----------------------------------------------------------------------------------
 1  11.1  14.9   5:30p   4.8  11:59p   6.9   0.0   0.0   2.7  22.5  10:18a   SSW
 2   7.6  13.6   2:54p   1.6   4:51a  10.4   0.0   2.0   2.3  25.7  11:13p     E
 3  16.0  18.9   2:12p  11.4  12:00a   2.1   0.1  15.8  10.7  46.7   5:46a   ESE
 4  17.5  19.7   4:48p  15.5  10:29p   0.8   0.3   0.4   8.8  30.6  11:11a   ESE
 5  12.2  15.6  12:00a   5.3  11:55p   5.8   0.0   0.4   2.9  24.1   6:35a    NW
 6   8.5  14.8   5:33p   2.6   7:28a   9.5   0.0   0.2   1.8  17.7  12:11p   WNW
 7  10.0  13.2  12:59p   6.1  12:00a   8.0   0.0   0.0   2.4  19.3   4:02p    NW
 8   7.9  13.0   3:29p   3.1   7:32a  10.0   0.0   0.0   1.8  16.1   3:41a    NW
 9  13.1  18.5   4:21p   6.1  12:00a   4.9   0.0   0.0   4.3  27.4   8:42a    SE
10  14.2  19.1   5:22a   7.8   9:51p   4.0   0.2   2.8   3.2  24.1   2:20a   WNW
11   7.1  10.2  11:01p   5.4   9:24a  10.9   0.0  13.8   3.4  22.5  11:54p    NE
12  11.5  12.4   3:48p  10.0  11:59p   6.5   0.0  20.2   3.2  25.7  12:38a    NW
13   8.1  10.0  12:00a   4.3  11:59p   9.9   0.0   0.4   5.1  27.4   4:29p   WSW
14   6.1  10.1   3:24p   3.2   6:07a  11.9   0.0   0.0   5.4  37.0   1:09p   WSW
15   8.6  16.1   2:17p   0.3   4:39a   9.4   0.0   1.4   6.7  40.2  11:27p    SE
16  11.5  17.2   4:37a   6.8  11:51p   6.5   0.0  14.6  13.2  66.0  10:26a   SSW
17   7.1  11.4   3:56p   1.6   7:40a  10.9   0.0   0.8   4.6  27.4   3:09p    SE
18   3.9   7.2  12:00a   2.0  11:57p  14.1   0.0   0.8  11.4  54.7   3:45p   WSW
19   3.2   7.8   4:07p  -2.0   7:14a  14.8   0.0   0.0   7.8  40.2  11:24a   WSW
20  12.6  17.3   2:50p   4.6  12:00a   5.4   0.0   1.2  12.0  43.5   1:21p   ESE
21   9.2  13.3   1:48p   4.0   8:19a   8.8   0.0   0.2   3.5  32.2   9:38p     W
22   3.3   6.1   4:31p   0.3  11:56p  14.7   0.0   0.0   7.8  40.2   3:37p   WSW
23   4.3  11.7   3:32p  -2.2   7:30a  13.7   0.0   0.0   2.3  17.7  11:55a   SSE
24  10.7  16.6   1:28p   5.7  12:00a   7.3   0.0  12.0   7.4  45.1   6:52a     E
25   3.8   7.5  12:00a   2.5   1:46p  14.2   0.0   0.4   8.9  43.5   4:02p   WSW
26   1.9   5.1   3:53p   0.0  11:42p  16.1   0.0   0.0   9.2  45.1  11:49a   WSW
27   0.7   4.9   1:07p  -4.6   7:10a  17.3   0.0   5.4   2.9  24.1   8:53p   NNE
28  12.7  17.1   2:15p   3.9  12:00a   5.3   0.0  14.0   7.3  37.0   8:45a     E
29  11.7  16.6   2:59p   7.2   7:09a   6.3   0.0   1.6   4.5  29.0  12:40p   ESE
30   9.0  11.2   1:10p   6.7   6:24a   9.0   0.0   2.4   4.0  20.9   1:20p    SW
31   6.3   8.4   2:06p   4.7  11:37p  11.7   0.0   0.6   4.3  19.3   6:35a     W
----------------------------------------------------------------------------------
     8.8  19.7     4    -4.6    27   287.1   0.6 111.4   5.7  66.0    16     SSW

Max >=  27.0:  0
Max <=   0.0:  0
Min <=   0.0:  4
Min <= -18.0:  0
Max Rain: 20.2 on day 12
Days of Rain: 22 (>= 0.2 mm)  10 (>= 2.0 mm)  1 (>= 20.0 mm)
Heat Base: 18.0  Cool Base: 18.0  Method: Integration