NOAA-Style Climate Reports


Report for 2018 September
                   Monthly Climatological Summary for Sep 2018

Name: Jared Court   City: Windsor   State: NS
Elevation: 48 m  Lat: N 44° 58' 41"   Lon: W 064° 06' 20"

                  Temperature (°C), Rain (mm), Wind Speed (km/h)

                                      Heat  Cool        Avg
    Mean                              Deg   Deg         Wind                 Dom
Day Temp  High   Time   Low    Time   Days  Days  Rain  Speed High   Time    Dir
----------------------------------------------------------------------------------
 1  17.8  25.6   1:50p  11.4   6:27a   2.2   2.0   0.0   2.3  20.9   6:16p   ESE
 2  18.9  26.4   3:13p  11.8   6:42a   1.6   2.6   0.0   4.3  27.4   4:13p    SE
 3  20.5  26.7   1:24p  14.7   3:12a   0.9   3.4   0.0   7.3  33.8   6:39p   ESE
 4  20.3  24.3   3:16p  14.7  11:54p   0.3   2.6   1.8   2.8  22.5   2:51p     W
 5  18.4  27.6   3:08p   9.6   6:44a   2.4   2.8   0.0   1.5  12.9   6:45p     S
 6  22.1  30.5   3:30p  15.4  12:30a   0.2   4.3   0.0   3.7  29.0   9:01a   SSE
 7  17.1  22.9   3:35p  10.6  11:56p   1.8   0.9   0.0   1.8  16.1   9:46a   WNW
 8  13.1  18.7   5:16p   7.7   2:54a   4.9   0.1   0.0   0.4  27.4   1:13p   WNW
 9  11.7  18.9   4:54p   3.9   7:04a   6.4   0.1   0.0  ----  24.1  12:26p   WNW
10  12.0  21.5   4:07p   2.5   7:12a   6.5   0.6   0.2  ----  20.9  12:04p     E
11  15.2  20.5  11:57p   9.8   5:21a   3.0   0.3  19.4  ----  41.8  11:11p     E
12  18.8  21.5   3:29a  15.0  11:57p   0.2   1.1   1.2  ----  30.6  12:04a   WSW
13  16.8  25.3   5:39p   9.9   6:45a   3.0   1.8   0.2  ----  16.1   3:46p    NW
14  18.3  27.8   3:31p   9.6   6:51a   2.7   3.0   0.2  ----  12.9   4:13p     W
15  18.7  28.2   2:23p  11.4   6:44a   2.2   2.9   0.0  ----  17.7   1:48p     W
16  16.6  23.8   2:34p  10.2   6:57a   2.9   1.5   0.2  ----  19.3  12:11p   WNW
17  20.9  28.3   2:06p  13.4   1:58a   1.1   3.9   0.0  ----  25.7   4:10p     S
18  20.1  25.8  12:40p  14.8  11:57p   0.2   2.4   0.6  ----  22.5   4:50a     S
19  14.0  16.4   4:23p  11.4  10:44p   4.0   0.0   1.2  ----  22.5  12:04p     N
20  12.2  15.7   2:47p   8.6  11:56p   5.8   0.0   0.0  ----  19.3   2:53p   NNW
21  11.6  18.2   1:16p   3.6   6:46a   6.4   0.0   0.2  ----  38.6   9:18p   ESE
22  17.1  21.2   1:10p   8.9  11:55p   1.5   0.6   0.8  ----  46.7   2:45a     S
23  11.4  20.6   5:25p   2.6   6:59a   6.9   0.3   0.0  ----  20.9  12:07p     S
24   8.6  13.2   2:45p   0.6  11:38p   9.4   0.0   0.0  ----  27.4   9:53a   WNW
25   7.4  16.1   2:33p  -1.8   6:28a  10.6   0.0   0.2  ----  27.4   2:56p   ESE
26  17.1  22.2  11:58p  11.8   2:50a   1.9   1.0   7.6  ----  49.9  10:12a   ESE
27  16.5  22.5   1:00a   9.4  11:49p   2.6   1.1  10.6  ----  43.5   1:12a    SE
28  11.9  13.8   2:02p   9.3  12:12a   6.1   0.0   7.2  ----  16.1   3:08p   WNW
29  13.4  18.7   3:05p   9.1  11:57p   4.6   0.0   0.2  ----  17.7   2:03p     W
30  11.6  18.7   3:15p   3.9   7:27a   6.4   0.0   0.4  ----  17.7   9:13p    SE
----------------------------------------------------------------------------------
    15.7  30.5     6    -1.8    25   108.7  39.3  52.2   3.3  49.9    26      SE

Max >=  27.0:  5
Max <=   0.0:  0
Min <=   0.0:  1
Min <= -18.0:  0
Max Rain: 19.4 on day 11
Days of Rain: 17 (>= 0.2 mm)  4 (>= 2.0 mm)  0 (>= 20.0 mm)
Heat Base: 18.0  Cool Base: 18.0  Method: Integration