NOAA-Style Climate Reports

Select a Year or Month report
2018: Jan Feb Mar Apr May Jun Jul Aug Sep Oct Nov Dec
2017: Jan Feb Mar Apr May Jun Jul Aug Sep Oct Nov Dec
2016: Jan Feb Mar Apr May Jun Jul Aug Sep Oct Nov Dec
2015: Jan Feb Mar Apr May Jun Jul Aug Sep Oct Nov Dec
2014: Jan Feb Mar Apr May Jun Jul Aug Sep Oct Nov Dec
2013: Jan Feb Mar Apr May Jun Jul Aug Sep Oct Nov Dec
2012: Jan Feb Mar Apr May Jun Jul Aug Sep Oct Nov Dec
2011: Jan Feb Mar Apr May Jun Jul Aug Sep Oct Nov Dec

Report for 2018 August
                   Monthly Climatological Summary for Aug 2018

Name: Jared Court   City: Windsor   State: NS
Elevation: 48 m  Lat: N 44° 58' 41"   Lon: W 064° 06' 20"

                  Temperature (°C), Rain (mm), Wind Speed (km/h)

                                      Heat  Cool        Avg
    Mean                              Deg   Deg         Wind                 Dom
Day Temp  High   Time   Low    Time   Days  Days  Rain  Speed High   Time    Dir
----------------------------------------------------------------------------------
 1  22.5  32.4   2:22p  14.5   6:27a   0.7   5.2   0.0   1.5  24.1   1:36p   WNW
 2  23.9  30.6   5:29p  18.4  12:05a   0.0   5.9   0.0   6.5  30.6   3:41p    SE
 3  25.5  30.0   7:06p  20.2  11:57p   0.0   7.5   0.0   2.7  22.5   3:24p     W
 4  22.7  32.0   2:14p  17.3   4:57a   0.0   4.7  20.6   1.6  22.5   3:12p     S
 5  21.5  25.1   5:00p  17.7  11:22p   0.0   3.5   8.2   3.9  20.9   4:16p    SE
 6  23.6  31.9   1:31p  14.8   5:52a   0.6   6.2   0.2   1.0  14.5  12:51p   WNW
 7  24.9  34.4   1:43p  19.2   6:11a   0.0   6.9   1.6   2.0  22.5   3:55p   ESE
 8  23.4  28.0   3:19p  20.8   3:44a   0.0   5.4   2.2   1.5  14.5   7:30p     E
 9  23.2  27.8   1:26p  20.9   6:52a   0.0   5.2  24.8   7.2  37.0  12:25p   ESE
10  23.2  28.5   3:57p  16.7  11:54p   0.0   5.2   0.2   4.0  29.0   3:56p    SW
11  20.1  27.6   3:57p  11.3   6:03a   1.6   3.7   0.2   2.1  20.9  12:12p   WSW
12  21.7  29.6   5:49p  15.4   6:42a   0.5   4.3   0.0   1.6  14.5   2:01p   SSE
13  21.5  29.6   1:27p  13.1   6:16a   1.1   4.6   0.0   3.8  24.1   3:57p   ESE
14  21.5  26.8  12:51p  17.2   5:19a   0.1   3.5   0.6   4.8  29.0   1:27p   ESE
15  23.3  29.6   4:16p  19.9  11:51p   0.0   5.3   2.6   5.3  24.1  11:35a   ESE
16  21.5  27.1   1:17p  16.8  11:56p   0.0   3.6   0.2   3.3  24.1   1:29p     W
17  19.2  24.4   3:59p  15.7   6:56a   0.6   1.9   0.0   2.7  17.7  10:50a     W
18  17.8  20.5   2:00p  14.6   2:48a   0.8   0.6  20.8   7.4  38.6  10:59a   ESE
19  19.3  23.6   4:23p  16.9  11:58p   0.2   1.5   0.2  ----  25.7  11:32a   NNW
20  18.8  25.5   3:56p  13.3   4:33a   1.4   2.2   0.0  ----  22.5  11:53a    NE
21  17.9  26.8   5:55p  11.1   3:52a   2.4   2.3   0.2  ----  19.3   7:18p     E
22  20.5  24.1   4:35p  17.8   5:57a   0.0   2.5   3.0  ----  30.6   8:44p   ESE
23  21.5  26.7   3:42p  14.9  11:36p   0.2   3.7   0.0  ----  27.4   2:54p     S
24  19.6  26.7   2:17p  12.1   6:57a   1.3   2.9   0.0  ----  19.3   2:27p   SSW
25  19.5  28.3   3:23p  12.7   6:49a   1.6   3.2   0.0  ----  16.1  11:40a     S
26  18.3  25.6   3:51p   9.7   6:19a   2.3   2.6   0.0  ----  32.2   6:43p   ESE
27  20.8  27.1   3:29p  14.7   4:30a   0.7   3.5   0.0  ----  14.5  11:14a   WSW
28  23.6  30.9   3:10p  15.1   6:09a   0.3   6.0   0.2  ----  24.1  12:52p    SE
29  24.7  29.4   2:57p  19.4  11:18p   0.0   6.7   0.0  ----  27.4  12:12a   WSW
30  21.6  28.4   1:03p  14.3  11:58p   0.3   3.9   2.2  ----  24.1   2:00p     W
31  16.8  22.8   4:57p   9.9   6:54a   2.5   1.3   0.2  ----  17.7  12:08p   NNW
----------------------------------------------------------------------------------
    21.4  34.4     7     9.7    26    19.2 125.5  88.2   3.4  38.6    18      SE

Max >=  27.0: 19
Max <=   0.0:  0
Min <=   0.0:  0
Min <= -18.0:  0
Max Rain: 24.8 on day 9
Days of Rain: 18 (>= 0.2 mm)  8 (>= 2.0 mm)  3 (>= 20.0 mm)
Heat Base: 18.0  Cool Base: 18.0  Method: Integration