NOAA-Style Climate Reports

Select a Year or Month report
2019: Jan Feb Mar Apr May Jun Jul Aug Sep Oct Nov Dec
2018: Jan Feb Mar Apr May Jun Jul Aug Sep Oct Nov Dec
2017: Jan Feb Mar Apr May Jun Jul Aug Sep Oct Nov Dec
2016: Jan Feb Mar Apr May Jun Jul Aug Sep Oct Nov Dec
2015: Jan Feb Mar Apr May Jun Jul Aug Sep Oct Nov Dec
2014: Jan Feb Mar Apr May Jun Jul Aug Sep Oct Nov Dec
2013: Jan Feb Mar Apr May Jun Jul Aug Sep Oct Nov Dec
2012: Jan Feb Mar Apr May Jun Jul Aug Sep Oct Nov Dec
2011: Jan Feb Mar Apr May Jun Jul Aug Sep Oct Nov Dec

Report for 2018 June
                   Monthly Climatological Summary for Jun 2018

Name: Jared Court   City: Windsor   State: NS
Elevation: 48 m  Lat: N 44° 58' 41"   Lon: W 064° 06' 20"

                  Temperature (°C), Rain (mm), Wind Speed (km/h)

                                      Heat  Cool        Avg
    Mean                              Deg   Deg         Wind                 Dom
Day Temp  High   Time   Low    Time   Days  Days  Rain  Speed High   Time    Dir
----------------------------------------------------------------------------------
 1  20.3  28.8   3:36p   9.8   5:42a   2.2   4.5   0.0   2.8  24.1   7:29p     W
 2  14.2  20.8  12:00a   7.2  11:59p   4.4   0.6   5.0   6.3  43.5   6:08p   WNW
 3   7.2  10.6   2:42p   2.3  11:47p  10.8   0.0   0.2   8.0  35.4  11:42a    NW
 4   6.9  16.1   2:05p  -1.9   5:31a  11.1   0.0   0.0   5.9  32.2   2:29p   ESE
 5   6.5   8.1   4:47p   5.2   4:22a  11.5   0.0   7.2   4.6  27.4  10:36a   NNE
 6   7.8  12.1   7:36p   4.8  11:59p  10.2   0.0   0.4   2.4  19.3   1:45p    NW
 7  11.7  21.3   1:10p   0.7   5:42a   6.7   0.4   0.0   4.0  40.2   5:40p   ESE
 8  14.4  20.6   6:35p  10.3  11:59p   3.9   0.3   0.2   7.1  32.2   2:51p   ESE
 9  14.6  21.5   5:12p   5.1   5:51a   4.1   0.7   0.2   3.9  32.2   2:31p   WSW
10  13.7  17.8  11:28a   6.3  11:58p   4.3   0.0   0.0   3.7  27.4   3:28p   WNW
11   9.9  16.9   5:37p   1.8   4:54a   8.1   0.0   0.0   2.9  24.1  10:55a   WNW
12  14.7  25.2   3:05p   2.3   5:33a   5.2   1.9   0.0   5.6  40.2   7:03p   SSE
13  19.4  25.7  11:44a  14.1  11:57p   1.1   2.5   0.0   7.1  43.5   1:15a     S
14   9.5  14.2  12:00a   8.2  11:11p   8.5   0.0   8.0   4.4  25.7   3:44a   NNE
15  12.7  21.7   6:20p   7.4   5:39a   5.7   0.4   0.2   3.6  22.5   2:05a   WNW
16  16.4  25.8   3:57p   7.9   2:19a   3.6   2.0   0.0   2.2  24.1   5:04p    NW
17  15.4  24.7   3:12p   8.2   6:06a   3.7   1.2   0.0   5.1  35.4   5:56p     E
18  13.2  18.2  10:26p   9.8   4:20a   4.8   0.0   5.0   9.3  37.0   2:24p   ESE
19  19.3  22.8  11:22a  16.1  11:54p   0.2   1.5   6.2   9.0  41.8   4:00p   WSW
20  19.5  26.7   4:34p  10.8   6:01a   1.8   3.3   0.0   5.4  35.4   6:34p   SSW
21  17.6  23.4   3:54p  10.9  11:59p   1.9   1.5   0.6   3.1  30.6   4:03p     W
22  15.2  22.9   4:26p   6.2   6:11a   4.0   1.2   0.0   3.1  25.7   6:28p    SE
23  15.8  22.1   1:12p   8.3   5:24a   3.0   0.8   0.0   6.2  35.4   1:10p   ESE
24  17.4  22.8   4:13p  13.2   8:04a   1.4   0.8   1.0   2.9  16.1   7:59a   WNW
25  11.8  15.3  12:00a   9.3   9:27p   6.2   0.0  25.6   5.0  33.8   6:11p    NW
26  14.2  20.8   5:49p   7.8   5:32a   4.3   0.4   0.0   5.9  32.2   1:31a     W
27  20.4  27.9   3:40p  12.1   3:27a   1.6   3.9   0.0   5.5  30.6   2:08p   SSW
28  18.1  21.1   9:50a  15.4   6:45a   0.7   0.9   0.0  11.4  48.3  10:25p   ESE
29  20.4  27.6   5:05p  16.4  12:40a   0.5   2.9  25.4   9.7  46.7   3:22a   ESE
30  22.4  30.4   5:26p  13.8   5:33a   0.7   5.2   0.0   2.2  19.3   9:34p   ESE
----------------------------------------------------------------------------------
    14.7  30.4    30    -1.9     4   136.2  36.9  85.2   5.3  48.3    28       S

Max >=  27.0:  4
Max <=   0.0:  0
Min <=   0.0:  1
Min <= -18.0:  0
Max Rain: 25.6 on day 25
Days of Rain: 14 (>= 0.2 mm)  7 (>= 2.0 mm)  2 (>= 20.0 mm)
Heat Base: 18.0  Cool Base: 18.0  Method: Integration