NOAA-Style Climate Reports

Select a Year or Month report
2018: Jan Feb Mar Apr May Jun Jul Aug Sep Oct Nov Dec
2017: Jan Feb Mar Apr May Jun Jul Aug Sep Oct Nov Dec
2016: Jan Feb Mar Apr May Jun Jul Aug Sep Oct Nov Dec
2015: Jan Feb Mar Apr May Jun Jul Aug Sep Oct Nov Dec
2014: Jan Feb Mar Apr May Jun Jul Aug Sep Oct Nov Dec
2013: Jan Feb Mar Apr May Jun Jul Aug Sep Oct Nov Dec
2012: Jan Feb Mar Apr May Jun Jul Aug Sep Oct Nov Dec
2011: Jan Feb Mar Apr May Jun Jul Aug Sep Oct Nov Dec

Report for 2018 May
                   Monthly Climatological Summary for May 2018

Name: Jared Court   City: Windsor   State: NS
Elevation: 48 m  Lat: N 44° 58' 41"   Lon: W 064° 06' 20"

                  Temperature (°C), Rain (mm), Wind Speed (km/h)

                                      Heat  Cool        Avg
    Mean                              Deg   Deg         Wind                 Dom
Day Temp  High   Time   Low    Time   Days  Days  Rain  Speed High   Time    Dir
----------------------------------------------------------------------------------
 1   7.9  10.8   4:48p   5.5   6:38a  10.1   0.0   0.0   2.8  19.3   7:38p   SSW
 2  15.3  26.4   5:23p   3.4   6:21a   5.1   2.4   0.0   5.3  33.8   5:06p     S
 3  10.8  17.1  12:00a   7.3   9:25p   7.2   0.0   4.2   3.6  20.9  12:39p   WNW
 4   9.6  13.7   6:05p   6.3   6:14a   8.4   0.0   4.2   5.2  30.6  10:58p   ESE
 5  13.4  18.7   5:14p   7.1  12:48a   4.7   0.0   1.8  12.6  62.8   9:42a   SSW
 6  14.7  24.0   1:04p   7.3   6:14a   4.3   1.0   0.0   9.6  46.7   2:45p    SE
 7  10.1  15.2   6:25p   5.6   9:38a   7.9   0.0   5.6   4.8  25.7   8:24a   WNW
 8  10.9  17.1   4:06p   4.4   5:56a   7.1   0.0   0.0  10.5  45.1   5:43p   ESE
 9  12.2  21.6   5:03p   2.4   6:22a   6.4   0.6   0.0   3.3  22.5   6:59p     N
10   9.7  11.8  10:02a   6.1   5:04a   8.3   0.0   5.4   5.4  30.6  10:30a     E
11  13.2  17.5  11:34a   7.2  11:30p   4.8   0.0   0.0   9.1  37.0   6:28p   WSW
12   8.3  14.8   4:49p   0.4   6:00a   9.7   0.0   0.0   5.5  27.4   3:32p   WSW
13  11.2  19.3   5:29p   0.5   5:38a   6.9   0.2   0.0   5.2  32.2   6:34p   ESE
14  11.1  18.8   3:33p   0.8   6:00a   7.0   0.0   0.0   6.2  38.6   4:19p   ESE
15  13.0  19.9  11:51a   6.5   4:19a   5.2   0.2   2.8   7.6  43.5   2:25p   ESE
16  10.0  15.8   4:38p   6.2   6:19a   8.0   0.0   0.0   6.6  30.6   7:20p   ENE
17  11.8  19.0  12:29p   6.1  12:31a   6.2   0.0   0.0   6.7  25.7   3:39a   ESE
18   9.7  14.7   5:01p   3.9  11:26p   8.3   0.0   0.0   3.9  25.7   3:15p    NW
19  10.2  19.3  12:31p   0.1   6:07a   7.9   0.1   0.0   8.0  46.7   6:10p   ESE
20  15.2  20.2  11:04a   9.7  12:00a   3.1   0.3  13.2   8.4  53.1   4:19a    SE
21  15.2  22.0   5:11p   6.5   6:27a   3.6   0.9   0.2   5.4  40.2   3:01p    SW
22  11.9  17.8   2:35p   2.1   5:50a   6.1   0.0   0.0   7.4  41.8   4:44p   ESE
23  12.2  19.5   1:56p   4.7  11:55p   6.0   0.1   0.2   5.0  41.8   5:06p   WNW
24   7.8  13.9   5:23p   1.1   5:57a  10.2   0.0   0.0   5.6  25.7   9:39p     W
25  11.4  17.7   2:47p   6.6   4:08a   6.6   0.0   3.8   4.9  30.6   4:08a   ESE
26  12.4  16.3  11:37a   5.9  11:56p   5.6   0.0   0.4   2.6  22.5   5:21p    NW
27   9.1  18.9   3:37p   0.8   5:55a   8.9   0.0   0.0   5.2  33.8   4:36p     E
28  11.4  19.1   2:43p   4.2   3:38a   6.7   0.0   0.0   8.0  33.8   5:12p   ESE
29  16.1  21.9   5:34p  10.7  11:59p   2.9   0.9   0.0   5.1  27.4  12:48p     W
30  12.5  19.0   5:48p   4.6   5:29a   5.6   0.1   0.0   3.7  25.7  10:18a   WNW
31  16.1  24.8   7:25p   4.2   5:47a   4.3   2.4   0.0   2.1  17.7   1:24p    NW
----------------------------------------------------------------------------------
    11.8  26.4     2     0.1    19   203.1   9.2  41.8   6.0  62.8     5      SE

Max >=  27.0:  0
Max <=   0.0:  0
Min <=   0.0:  0
Min <= -18.0:  0
Max Rain: 13.2 on day 20
Days of Rain: 11 (>= 0.2 mm)  7 (>= 2.0 mm)  0 (>= 20.0 mm)
Heat Base: 18.0  Cool Base: 18.0  Method: Integration