NOAA-Style Climate Reports

Select a Year or Month report
2018: Jan Feb Mar Apr May Jun Jul Aug Sep Oct Nov Dec
2017: Jan Feb Mar Apr May Jun Jul Aug Sep Oct Nov Dec
2016: Jan Feb Mar Apr May Jun Jul Aug Sep Oct Nov Dec
2015: Jan Feb Mar Apr May Jun Jul Aug Sep Oct Nov Dec
2014: Jan Feb Mar Apr May Jun Jul Aug Sep Oct Nov Dec
2013: Jan Feb Mar Apr May Jun Jul Aug Sep Oct Nov Dec
2012: Jan Feb Mar Apr May Jun Jul Aug Sep Oct Nov Dec
2011: Jan Feb Mar Apr May Jun Jul Aug Sep Oct Nov Dec

Report for 2018 April
                   Monthly Climatological Summary for Apr 2018

Name: Jared Court   City: Windsor   State: NS
Elevation: 48 m  Lat: N 44° 58' 41"   Lon: W 064° 06' 20"

                  Temperature (°C), Rain (mm), Wind Speed (km/h)

                                      Heat  Cool        Avg
    Mean                              Deg   Deg         Wind                 Dom
Day Temp  High   Time   Low    Time   Days  Days  Rain  Speed High   Time    Dir
----------------------------------------------------------------------------------
 1   4.3   7.8   6:54p   0.8   7:35a  13.7   0.0   2.0  10.0  57.9  11:33a    SE
 2   0.9   3.9   3:43p  -3.8  11:36p  17.1   0.0   0.0   5.6  25.7   4:23a     W
 3   1.8   8.8   4:08p  -5.8   6:18a  16.2   0.0   0.0   5.0  32.2   2:32p     S
 4   5.8  12.1  11:23p   0.9   2:36a  12.2   0.0   6.2  10.9  45.1  10:29p   ESE
 5   3.0  11.7   1:17a  -2.0  11:58p  15.0   0.0   0.6  11.8  48.3   5:52a    SW
 6  -0.9   4.4   5:38p  -5.3   6:56a  18.9   0.0   0.0  10.5  38.6   9:04a    SW
 7   2.1   4.9   6:15p  -0.5  12:02a  15.9   0.0   2.4   5.7  27.4   3:08p   SSE
 8   0.6   3.6   1:17p  -1.7  11:33p  17.4   0.0   0.0   4.4  29.0  11:10p    NW
 9  -1.2   1.1   2:46p  -3.9   6:43a  19.2   0.0   0.4  13.9  45.1   9:24a   WSW
10   0.5   6.7   3:13p  -5.2   7:03a  17.5   0.0   0.0   3.8  25.7   2:58p   WSW
11   1.6   9.0   4:54p  -6.2   6:54a  16.3   0.0   0.0   3.0  24.1   2:48p     W
12   3.8   9.6   1:36p  -2.0   7:09a  14.2   0.0   0.0   3.3  24.1   4:00p   WSW
13   6.2  10.4   3:25p   2.4  12:00a  11.8   0.0   7.6  13.3  66.0   7:30a    SE
14   4.2   6.8   2:09p  -0.6  11:55p  13.8   0.0   2.6   6.3  32.2   3:17p     W
15  -1.3   1.9   3:49p  -3.9   7:59a  19.3   0.0   0.0   7.6  27.4  11:23a   WNW
16   0.8   6.2  12:48p  -4.0   4:13a  17.2   0.0   0.0   9.2  33.8   1:05p   ENE
17   7.1  11.4   4:19p   2.8  12:00a  10.9   0.0  17.4  13.2  53.1   5:52a     E
18   5.4   8.9   4:34p   3.4   5:04a  12.6   0.0   0.8   7.9  43.5   3:26p   SSE
19   5.8  10.6   3:16p   2.1   5:55a  12.2   0.0   5.2   4.7  27.4  12:58a   SSE
20   2.6   5.6   2:00p   0.7  10:09p  15.4   0.0   7.8   5.7  35.4   4:27p   WNW
21   4.6   9.7   4:21p   0.4   3:42a  13.4   0.0   0.4   6.1  33.8  10:28a     W
22   5.3  11.7   4:46p  -2.4   6:19a  12.7   0.0   0.0   3.9  27.4   1:32p   WNW
23   6.4  15.4   3:53p  -3.8   6:26a  11.6   0.0   0.0   3.5  25.7   2:17p    NW
24  11.5  21.6   3:44p  -0.6   4:30a   7.2   0.7   0.0   5.7  37.0   3:50p   SSE
25  12.0  18.9  12:39p   4.5   3:21a   6.0   0.0   0.0  12.0  49.9   3:45p    SE
26  12.1  14.5  10:29a   9.8  11:11p   5.9   0.0  14.2  18.8  64.4  12:02p   ESE
27  13.1  21.3   2:48p   7.6  11:16p   5.1   0.2   0.0   9.8  41.8   5:26p    SE
28  12.2  16.4   1:21p   7.7  12:00a   5.8   0.0   1.6  10.4  38.6   4:56a   ESE
29  11.1  15.6   3:23p   9.1   6:27a   6.9   0.0   3.4   3.7  27.4   3:38p   WNW
30   9.6  12.0  10:32a   6.7  11:37p   8.4   0.0   8.6   7.8  29.0   9:29a     E
----------------------------------------------------------------------------------
     5.0  21.6    24    -6.2    11   389.8   0.9  81.2   7.9  66.0    13     SSE

Max >=  27.0:  0
Max <=   0.0:  0
Min <=   0.0: 16
Min <= -18.0:  0
Max Rain: 17.4 on day 17
Days of Rain: 16 (>= 0.2 mm)  11 (>= 2.0 mm)  0 (>= 20.0 mm)
Heat Base: 18.0  Cool Base: 18.0  Method: Integration