NOAA-Style Climate Reports

Select a Year or Month report
2018: Jan Feb Mar Apr May Jun Jul Aug Sep Oct Nov Dec
2017: Jan Feb Mar Apr May Jun Jul Aug Sep Oct Nov Dec
2016: Jan Feb Mar Apr May Jun Jul Aug Sep Oct Nov Dec
2015: Jan Feb Mar Apr May Jun Jul Aug Sep Oct Nov Dec
2014: Jan Feb Mar Apr May Jun Jul Aug Sep Oct Nov Dec
2013: Jan Feb Mar Apr May Jun Jul Aug Sep Oct Nov Dec
2012: Jan Feb Mar Apr May Jun Jul Aug Sep Oct Nov Dec
2011: Jan Feb Mar Apr May Jun Jul Aug Sep Oct Nov Dec

Report for 2018 March
                   Monthly Climatological Summary for Mar 2018

Name: Jared Court   City: Windsor   State: NS
Elevation: 48 m  Lat: N 44° 58' 41"   Lon: W 064° 06' 20"

                  Temperature (°C), Rain (mm), Wind Speed (km/h)

                                      Heat  Cool        Avg
    Mean                              Deg   Deg         Wind                 Dom
Day Temp  High   Time   Low    Time   Days  Days  Rain  Speed High   Time    Dir
----------------------------------------------------------------------------------
 1   1.0   3.0  12:49p  -1.6  12:01a  17.0   0.0   0.2   8.2  35.4   1:04p   ENE
 2   4.2   9.6   3:17p   0.7   7:12a  13.8   0.0   2.4   9.9  40.2   5:05p   NNE
 3   3.5   7.5   2:39p   1.0   6:09a  14.5   0.0   0.4  13.2  43.5   9:56a   NNW
 4   1.7   3.4  12:59p   0.3   1:47a  16.3   0.0   0.0  11.1  37.0   4:19a   NNW
 5   1.4   4.3   1:09p  -0.4  11:47p  16.6   0.0   0.0  12.1  41.8   5:14p   NNW
 6   0.2   2.4   3:01p  -0.7   6:33a  17.8   0.0   0.0  11.3  41.8   9:01a    NW
 7   1.3   4.9   1:46p  -1.0   5:43a  16.7   0.0   0.0   7.8  37.0   9:37p     N
 8   1.3   3.6   9:20p   0.0   7:42a  16.7   0.0   6.0  13.0  48.3   3:50p    NE
 9   1.3   2.3  12:00a   0.3   6:13p  16.7   0.0   1.6   3.6  24.1  12:08a    SE
10   1.2   3.6  12:43p  -0.2   9:22p  16.8   0.0  17.6   8.4  41.8   7:54a    SE
11   0.5   3.3   2:26p  -0.6   4:55a  16.8   0.0   4.0   4.7  29.0  12:47p     W
12   0.1   1.8   5:01p  -2.3  11:51p  17.9   0.0   3.0   5.4  20.9  11:24a    NW
13  -0.3   2.2  12:57p  -2.7  12:26a  18.3   0.0   1.0   9.4  48.3   1:02p   NNE
14   3.0   5.4   1:00p   0.7  12:13a  14.9   0.0   9.6  16.8  64.4  10:39a   ESE
15   2.5   6.1   1:20p   0.4  11:45p  15.5   0.0   0.4  10.6  41.8   1:53p    SE
16   0.9   3.3   1:30p  -1.9  11:29p  17.1   0.0   0.6   7.4  37.0   4:50p    SW
17  -5.9  -1.8  12:02a  -9.2  11:46p  23.9   0.0   0.0  11.4  43.5  11:09a   WSW
18  -5.6  -1.2   3:04p  -9.7  12:50a  23.6   0.0   0.0  10.2  40.2   3:18p   WSW
19  -4.9  -1.6   2:46p  -8.9   7:01a  22.9   0.0   0.0   9.0  37.0   1:01p   WSW
20  -2.5   0.9   5:21p  -4.8   4:27a  20.5   0.0   0.0   7.9  33.8   8:20a   WSW
21  -1.3   6.3   2:25p  -9.2   7:21a  19.3   0.0   0.0   5.6  30.6   3:56p     N
22  -0.7   0.3  10:47a  -1.6   4:45a  18.6   0.0   0.0   7.8  38.6   1:04p   NNW
23   0.1   1.6   3:03p  -0.9   3:41a  17.9   0.0   7.6   7.3  29.0  10:41a   WNW
24   0.2   1.9   1:44p  -1.2  11:37p  17.8   0.0   4.6   8.6  33.8   2:30p    NW
25  -1.7  -0.7   1:58a  -4.2  11:58p  19.7   0.0   0.0  13.1  40.2   3:13p   NNW
26  -3.0   3.2   3:34p -11.7   7:05a  21.0   0.0   1.8   4.6  25.7  12:04a   NNW
27   0.1  10.3   3:44p -10.8   6:14a  17.9   0.0   0.2   4.2  27.4   2:37p   NNW
28   3.0   4.3  12:31p   1.9  11:45p  15.0   0.0   3.6   2.6  19.3   3:36a   WNW
29   3.9   9.0   4:35p  -0.2  11:51p  14.1   0.0   0.0   4.1  25.7   2:19a   WNW
30   5.8  11.7   6:15p  -0.9  12:59a  12.1   0.0   2.2   6.6  48.3  11:13a   ESE
31   5.0   7.3   4:49p   2.1  11:43p  13.0   0.0   1.0   8.4  38.6  11:40a   WSW
----------------------------------------------------------------------------------
     0.5  11.7    30   -11.7    26   540.7   0.0  67.8   8.5  64.4    14      NW

Max >=  27.0:  0
Max <=   0.0:  4
Min <=   0.0: 23
Min <= -18.0:  0
Max Rain: 17.6 on day 10
Days of Rain: 19 (>= 0.2 mm)  10 (>= 2.0 mm)  0 (>= 20.0 mm)
Heat Base: 18.0  Cool Base: 18.0  Method: Integration