NOAA-Style Climate Reports


Report for 2018 February
                   Monthly Climatological Summary for Feb 2018

Name: Jared Court   City: Windsor   State: NS
Elevation: 48 m  Lat: N 44° 58' 41"   Lon: W 064° 06' 20"

                  Temperature (°C), Rain (mm), Wind Speed (km/h)

                                      Heat  Cool        Avg
    Mean                              Deg   Deg         Wind                 Dom
Day Temp  High   Time   Low    Time   Days  Days  Rain  Speed High   Time    Dir
----------------------------------------------------------------------------------
 1  -0.5   4.2  11:24p -11.4  12:00a  18.5   0.0   6.4   8.9  32.2   9:57a   ESE
 2   1.2   6.4   1:24p -11.2  11:45p  16.8   0.0   1.8  11.6  46.7  12:05p   SSE
 3 -13.0 -11.0   3:43p -15.2  10:57p  30.9   0.0   0.0  10.6  46.7   1:13a   WSW
 4  -2.2   6.1  11:58p -15.6   1:12a  20.1   0.0   3.6  15.3  46.7  10:23a   ESE
 5   6.9  11.7   1:25p  -2.3  11:50p  11.0   0.0  21.8  20.0  74.0   6:17a    SE
 6  -3.9  -2.0   2:48p  -7.7   7:23a  21.9   0.0   0.0   4.7  30.6   2:47a    SW
 7  -2.5   4.3  11:59p  -6.8   7:11a  20.5   0.0   5.2   5.8  57.9  11:03p     E
 8   0.0  10.1   4:07a  -6.3  11:55p  18.0   0.0   7.0  10.1  54.7   1:39a    SW
 9  -5.6  -1.9   3:49p -10.1   6:09a  23.6   0.0   0.2   4.2  27.4   5:18p   SSE
10   1.9   8.5  11:59p  -3.7  12:54a  15.2   0.0   1.4   8.0  38.6   7:48p    SE
11   3.3   9.5   3:26a   0.0   5:49p  14.7   0.0   9.8   4.6  25.7  11:04p   NNE
12   5.0  10.9   6:59a  -3.3  11:53p  12.4   0.0   0.4   9.4  40.2   2:30a   WSW
13  -6.8  -3.3  12:00a -10.0   8:52p  24.6   0.0   0.0   9.6  38.6  12:41a     W
14  -1.4   4.5   3:41p -10.1  12:41a  19.3   0.0   0.0   8.4  40.2  12:43p    SE
15   3.1   9.9   2:25p  -1.9   7:18a  14.9   0.0   0.2   4.7  27.4   5:54p    SE
16   4.3   6.7  12:38p   1.2  11:58p  13.7   0.0   1.0   2.5  32.2   8:25p    SW
17  -6.0   1.2  12:00a  -9.0   7:09a  23.2   0.0   0.0  10.0  45.1   1:59a     W
18  -2.6   0.1   2:48p  -7.2  12:00a  20.5   0.0   1.4   3.8  20.9   5:59a     N
19  -1.3   5.2   1:30p  -9.9   7:36a  19.3   0.0   0.8   5.6  29.0   1:59p    SE
20   3.9   6.1   2:32p   1.6  11:18p  14.1   0.0   5.4   3.3  19.3  12:36a    NE
21   7.5  13.7   4:28p   1.6  12:20a  10.5   0.0   0.4   7.3  32.2  11:44p    SE
22   0.5  10.7  12:00a  -3.3  11:51p  17.5   0.0   0.0   8.0  38.6   1:35a     W
23  -3.3   0.7   2:49p  -7.5   7:13a  21.3   0.0   0.0   6.5  37.0  10:59p   SSE
24   2.4   6.8   2:07p  -2.7  12:28a  15.6   0.0   0.4   9.0  48.3   1:14p   WSW
25  -2.1   0.3   2:37p  -5.1   6:08a  20.1   0.0   0.0   7.1  29.0   4:20p   ENE
26   1.7   4.7  12:50p  -1.9  12:00a  16.3   0.0   6.8   7.3  38.6   1:06a   ENE
27   1.7   5.6   4:16p  -2.4  11:48p  16.3   0.0   0.0   7.1  37.0   2:45p   WSW
28   2.3   9.3   2:46p  -3.4   3:38a  15.7   0.0   0.0   4.3  25.7  12:21p   WNW
----------------------------------------------------------------------------------
    -0.2  13.7    21   -15.6     4   506.5   0.0  74.0   7.8  74.0     5       S

Max >=  27.0:  0
Max <=   0.0:  4
Min <=   0.0: 25
Min <= -18.0:  0
Max Rain: 21.8 on day 5
Days of Rain: 18 (>= 0.2 mm)  8 (>= 2.0 mm)  1 (>= 20.0 mm)
Heat Base: 18.0  Cool Base: 18.0  Method: Integration