NOAA-Style Climate Reports

Select a Year or Month report
2018: Jan Feb Mar Apr May Jun Jul Aug Sep Oct Nov Dec
2017: Jan Feb Mar Apr May Jun Jul Aug Sep Oct Nov Dec
2016: Jan Feb Mar Apr May Jun Jul Aug Sep Oct Nov Dec
2015: Jan Feb Mar Apr May Jun Jul Aug Sep Oct Nov Dec
2014: Jan Feb Mar Apr May Jun Jul Aug Sep Oct Nov Dec
2013: Jan Feb Mar Apr May Jun Jul Aug Sep Oct Nov Dec
2012: Jan Feb Mar Apr May Jun Jul Aug Sep Oct Nov Dec
2011: Jan Feb Mar Apr May Jun Jul Aug Sep Oct Nov Dec

Report for 2018 January
                   Monthly Climatological Summary for Jan 2018

Name: Jared Court   City: Windsor   State: NS
Elevation: 48 m  Lat: N 44° 58' 41"   Lon: W 064° 06' 20"

                  Temperature (°C), Rain (mm), Wind Speed (km/h)

                                      Heat  Cool        Avg
    Mean                              Deg   Deg         Wind                 Dom
Day Temp  High   Time   Low    Time   Days  Days  Rain  Speed High   Time    Dir
----------------------------------------------------------------------------------
 1 -11.1  -9.6   3:00p -12.7   7:30a  29.1   0.0   0.0  18.8  27.4   2:30a    SW
 2 -11.9 -10.6   4:00p -12.8   5:30a  29.9   0.0   0.0  16.7  29.0  11:30a    SW
 3  -8.0  -1.8   2:30p -15.3   7:30a  26.0   0.0   0.0   9.0  19.3  12:30p    SE
 4   0.5  11.6  10:00p  -8.7   6:30a  17.5   0.0  23.8  29.0  86.9   4:30p   ENE
 5  -0.2   8.7  12:00a  -9.7  12:00a  18.2   0.0   2.8  49.3  93.3   2:00a    SE
 6 -13.8  -9.7  12:00a -15.3   8:30p  31.8   0.0   0.0  31.8  53.1   2:00p    SW
 7 -13.9 -10.9  12:00a -16.6   8:30a  31.9   0.0   0.0  28.7  45.1  12:00p   WSW
 8  -6.2  -1.3  12:00a -10.9  12:00a  24.2   0.0   0.2  13.5  30.6  11:00p    SE
 9   0.7   3.0  12:00p  -5.4  12:00a  17.3   0.0   0.4  18.7  51.5   8:30p    SW
10  -4.3  -0.9   3:30p  -7.3  12:00a  22.3   0.0   0.0  22.1  40.2   1:30a   WSW
11   5.0  11.1  12:00a  -7.3  12:00a  12.9   0.0   0.0  22.9  32.2   6:00p    SE
12  12.8  17.1   2:30p   9.9   4:30a   5.2   0.0   0.0  36.1  57.9  11:30p    SE
13  13.4  16.6   2:30p  -1.1  12:00a   4.6   0.0   4.2  45.7  70.8   3:00a    SE
14  -4.2  -1.1  12:00a  -7.1  11:53p  20.4   0.0   0.0   6.6  20.9   2:00a    NW
15  -6.5  -4.4   1:46p  -7.8   2:52a  24.5   0.0   0.0   8.6  33.8   9:40a   NNW
16  -4.0  -2.4   1:43p  -6.2  12:01a  22.0   0.0   0.2   3.3  17.7  12:03a   WNW
17  -3.9  -0.9  11:00p  -6.6   1:39a  21.9   0.0   0.0   1.5  14.5  11:03p   ENE
18  -1.6   2.0   2:33p  -7.2  11:57p  19.6   0.0   3.8   3.1  22.5   5:14p     W
19  -9.7  -5.7   3:44p -14.2  11:48p  27.7   0.0   0.0   1.9  19.3  11:19a     W
20  -0.3   5.2   3:42p -14.1  12:00a  18.3   0.0  11.0   8.9  43.5  10:36p   SSE
21  -0.8   4.9  12:28a  -6.0  10:24p  18.8   0.0   0.2   8.3  41.8  12:28a   WSW
22  -7.7  -4.2   1:26a -13.8  10:59p  25.7   0.0   0.0   4.9  24.1  11:09a     W
23  -1.3  10.6   9:29p -13.4  12:00a  19.3   0.0  13.2  13.4  66.0  11:50p   ESE
24   5.3  10.8   1:09a  -5.4  11:57p  12.7   0.0   4.4  12.1  61.2   1:04a     S
25  -6.7  -4.4  11:09a  -8.6  11:34p  24.7   0.0   0.0  10.3  41.8   1:48a   WSW
26 -10.2  -6.9   3:38p -13.9  11:58p  28.2   0.0   0.0   7.4  32.2   2:37a     W
27  -5.0   6.1  11:59p -15.3   4:53a  23.0   0.0   0.0   7.8  38.6   2:05p   ESE
28   7.3   9.8   2:54p   0.4  11:56p  10.7   0.0   1.4   5.0  37.0   1:01a   SSE
29  -3.2   0.4  12:00a  -6.0  11:57p  21.2   0.0   0.0   7.1  30.6   9:03p   NNW
30  -5.6  -4.2   1:53p  -8.2  11:58p  23.6   0.0   0.0  11.4  38.6   9:54p    NW
31  -8.4  -5.1   3:12p -11.6  11:50p  26.4   0.0   0.0   9.5  48.3  12:23a   WSW
----------------------------------------------------------------------------------
    -3.3  17.1    12   -16.6     7   659.6   0.0  65.6   7.8  93.3     5       S

Max >=  27.0:  0
Max <=   0.0: 17
Min <=   0.0: 29
Min <= -18.0:  0
Max Rain: 23.8 on day 4
Days of Rain: 12 (>= 0.2 mm)  7 (>= 2.0 mm)  1 (>= 20.0 mm)
Heat Base: 18.0  Cool Base: 18.0  Method: Integration