NOAA-Style Climate Reports

Select a Year or Month report
2019: Jan Feb Mar Apr May Jun Jul Aug Sep Oct Nov Dec
2018: Jan Feb Mar Apr May Jun Jul Aug Sep Oct Nov Dec
2017: Jan Feb Mar Apr May Jun Jul Aug Sep Oct Nov Dec
2016: Jan Feb Mar Apr May Jun Jul Aug Sep Oct Nov Dec
2015: Jan Feb Mar Apr May Jun Jul Aug Sep Oct Nov Dec
2014: Jan Feb Mar Apr May Jun Jul Aug Sep Oct Nov Dec
2013: Jan Feb Mar Apr May Jun Jul Aug Sep Oct Nov Dec
2012: Jan Feb Mar Apr May Jun Jul Aug Sep Oct Nov Dec
2011: Jan Feb Mar Apr May Jun Jul Aug Sep Oct Nov Dec

Report for 2018
                   Annual Climatological Summary for 2018

Name: Jared Court   City: Windsor   State: NS
Elevation: 48 m  Lat: N 44° 58' 41"   Lon: W 064° 06' 20"

                  Temperature (°C), Heat Base: 18.0  Cool Base: 18.0
                          Dep.  Heat  Cool                       Max  Max  Min  Min
        Mean  Mean        From  Deg   Deg                        >=   <=   <=   <=
 YR MO  Max   Min   Mean  Norm  Days  Days  Hi  Date  Low  Date 27.0  0.0  0.0 -18.0
------------------------------------------------------------------------------------
 18  1   1.1  -9.0  -3.3   0.8   659     0  17.1  12 -16.6    7    0   17   29    0
 18  2   5.0  -5.8  -0.2   2.5   506     0  13.7  21 -15.6    4    0    4   25    0
 18  3   3.8  -2.5   0.5   0.6   540     0  11.7  30 -11.7   26    0    4   23    0
 18  4  10.1   0.2   5.0  -0.2   389     0  21.6  24  -6.2   11    0    0   16    0
 18  5  18.3   4.8  11.8   0.3   203     9  26.4   2   0.1   19    0    0    0    0
 18  6  21.1   8.3  14.7  -2.0   136    36  30.4  30  -1.9    4    4    0    1    0
 18  7  28.4  16.3  22.0   2.0    16   139  33.6   5   8.5   14   22    0    0    0
 18  8  27.8  15.7  21.4   2.0    19   125  34.4   7   9.7   26   19    0    0    0
 18  9  22.1   9.1  15.7  -0.2   108    39  30.5   6  -1.8   25    5    0    1    0
 18 10  12.9   4.2   8.8   0.2   287     0  19.7   4  -4.6   27    0    0    4    0
 18 11   6.8  -0.4   3.0  -1.0   450     0  19.3   3 -11.5   22    0    2   15    0
 18 12   1.8  -6.9  -2.7  -2.0   640     0  14.3  22 -15.6   31    0   15   28    0
------------------------------------------------------------------------------------
        13.3   2.8   8.0   0.2  3957   351  34.4 Aug -16.6  Jan   50   42  142    0

                                Precipitation (mm)

              Dep.   Max        Days of Rain
              From   Obs.           >=
 YR MO Total  Norm   Day Date  0.2  2.0 20.0
---------------------------------------------
 18  1  65.6   4.6  23.8   4    12    7    1
 18  2  74.0  33.0  21.8   5    18    8    1
 18  3  67.8   9.8  17.6  10    19   10    0
 18  4  81.2  22.2  17.4  17    16   11    0
 18  5  41.8 -40.2  13.2  20    11    7    0
 18  6  85.2   7.2  25.6  25    14    7    2
 18  7  40.2 -52.8  16.4   6    11    5    0
 18  8  88.2   9.2  24.8   9    18    8    3
 18  9  52.2 -44.8  19.4  11    17    4    0
 18 10 111.4  14.4  20.2  12    22   10    1
 18 11 105.8   9.8  20.6   2    20   12    1
 18 12  57.0 -12.0  21.2  22    14    6    1
---------------------------------------------
       870.4 -39.6  25.6  Jun  192   95   10

                                Wind Speed (km/h)
                          Dom
 YR MO   Avg.  Hi   Date  Dir
------------------------------
 18  1   7.8  93.3    5   WSW
 18  2   7.8  74.0    5     S
 18  3   8.5  64.4   14    NW
 18  4   7.9  66.0   13   SSE
 18  5   6.0  62.8    5    SE
 18  6   5.3  48.3   28   SSE
 18  7   4.7  46.7    6    SE
 18  8   3.4  38.6   18    SE
 18  9   3.3  49.9   26    SE
 18 10   5.7  66.0   16     S
 18 11   7.8  69.2    3   WSW
 18 12   6.2  77.2   22    SW
------------------------------
         6.2  93.3  Jan     S