NOAA-Style Climate Reports


Report for 2017 October
                   Monthly Climatological Summary for Oct 2017

Name: Jared Court   City: Windsor   State: NS
Elevation: 48 m  Lat: N 44° 58' 41"   Lon: W 064° 06' 20"

                  Temperature (°C), Rain (mm), Wind Speed (km/h)

                                      Heat  Cool        Avg
    Mean                              Deg   Deg         Wind                 Dom
Day Temp  High   Time   Low    Time   Days  Days  Rain  Speed High   Time    Dir
----------------------------------------------------------------------------------
 1   9.2  18.7   4:05p   0.9   7:27a   8.8   0.0   0.0   2.3  20.9  12:43p     S
 2   9.0  14.2  11:37a   4.6   2:51a   9.0   0.0   0.0   4.3  30.6  11:53a    NW
 3   8.7  14.2   2:30p   3.8   7:12a   9.2   0.0   0.0   2.1  20.9  11:27a     W
 4  14.3  22.6   3:25p   5.7  12:00a   4.6   0.9   0.0   4.7  29.0   7:51p   SSE
 5  17.3  22.7   1:46p  11.4  11:29p   1.8   1.2   0.0   6.5  43.5   3:56a   SSW
 6  13.2  18.9   1:09p   8.7   1:59a   4.6   0.1   0.0   2.7  22.5   2:50p   SSW
 7  12.8  21.8   3:16p   4.6   5:53a   5.7   0.5   0.2   3.9  33.8   5:40p   ESE
 8  20.4  26.3   2:27p  15.0  12:00a   0.4   2.8   0.6   9.1  48.3   6:30p    SE
 9  18.7  23.8  12:38p  14.6   8:04a   0.5   1.3   3.2   1.6  16.1   9:48p    SE
10  19.4  22.2  10:45a  15.1  11:54p   0.2   1.6   3.0   6.4  35.4   5:35a   SSE
11  13.2  15.8  12:56p   8.7  10:05p   4.8   0.0   0.2   4.0  30.6   1:40p     W
12   7.6  11.9   4:16p   1.4  11:57p  10.4   0.0   0.0   3.4  25.7   1:46p   WNW
13   6.6  16.6   4:10p  -1.1   6:39a  11.4   0.0   0.2   1.6  16.1   7:50p    SE
14  13.3  18.7   4:03p   5.0   2:17a   4.8   0.1   0.0   4.6  29.0   1:18p   SSE
15  15.6  20.6  11:11p  11.3   7:07a   2.6   0.3   0.0   6.8  43.5  11:50p    SE
16  16.3  20.4  12:00a   8.5  11:59p   2.5   0.8   0.0   8.3  48.3  12:14a     S
17   7.5  10.4   4:00p   2.4  11:59p  10.5   0.0   0.6   4.6  29.0   2:51p     W
18   9.7  16.7   1:42p   1.5  12:34a   8.3   0.0   0.0   5.4  33.8   2:24p   SSW
19  10.4  20.2   2:37p   0.6   6:49a   7.9   0.3   0.0   7.1  40.2   4:20p   ESE
20  14.5  18.2   2:25p  10.6  11:48p   3.5   0.0   0.0   7.0  35.4   3:50a    SW
21   8.8  13.3   2:33p   1.3  11:56p   9.2   0.0   0.0   5.3  27.4  12:03a     W
22   4.9  12.2   4:08p  -0.5   7:08a  13.1   0.0   0.0   1.5  19.3  12:55p     W
23   9.2  20.0   2:39p  -0.2  12:51a   9.0   0.2   0.0   3.2  27.4   2:13p   ESE
24  16.2  23.6   2:24p   9.1   3:54a   3.0   1.2   0.4   5.0  30.6  11:48a    SE
25  18.3  21.1   1:15p  14.8  12:00a   0.6   0.9   0.0  15.6  45.1  12:14p   ESE
26  20.0  22.4   1:02p  18.1   8:24a   0.0   2.0   6.0  23.9  64.4  12:54p   ESE
27  13.8  18.9  12:00a   5.4  11:59p   4.3   0.0   2.8   8.7  59.5   1:42a    SE
28   7.6  15.1   3:21p   1.8   7:56a  10.4   0.0   0.2   1.2  14.5   3:59p   WNW
29  10.0  19.4   3:11p   1.4   7:20a   8.1   0.1   0.2   4.3  22.5  12:39p   ESE
30  15.5  19.3   2:32p  12.3   9:44p   2.7   0.1  13.4  19.5  74.0   2:58p   ESE
31  11.8  16.2   1:55p   8.0   7:53a   6.2   0.0   0.0  10.2  41.8   1:47p    SE
----------------------------------------------------------------------------------
    12.7  26.3     8    -1.1    13   178.1  14.4  31.0   6.3  74.0    30      SE

Max >=  27.0:  0
Max <=   0.0:  0
Min <=   0.0:  3
Min <= -18.0:  0
Max Rain: 13.4 on day 30
Days of Rain: 13 (>= 0.2 mm)  5 (>= 2.0 mm)  0 (>= 20.0 mm)
Heat Base: 18.0  Cool Base: 18.0  Method: Integration