NOAA-Style Climate Reports

Select a Year or Month report
2018: Jan Feb Mar Apr May Jun Jul Aug Sep Oct Nov Dec
2017: Jan Feb Mar Apr May Jun Jul Aug Sep Oct Nov Dec
2016: Jan Feb Mar Apr May Jun Jul Aug Sep Oct Nov Dec
2015: Jan Feb Mar Apr May Jun Jul Aug Sep Oct Nov Dec
2014: Jan Feb Mar Apr May Jun Jul Aug Sep Oct Nov Dec
2013: Jan Feb Mar Apr May Jun Jul Aug Sep Oct Nov Dec
2012: Jan Feb Mar Apr May Jun Jul Aug Sep Oct Nov Dec
2011: Jan Feb Mar Apr May Jun Jul Aug Sep Oct Nov Dec

Report for 2017 September
                   Monthly Climatological Summary for Sep 2017

Name: Jared Court   City: Windsor   State: NS
Elevation: 48 m  Lat: N 44° 58' 41"   Lon: W 064° 06' 20"

                  Temperature (°C), Rain (mm), Wind Speed (km/h)

                                      Heat  Cool        Avg
    Mean                              Deg   Deg         Wind                 Dom
Day Temp  High   Time   Low    Time   Days  Days  Rain  Speed High   Time    Dir
----------------------------------------------------------------------------------
 1  13.2  17.1   3:52p   9.8   6:04a   4.8   0.0   0.0   6.2  35.4   5:12p    SW
 2  11.6  15.4   5:12p   7.1  11:20p   6.4   0.0   0.0   6.0  29.0  12:05a   WSW
 3  12.0  18.3  11:51a   4.6   6:38a   6.0   0.0   6.0   5.6  30.6  11:50p   ESE
 4  17.0  20.4   1:43p  13.7  12:00a   1.4   0.4   2.6   8.2  40.2  11:38a   SSE
 5  19.1  26.9   3:23p  13.1   5:34a   1.4   2.5   0.0  10.0  46.7   1:00p    SE
 6  21.8  27.7   3:28p  17.7   1:08a   0.0   3.9   0.0  12.0  41.8   2:58p   ESE
 7  20.6  22.7  11:40a  17.9  11:55p   0.0   2.6   7.6  12.9  48.3  11:07a   ESE
 8  18.3  24.2   2:22p  12.3  11:58p   1.2   1.5   0.2   4.3  27.4  10:00a   SSE
 9  14.8  22.1   2:43p   7.4   7:16a   4.3   1.0   0.2   1.4  16.1   2:45p   WNW
10  14.7  18.8   2:32p   9.7  11:56p   3.3   0.0   0.0   2.5  22.5   1:04p   WNW
11  14.2  18.4   3:12p   9.1   3:56a   3.8   0.0   0.2   5.7  38.6   5:41p   WNW
12  16.0  21.9   4:57p  11.7  11:10p   2.7   0.7   0.0   4.6  25.7  10:22a   WNW
13  17.9  26.0   4:00p   9.2   6:29a   2.6   2.6   0.0   3.1  24.1   2:26p   WSW
14  19.7  28.3   4:32p  11.2   6:45a   1.8   3.5   0.0   2.1  25.7   3:55p     S
15  17.8  25.8   4:38p  13.6   3:42a   1.5   1.3   0.0   2.1  19.3   7:22p     E
16  20.0  26.2   1:29p  16.2   1:18a   0.5   2.5   0.0   1.6  19.3   9:39a     W
17  18.4  23.5   5:26p  16.3   5:31a   0.6   1.0   0.0   1.4  19.3  11:00p   ESE
18  18.2  20.6   2:16p  17.2   4:54a   0.3   0.5   0.2   3.9  19.3  12:21p   ESE
19  19.2  21.8   4:44p  17.0   3:03a   0.4   1.5   1.2   2.8  20.9   4:12p   ESE
20  20.5  23.2   5:03p  18.9  11:30p   0.0   2.5  15.6   2.1  17.7   1:56p    NE
21  17.5  22.1   3:36p  11.0  11:58p   1.5   1.1   0.0   4.0  27.4  12:34p     N
22  14.5  22.4   2:48p   7.1   7:24a   4.3   0.9   0.0   1.7  22.5  12:10p   ENE
23  18.4  27.7   5:23p  12.6   2:26a   2.0   2.4   0.0   1.0  17.7   2:42p     S
24  20.3  28.7   2:14p  14.7   6:59a   0.8   3.1   0.2   2.2  22.5   4:52p   ESE
25  20.5  29.1   3:42p  16.1   5:00a   0.4   2.9   0.0   2.5  25.7   4:55p   ESE
26  21.5  30.3   4:36p  14.7   7:14a   0.8   4.3   0.0   2.6  24.1  11:51a    SW
27  19.2  21.8  11:45p  16.4   6:05a   0.2   1.4   0.0   5.8  27.4  10:41a   ESE
28  19.7  23.9   2:36a  11.7  11:56p   0.7   2.4  31.4   5.1  37.0   9:47p     S
29  10.5  13.3   1:14p   8.1   7:08a   7.5   0.0   0.0   5.6  35.4   9:57a   WNW
30   9.8  14.8   4:19p   5.1  11:59p   8.2   0.0   0.0   2.5  19.3  10:26a   WNW
----------------------------------------------------------------------------------
    17.2  30.3    26     4.6     3    69.4  46.5  65.4   4.4  48.3     7     SSE

Max >=  27.0:  6
Max <=   0.0:  0
Min <=   0.0:  0
Min <= -18.0:  0
Max Rain: 31.4 on day 28
Days of Rain: 11 (>= 0.2 mm)  5 (>= 2.0 mm)  1 (>= 20.0 mm)
Heat Base: 18.0  Cool Base: 18.0  Method: Integration