NOAA-Style Climate Reports

Select a Year or Month report
2018: Jan Feb Mar Apr May Jun Jul Aug Sep Oct Nov Dec
2017: Jan Feb Mar Apr May Jun Jul Aug Sep Oct Nov Dec
2016: Jan Feb Mar Apr May Jun Jul Aug Sep Oct Nov Dec
2015: Jan Feb Mar Apr May Jun Jul Aug Sep Oct Nov Dec
2014: Jan Feb Mar Apr May Jun Jul Aug Sep Oct Nov Dec
2013: Jan Feb Mar Apr May Jun Jul Aug Sep Oct Nov Dec
2012: Jan Feb Mar Apr May Jun Jul Aug Sep Oct Nov Dec
2011: Jan Feb Mar Apr May Jun Jul Aug Sep Oct Nov Dec

Report for 2017 August
                   Monthly Climatological Summary for Aug 2017

Name: Jared Court   City: Windsor   State: NS
Elevation: 48 m  Lat: N 44° 58' 41"   Lon: W 064° 06' 20"

                  Temperature (°C), Rain (mm), Wind Speed (km/h)

                                      Heat  Cool        Avg
    Mean                              Deg   Deg         Wind                 Dom
Day Temp  High   Time   Low    Time   Days  Days  Rain  Speed High   Time    Dir
----------------------------------------------------------------------------------
 1  21.8  28.1   4:01p  15.7   4:09a   0.5   4.2   0.0   2.4  20.9   3:13p     W
 2  20.1  30.7   4:17p  10.1   6:30a   2.0   4.1   0.0   3.8  29.0   4:43p   ESE
 3  20.6  27.7   2:43p  15.8   5:48a   0.6   3.3   0.0   7.4  27.4   4:32p   ESE
 4  21.5  29.0   3:27p  14.8   6:06a   0.6   4.2   0.0   4.7  27.4   4:56p   ESE
 5  22.1  27.6   1:39p  18.3  12:28a   0.0   4.1   0.0   9.5  40.2   2:04p   ESE
 6  21.3  26.1   6:06p  16.9  11:17p   0.0   3.3  35.0   8.6  40.2  10:52a   ESE
 7  18.3  23.2   3:36p  12.6   6:31a   1.3   1.6   0.0   5.6  35.4   5:24p    SW
 8  16.5  17.8  11:39a  15.1  11:51p   1.5   0.0  12.2   1.9  17.7   4:39a    SE
 9  19.0  25.9   5:47p  12.3   3:53a   1.7   2.7   0.4   3.2  22.5   2:52p    SW
10  20.6  27.4   3:23p  13.8   6:05a   1.0   3.6   0.0   3.4  30.6   3:40p   SSW
11  20.2  29.8   2:43p  13.6   5:33a   1.3   3.5   0.0   3.0  27.4   5:37p   ESE
12  18.5  22.2   3:48p  14.7   4:34a   0.8   1.3   6.0   0.8  16.1   5:20p    SE
13  19.8  25.1   6:05p  16.3   5:33a   0.4   2.2   0.0   4.1  29.0   6:28p    SE
14  21.0  27.2   4:55p  14.1   6:24a   0.7   3.6   0.2   3.1  24.1   1:13p    SW
15  20.4  27.7   2:06p  13.2   6:41a   0.8   3.2   0.0   4.9  30.6   2:22p   ESE
16  21.4  26.3   4:23p  17.1  11:59p   0.0   3.5   1.4   5.4  24.1   6:01p   SSW
17  16.8  21.4   2:24p  10.8   4:19a   2.3   1.0   0.0   6.1  41.8   1:57p   WSW
18  17.8  23.8   4:39p  10.3   6:33a   1.9   1.7   0.0   1.6  16.1   3:14p     W
19  17.2  19.7  11:48p  15.8   6:35a   1.0   0.2  17.2  10.9  53.1   6:24p   ESE
20  22.2  28.6   2:42p  17.5  11:43p   0.0   4.3   0.0   6.3  41.8   1:27a    SE
21  21.9  28.4   2:06p  16.1   5:46a   0.3   4.3   0.2   3.1  24.1   3:28p   SSW
22  23.2  30.4   3:07p  17.1   7:16a   0.0   5.3   0.0   4.5  22.5   6:15p    SE
23  21.0  23.6  11:57a  19.1  12:00a   0.0   3.0   1.2  11.2  37.0  10:05a   ESE
24  20.2  26.2  12:38p  14.2   7:46a   0.8   3.0   0.0   2.0  19.3  12:01a   SSW
25  17.3  23.2   3:28p  11.3   6:36a   2.3   1.6   0.2   2.2  19.3   2:30p   WNW
26  15.8  21.0   5:40p  10.9   6:31a   2.8   0.6   0.0   3.2  27.4  12:01p   WSW
27  15.7  22.0   4:52p   9.9   1:52a   3.2   0.9   0.2   1.7  17.7   2:00p     W
28  15.5  23.6   4:17p   8.7   4:33a   3.9   1.4   0.2   1.6  24.1  12:57p    NW
29  16.0  25.8   4:48p   7.3   6:44a   3.9   1.9   0.2   1.6  19.3   5:40p   ESE
30  14.0  19.9   3:14p   8.4   5:59a   4.2   0.2   0.0   0.3   9.7  11:15p    SW
31  18.2  25.3   4:24p  12.9   4:50a   1.8   2.0   0.0   3.2  24.1   4:06p   WSW
----------------------------------------------------------------------------------
    19.2  30.7     2     7.3    29    41.6  79.8  74.6   4.2  53.1    19     SSE

Max >=  27.0: 12
Max <=   0.0:  0
Min <=   0.0:  0
Min <= -18.0:  0
Max Rain: 35.0 on day 6
Days of Rain: 13 (>= 0.2 mm)  4 (>= 2.0 mm)  1 (>= 20.0 mm)
Heat Base: 18.0  Cool Base: 18.0  Method: Integration