NOAA-Style Climate Reports

Select a Year or Month report
2018: Jan Feb Mar Apr May Jun Jul Aug Sep Oct Nov Dec
2017: Jan Feb Mar Apr May Jun Jul Aug Sep Oct Nov Dec
2016: Jan Feb Mar Apr May Jun Jul Aug Sep Oct Nov Dec
2015: Jan Feb Mar Apr May Jun Jul Aug Sep Oct Nov Dec
2014: Jan Feb Mar Apr May Jun Jul Aug Sep Oct Nov Dec
2013: Jan Feb Mar Apr May Jun Jul Aug Sep Oct Nov Dec
2012: Jan Feb Mar Apr May Jun Jul Aug Sep Oct Nov Dec
2011: Jan Feb Mar Apr May Jun Jul Aug Sep Oct Nov Dec

Report for 2017 July
                   Monthly Climatological Summary for Jul 2017

Name: Jared Court   City: Windsor   State: NS
Elevation: 48 m  Lat: N 44° 58' 41"   Lon: W 064° 06' 20"

                  Temperature (°C), Rain (mm), Wind Speed (km/h)

                                      Heat  Cool        Avg
    Mean                              Deg   Deg         Wind                 Dom
Day Temp  High   Time   Low    Time   Days  Days  Rain  Speed High   Time    Dir
----------------------------------------------------------------------------------
 1  17.3  19.8   4:55p  15.6   5:10a   1.0   0.4  10.2   2.7  14.5   8:52p   ESE
 2  20.8  26.3   5:57p  15.9   4:54a   0.3   3.1   8.4   6.7  33.8   6:12a    SE
 3  22.0  29.1   5:19p  14.2   5:50a   0.7   4.7   0.2   4.7  35.4   1:20p   SSE
 4  19.6  24.2   2:48p  15.6   6:04a   0.4   2.0   0.0   4.3  27.4   2:52p     W
 5  19.5  26.3   5:33p  13.0   6:23a   1.2   2.7   0.0   3.1  22.5   6:23p     E
 6  19.6  27.1   3:27p  12.2   6:02a   1.7   3.3   0.0   8.0  38.6   5:47p    SE
 7  18.9  24.4  12:17p  13.9   4:57a   1.1   2.0   0.4   8.9  37.0   3:23p   ESE
 8  20.1  27.3   5:42p  16.6   4:40a   0.4   2.4   8.0   1.7  17.7   2:08p   WNW
 9  22.0  28.2   5:23p  17.1   6:54a   0.1   4.0   0.0   5.4  27.4   7:35p    SE
10  22.1  29.6   2:05p  12.9   6:19a   0.7   4.8   0.0   3.2  27.4   2:31p     S
11  20.3  26.3   3:26p  16.6   3:58a   0.2   2.5   0.0   6.3  27.4   3:46p   ESE
12  21.3  26.9   4:26p  17.6  11:52p   0.0   3.3   0.0   2.2  20.9   5:33p     W
13  15.7  17.8  12:16a  10.6  11:52p   2.3   0.0   3.4   1.1  14.5  11:42a     W
14  16.2  26.9   3:18p   6.9   5:55a   4.0   2.2   0.2   2.9  25.7   4:21p   ESE
15  17.3  25.4   1:49p   8.1   5:17a   2.9   2.2   0.0   2.0  17.7   1:38p    SE
16  20.5  26.6   5:18p  16.2  11:40p   0.3   2.8   0.4   2.1  20.9   3:03p    SE
17  20.3  30.3   3:10p  14.8   3:10a   1.1   3.4   0.2   3.9  27.4   6:30p   ESE
18  20.4  25.9   5:18p  16.7  12:52a   0.2   2.6   0.0   4.3  17.7  12:10a   ESE
19  22.1  29.3   3:51p  16.7   2:49a   0.1   4.3   0.0   2.2  17.7   2:16p    SW
20  22.3  29.6   2:00p  15.8   4:40a   0.5   4.7   0.0   1.7  22.5   3:53p   WNW
21  23.3  29.7   2:14p  17.1   3:17a   0.1   5.4   1.6   2.6  24.1   2:38p   WSW
22  20.3  23.9   6:15p  15.2  11:57p   0.2   2.5   4.0   4.8  37.0   2:59p   WSW
23  16.8  22.9   5:59p   9.8   6:10a   2.5   1.3   0.0   2.6  22.5   1:31p   WNW
24  16.2  24.9   1:53p   7.3   5:31a   3.4   1.5   2.6   1.4  14.5   4:56p     E
25  14.6  18.4   7:22p  12.1   5:46a   3.5   0.0  21.8   3.3  27.4   6:14a     N
26  17.6  25.4   5:48p  10.1   3:11a   2.6   2.2   0.2   2.4  17.7  12:09p   ENE
27  16.5  21.8  11:38a  10.6   6:00a   2.2   0.7   0.0   5.7  27.4   6:59p   ESE
28  17.5  22.9   5:08p  13.8   5:11a   1.3   0.8  16.8   5.1  20.9   5:27p   ESE
29  18.6  23.8   1:24p  14.5   4:06a   1.1   1.7   0.4   1.0  14.5   3:31p   WNW
30  19.1  24.9   4:09p  13.7  11:54p   1.4   2.5   0.0   2.4  22.5   2:45p   WNW
31  20.0  29.3   5:23p  10.3   6:21a   2.1   4.2   0.0   3.1  24.1   3:35p     S
----------------------------------------------------------------------------------
    19.3  30.3    17     6.9    14    39.6  80.2  78.8   3.6  38.6     6      SE

Max >=  27.0: 10
Max <=   0.0:  0
Min <=   0.0:  0
Min <= -18.0:  0
Max Rain: 21.8 on day 25
Days of Rain: 16 (>= 0.2 mm)  8 (>= 2.0 mm)  1 (>= 20.0 mm)
Heat Base: 18.0  Cool Base: 18.0  Method: Integration