NOAA-Style Climate Reports

Select a Year or Month report
2018: Jan Feb Mar Apr May Jun Jul Aug Sep Oct Nov Dec
2017: Jan Feb Mar Apr May Jun Jul Aug Sep Oct Nov Dec
2016: Jan Feb Mar Apr May Jun Jul Aug Sep Oct Nov Dec
2015: Jan Feb Mar Apr May Jun Jul Aug Sep Oct Nov Dec
2014: Jan Feb Mar Apr May Jun Jul Aug Sep Oct Nov Dec
2013: Jan Feb Mar Apr May Jun Jul Aug Sep Oct Nov Dec
2012: Jan Feb Mar Apr May Jun Jul Aug Sep Oct Nov Dec
2011: Jan Feb Mar Apr May Jun Jul Aug Sep Oct Nov Dec

Report for 2017 June
                   Monthly Climatological Summary for Jun 2017

Name: Jared Court   City: Windsor   State: NS
Elevation: 48 m  Lat: N 44° 58' 41"   Lon: W 064° 06' 20"

                  Temperature (°C), Rain (mm), Wind Speed (km/h)

                                      Heat  Cool        Avg
    Mean                              Deg   Deg         Wind                 Dom
Day Temp  High   Time   Low    Time   Days  Days  Rain  Speed High   Time    Dir
----------------------------------------------------------------------------------
 1  15.8  22.2   6:46p  11.9  12:00a   3.0   0.8   2.6   3.6  20.9   7:28a   ENE
 2  14.3  20.4   4:15p   9.2   5:34a   3.9   0.1   1.0   3.0  25.7   7:24p   NNW
 3  12.2  16.3  11:22a   7.7  11:58p   5.8   0.0  11.8   1.7  32.2   2:04p   WNW
 4  10.1  14.4   7:19p   5.7   3:06a   7.9   0.0   0.2   3.5  24.1   2:44p   WNW
 5   9.7  15.0   2:22p   5.6   2:46a   8.3   0.0   0.0   3.9  20.9   3:40p    NW
 6  10.4  16.8   5:25p   6.2   5:07a   7.6   0.0   0.0   6.3  27.4   2:05p     N
 7  13.6  22.1   6:53p   5.2   5:20a   5.2   0.8   0.0   3.6  22.5   9:02p     W
 8  19.0  29.7   4:51p   6.0   3:51a   3.4   4.4   0.0   4.8  27.4   2:38p     S
 9  12.3  15.7  12:00a  10.8   1:35p   5.7   0.0  21.0   7.1  51.5  10:27p   WNW
10  16.5  22.2   5:05p  10.8  11:59p   2.5   0.9   0.2   5.8  38.6   3:32a   WSW
11  21.6  31.1   4:59p   9.6   2:54a   2.3   5.9   0.0   7.5  53.1   5:48p   SSE
12  22.8  30.9   2:23p  13.9   6:05a   0.5   5.3   3.2   2.3  22.5  10:43p   WSW
13  23.5  30.4   3:57p  16.7  11:59p   0.1   5.5   0.0   4.2  30.6   2:49p   WSW
14  14.6  17.2  12:40p   9.1  11:59p   3.4   0.0   0.0   4.4  32.2  10:41a   WNW
15  11.2  18.3   2:12p   5.5   2:46a   6.8   0.0   2.4   3.9  25.7   4:25p    SE
16  13.3  20.6   2:09p   5.5   5:28a   5.0   0.2   0.0   5.1  29.0   5:57p   ESE
17  14.3  16.6   5:52p  11.9   1:36a   3.7   0.0   6.8  10.3  51.5   2:40p   ESE
18  20.1  26.7   4:41p  14.6   6:13a   0.9   2.9   0.2   7.2  33.8   4:51p    SE
19  21.4  27.6   2:26p  16.0   2:41a   0.3   3.8   0.0  11.1  49.9   2:36p    SE
20  19.0  25.2  11:17a  16.2   3:30a   0.4   1.4   4.4  10.8  38.6   3:32p   ESE
21  20.4  26.6   2:39p  14.6   5:48a   0.6   3.1   0.2   5.6  33.8   2:19p    SE
22  19.1  25.4   3:10p  12.8   3:47a   1.3   2.5   0.0   5.5  38.6   3:43p    SW
23  17.8  25.4   2:06p   9.8   5:56a   2.0   1.8   0.0   4.4  30.6   2:33p   ESE
24  19.9  24.4   1:34p  17.3  12:00a   0.1   2.0   0.4   9.2  45.1   5:14a    SE
25  21.4  28.1   4:39p  13.9   5:57a   0.7   4.1   0.0   3.9  29.0   2:27p   WSW
26  20.3  25.7   5:21p  15.3   5:02a   0.6   2.9   0.0   3.4  24.1   6:08p   WSW
27  18.4  25.3  12:32p  10.1   5:19a   2.1   2.5   0.0   8.0  37.0   3:27p   ESE
28  16.2  23.8   3:08p  11.4   4:25a   2.9   1.1  13.8   6.0  38.6   4:17p   ESE
29  18.5  25.2   7:00p  10.6   5:10a   2.0   2.5   0.2   3.8  27.4   1:20p    SW
30  16.0  19.0   7:08p  12.2   4:02a   2.2   0.1   5.6   3.4  27.4  10:47a    SE
----------------------------------------------------------------------------------
    16.8  31.1    11     5.2     7    91.2  54.6  74.0   5.5  53.1    11     SSE

Max >=  27.0:  6
Max <=   0.0:  0
Min <=   0.0:  0
Min <= -18.0:  0
Max Rain: 21.0 on day 9
Days of Rain: 16 (>= 0.2 mm)  9 (>= 2.0 mm)  1 (>= 20.0 mm)
Heat Base: 18.0  Cool Base: 18.0  Method: Integration