NOAA-Style Climate Reports


Report for 2017 May
                   Monthly Climatological Summary for May 2017

Name: Jared Court   City: Windsor   State: NS
Elevation: 48 m  Lat: N 44° 58' 41"   Lon: W 064° 06' 20"

                  Temperature (°C), Rain (mm), Wind Speed (km/h)

                                      Heat  Cool        Avg
    Mean                              Deg   Deg         Wind                 Dom
Day Temp  High   Time   Low    Time   Days  Days  Rain  Speed High   Time    Dir
----------------------------------------------------------------------------------
 1   4.9   6.9   8:42a   3.1   8:50p  13.1   0.0   8.2   7.1  27.4   5:35p     E
 2   9.0  15.4   1:54p   3.6  12:00a   9.0   0.0   2.2  10.4  37.0   7:22p   ESE
 3  13.5  17.4   4:10p   9.8   6:46a   4.5   0.0   0.0   7.6  41.8   1:04p   SSW
 4  11.0  16.2   5:13p   6.1  11:52p   7.0   0.0   0.0   7.8  32.2   3:43a     W
 5   9.7  16.0  11:23a   2.9   3:40a   8.3   0.0   0.0   8.9  43.5   1:36p   ESE
 6  14.5  18.1   1:54p   8.8  12:00a   3.5   0.0   9.4  20.1  57.9   4:43p   ESE
 7  16.3  18.9   1:36a  12.9  11:15p   1.8   0.1  19.6  17.8  64.4   6:02a   ESE
 8  13.0  16.7   1:19p   5.7  11:56p   5.0   0.0   1.2  15.5  48.3  12:42p   ESE
 9   7.5  13.1  12:09p   4.9  12:55a  10.5   0.0   9.8   4.5  27.4   4:47p   NNW
10   7.6  11.1   2:56p   4.4   6:23a  10.4   0.0   1.2   2.5  14.5   4:02p   WNW
11   7.6  10.5   2:21p   4.7   5:21a  10.4   0.0   0.4   5.8  25.7   8:13p   NNW
12   9.3  14.3   5:05p   5.9  11:58p   8.7   0.0   0.0   6.4  29.0   4:07p    NW
13   9.7  20.0   5:34p   1.1   5:04a   8.5   0.2   0.0   4.8  27.4   6:36p    NE
14   8.4  14.1   1:00p   3.4   5:47a   9.6   0.0   4.2  10.0  40.2   4:22p   ENE
15   9.5  12.3   4:41p   7.7  12:06a   8.5   0.0   7.2   7.8  38.6  12:48p   ENE
16   9.0  14.1   6:05p   5.2   5:49a   9.0   0.0   1.0   6.5  30.6   1:15p     W
17  16.3  23.0   3:46p   9.1   6:18a   2.7   1.0   0.0   7.4  38.6   9:22a   WSW
18  22.4  32.0   6:04p  11.5   5:54a   1.7   6.0   0.0   3.2  19.3   2:03p   SSE
19  20.6  29.9  12:02p  10.7  11:44p   1.5   4.1   0.2   6.1  45.1   1:37p   WSW
20  10.5  13.8   6:46p   6.2  11:42p   7.5   0.0   1.0   6.4  38.6  12:09p   WNW
21  10.1  15.4   5:41p   4.3   2:53a   7.9   0.0   0.0   7.3  40.2   3:46p   WNW
22  12.5  20.4   3:17p   2.2   5:49a   5.8   0.3   0.0   2.0  19.3   5:21p   WNW
23  10.9  13.7   5:00p   7.9   7:24a   7.1   0.0   1.6   7.2  41.8   2:48p   ESE
24  13.5  19.7   5:03p   9.5   7:02a   4.6   0.1   0.0   1.2  16.1   7:58p   WSW
25  12.1  20.2   2:41p   7.1   3:54a   6.1   0.2   0.8   4.0  29.0   6:12p     E
26   9.6  11.5   4:12p   7.3   6:31a   8.4   0.0  11.4   4.8  32.2  12:48p    NE
27   8.7  10.8   5:15p   6.8   7:54a   9.3   0.0   1.0   3.3  17.7   1:00a    NW
28  11.3  18.8   5:56p   7.1  11:55p   6.7   0.0   0.0   4.0  27.4   8:27p    NE
29  11.4  18.3   3:46p   6.3  12:46a   6.6   0.0   0.0   2.5  24.1   6:27p   ENE
30  10.9  21.0   3:13p   2.9   5:54a   7.3   0.3   0.0   4.6  37.0   4:12p   ESE
31  11.1  18.2   1:42p   4.6   3:45a   6.9   0.0   2.0  10.5  38.6   3:02p   ESE
----------------------------------------------------------------------------------
    11.4  32.0    18     1.1    13   217.9  12.3  82.4   7.0  64.4     7       E

Max >=  27.0:  2
Max <=   0.0:  0
Min <=   0.0:  0
Min <= -18.0:  0
Max Rain: 19.6 on day 7
Days of Rain: 18 (>= 0.2 mm)  9 (>= 2.0 mm)  0 (>= 20.0 mm)
Heat Base: 18.0  Cool Base: 18.0  Method: Integration