NOAA-Style Climate Reports

Select a Year or Month report
2018: Jan Feb Mar Apr May Jun Jul Aug Sep Oct Nov Dec
2017: Jan Feb Mar Apr May Jun Jul Aug Sep Oct Nov Dec
2016: Jan Feb Mar Apr May Jun Jul Aug Sep Oct Nov Dec
2015: Jan Feb Mar Apr May Jun Jul Aug Sep Oct Nov Dec
2014: Jan Feb Mar Apr May Jun Jul Aug Sep Oct Nov Dec
2013: Jan Feb Mar Apr May Jun Jul Aug Sep Oct Nov Dec
2012: Jan Feb Mar Apr May Jun Jul Aug Sep Oct Nov Dec
2011: Jan Feb Mar Apr May Jun Jul Aug Sep Oct Nov Dec

Report for 2017 April
                   Monthly Climatological Summary for Apr 2017

Name: Jared Court   City: Windsor   State: NS
Elevation: 48 m  Lat: N 44° 58' 41"   Lon: W 064° 06' 20"

                  Temperature (°C), Rain (mm), Wind Speed (km/h)

                                      Heat  Cool        Avg
    Mean                              Deg   Deg         Wind                 Dom
Day Temp  High   Time   Low    Time   Days  Days  Rain  Speed High   Time    Dir
----------------------------------------------------------------------------------
 1   0.7   6.6   3:29p  -4.1   6:10a  17.3   0.0   2.2   4.2  22.5   6:12p     N
 2   0.2   2.7   4:40p  -1.6   7:06a  17.8   0.0   1.6   6.1  25.7   2:12p    NW
 3   0.6   4.9   5:39p  -1.8  11:59p  17.3   0.0   0.0   7.6  37.0   2:15p   WNW
 4   2.7   9.7   2:15p  -5.8   6:47a  15.3   0.0   0.0   2.7  19.3   2:22p     N
 5   2.7   5.6   3:28p   0.5   7:58a  15.3   0.0   0.0   8.5  33.8  10:33a   ENE
 6   4.0   8.1  12:28p   1.0   4:12a  14.0   0.0   2.4   8.4  38.6   1:14p   ENE
 7   9.6  14.2   1:47p   5.9  11:58p   8.4   0.0  11.8  18.8  54.7   8:05a   ESE
 8   5.4   9.3   5:26p   2.9   4:31a  12.6   0.0   0.6   9.9  37.0   9:09a    SE
 9   6.1   9.7   5:54p   2.7  10:43p  11.9   0.0   0.0   3.9  22.5  10:59a    SW
10   6.1  14.7   3:31p  -2.1   6:43a  11.9   0.0   0.0   8.2  37.0   5:17p   ESE
11  11.6  21.4   2:08p   2.7   5:23a   6.8   0.4   0.0   4.1  24.1   3:23a     E
12  10.3  20.1   3:16p   5.2   3:18a   7.8   0.1   0.0   6.0  29.0   4:04p   ESE
13   9.2  14.3   1:24p   3.5   3:19a   8.8   0.0   0.0   7.6  38.6   1:39p   WSW
14   7.1  12.8   3:04p   0.4  11:59p  10.8   0.0   0.0   5.5  25.7   2:48p     W
15   9.1  16.9   4:09p  -1.8   5:21a   8.9   0.0   0.0   6.3  38.6   1:12p   WSW
16  10.5  17.8   3:57p   3.9   5:47a   7.5   0.0   0.0   5.7  25.7   3:04p    SE
17   5.2  10.3   1:42a   1.1  11:53p  12.8   0.0   0.2   6.0  30.6   3:56p   WNW
18   1.5   5.7   3:27p  -2.8  11:57p  16.5   0.0   0.0   9.4  38.6   1:52p   NNW
19   0.0   8.8   3:58p  -7.6   6:31a  18.0   0.0   0.0   5.5  32.2   5:57p     E
20   1.8   4.8   5:01p  -1.3  12:41a  16.2   0.0   0.4   5.2  20.9  12:51p   ESE
21   4.8  11.4   4:05p   0.2   2:58a  13.2   0.0   0.0   4.0  20.9   6:03p   NNW
22   2.6   8.2   2:39p  -1.9   2:30a  15.4   0.0   0.8   4.4  24.1   4:13p     E
23   3.6   6.4   1:03p   0.4   4:31a  14.4   0.0   4.0   4.2  24.1  10:10a   WNW
24   7.2  14.4   3:08p   0.0   5:24a  10.8   0.0   0.0   4.1  22.5   8:21a   WNW
25   6.8  16.9   3:24p  -1.5   4:42a  11.2   0.0   0.2   5.6  30.6   3:51p     E
26   9.8  14.4   1:14p   5.8   1:00a   8.2   0.0   2.4  13.3  45.1   3:27p   ESE
27  14.2  16.4  11:52a  12.2   5:07a   3.8   0.0   5.4  14.4  46.7   2:13p   ESE
28  13.9  17.7   2:31p  10.9  11:57p   4.1   0.0   2.4  10.1  37.0   1:35a   ESE
29  14.6  22.0   4:47p   9.8  11:53p   3.8   0.4   0.2   2.6  38.6  11:59p     N
30   8.4  13.1   4:10p   4.7   6:15a   9.6   0.0   0.0   8.5  45.1   8:50a   WNW
----------------------------------------------------------------------------------
     6.3  22.0    29    -7.6    19   350.4   0.9  34.6   7.0  54.7     7       E

Max >=  27.0:  0
Max <=   0.0:  0
Min <=   0.0: 12
Min <= -18.0:  0
Max Rain: 11.8 on day 7
Days of Rain: 14 (>= 0.2 mm)  7 (>= 2.0 mm)  0 (>= 20.0 mm)
Heat Base: 18.0  Cool Base: 18.0  Method: Integration