NOAA-Style Climate Reports


Report for 2017 March
                   Monthly Climatological Summary for Mar 2017

Name: Jared Court   City: Windsor   State: NS
Elevation: 48 m  Lat: N 44° 58' 41"   Lon: W 064° 06' 20"

                  Temperature (°C), Rain (mm), Wind Speed (km/h)

                                      Heat  Cool        Avg
    Mean                              Deg   Deg         Wind                 Dom
Day Temp  High   Time   Low    Time   Days  Days  Rain  Speed High   Time    Dir
----------------------------------------------------------------------------------
 1   5.5   9.2   2:38p   0.7  12:00a  12.5   0.0   0.2  11.9  46.7   1:06p   ESE
 2   7.2  12.2   1:16p  -2.5  11:54p  10.8   0.0   1.2  10.5  49.9  10:25p     S
 3  -4.6  -1.8   2:56p  -7.1  11:57p  22.6   0.0   0.0  13.3  43.5   8:45a   WSW
 4 -11.3  -7.1  12:00a -12.8   5:38p  29.3   0.0   0.0  13.4  43.5   8:03p   WSW
 5  -7.7  -2.3   4:49p -12.8  12:00a  25.7   0.0   0.0  14.0  43.5   1:21p     W
 6  -4.8   0.1   2:54p  -8.3   3:39a  22.8   0.0   0.0   8.8  33.8  12:36a   WNW
 7  -2.6   6.1   1:32p -10.6   6:41a  20.6   0.0   0.0   5.1  29.0   4:35p   ESE
 8   4.8   8.6   7:51p  -0.5  12:00a  13.2   0.0   4.8  11.3  45.1   5:31a    SE
 9   2.2   6.9  10:09a  -2.0  11:23p  15.8   0.0   1.4   8.8  48.3   5:55p    SW
10  -3.7  -1.9  12:00a  -6.2  11:58p  21.7   0.0   0.0  10.7  38.6   2:35a     W
11 -12.6  -6.2  12:00a -17.5  11:56p  30.6   0.0   0.0  14.8  51.5   9:18a     W
12 -12.9  -8.3   6:28p -17.7   1:52a  29.6   0.0   0.0   9.1  51.5  10:35a   WSW
13  -6.3  -0.2   3:32p -13.9   2:29a  24.3   0.0   0.0   4.4  25.7   2:04p   WSW
14  -3.2   4.0  11:57p  -9.8   7:03a  21.2   0.0  10.2   8.1  75.6  11:56p   ENE
15   3.6   7.9   3:11a  -0.8  11:50p  14.4   0.0   5.2  15.7  80.5  12:07a   ESE
16  -0.9   2.3   4:26p  -2.9   6:30a  18.6   0.0   0.0   9.5  38.6   9:58a   SSE
17  -2.4  -0.9   5:36p  -3.9   7:40a  20.4   0.0   0.0   5.1  27.4   2:10p     W
18  -1.7   3.0   4:24p  -5.3  11:51p  19.7   0.0   0.2   2.1  16.1   9:29a   WNW
19  -2.6   3.2  12:56p  -8.8   6:25a  20.6   0.0   0.0   3.8  24.1   7:16p    NE
20   0.3   2.7  12:42p  -1.8  12:00a  17.7   0.0   7.0  10.4  37.0   7:41a   NNW
21   0.6   6.2   4:24p  -2.1   7:03a  17.4   0.0   0.0   7.6  35.4  11:31a   WNW
22   2.3   8.8   3:53p  -4.5  11:59p  15.7   0.0   0.2   7.7  49.9  10:39p   ESE
23  -7.7  -4.3   5:56p -10.6   9:26a  25.7   0.0   0.0  13.9  53.1   2:14a     W
24  -4.6  -0.1   3:08p -12.0   6:39a  22.6   0.0   0.0   5.9  29.0   1:58a     S
25   1.7   5.6   2:51p  -1.9  11:58p  16.3   0.0   0.2   3.9  24.1  10:52a     W
26  -2.5   1.7   5:21p  -6.2   7:26a  20.5   0.0   0.0   6.0  32.2   3:54a   WNW
27  -3.1   1.7   1:16p  -8.4   3:45a  21.1   0.0   0.0   4.5  25.7   5:18p     E
28  -1.0   0.8   3:49p  -3.2  12:08a  19.0   0.0   3.8   4.9  30.6   2:09a   NNE
29  -1.1   0.0   3:30p  -2.0   9:33a  19.1   0.0   3.0   4.8  24.1   5:10p   NNW
30  -0.6   0.4   3:10p  -1.6  12:00a  18.6   0.0   1.4  14.2  49.9   1:45p   WNW
31   0.0   2.0   1:47p  -1.6  11:46p  18.0   0.0   2.6  10.0  38.6   2:05a   WNW
----------------------------------------------------------------------------------
    -2.2  12.2     2   -17.7    12   626.1   0.0  41.4   8.8  80.5    15     WSW

Max >=  27.0:  0
Max <=   0.0: 11
Min <=   0.0: 30
Min <= -18.0:  0
Max Rain: 10.2 on day 14
Days of Rain: 14 (>= 0.2 mm)  7 (>= 2.0 mm)  0 (>= 20.0 mm)
Heat Base: 18.0  Cool Base: 18.0  Method: Integration