NOAA-Style Climate Reports

Select a Year or Month report
2018: Jan Feb Mar Apr May Jun Jul Aug Sep Oct Nov Dec
2017: Jan Feb Mar Apr May Jun Jul Aug Sep Oct Nov Dec
2016: Jan Feb Mar Apr May Jun Jul Aug Sep Oct Nov Dec
2015: Jan Feb Mar Apr May Jun Jul Aug Sep Oct Nov Dec
2014: Jan Feb Mar Apr May Jun Jul Aug Sep Oct Nov Dec
2013: Jan Feb Mar Apr May Jun Jul Aug Sep Oct Nov Dec
2012: Jan Feb Mar Apr May Jun Jul Aug Sep Oct Nov Dec
2011: Jan Feb Mar Apr May Jun Jul Aug Sep Oct Nov Dec

Report for 2017 February
                   Monthly Climatological Summary for Feb 2017

Name: Jared Court   City: Windsor   State: NS
Elevation: 48 m  Lat: N 44° 58' 41"   Lon: W 064° 06' 20"

                  Temperature (°C), Rain (mm), Wind Speed (km/h)

                                      Heat  Cool        Avg
    Mean                              Deg   Deg         Wind                 Dom
Day Temp  High   Time   Low    Time   Days  Days  Rain  Speed High   Time    Dir
----------------------------------------------------------------------------------
 1  -5.7   0.3   2:23p -11.9   5:36a  23.7   0.0   0.0   1.6  16.1   7:43p   ENE
 2  -2.5   0.8   3:53p  -5.2   7:38a  20.5   0.0   3.4   3.5  27.4   2:59p    SW
 3  -6.9  -4.7   3:47p -10.2   7:06a  24.9   0.0   0.0   6.0  41.8  10:45a   WSW
 4  -9.6  -7.2   2:35p -14.0   7:25a  27.6   0.0   0.0   4.6  35.4   8:14p     W
 5  -5.4   0.8  11:49p -13.8   7:11a  23.4   0.0   0.0   5.6  25.7  12:19a   ESE
 6  -3.7   1.2  12:38a  -8.4   7:55p  21.7   0.0   0.0   8.9  41.8   1:31p   WSW
 7  -9.9  -7.4  12:00a -12.0   8:11a  27.9   0.0   0.0   7.7  37.0   1:06a   WNW
 8   0.3   8.9   2:55p -11.7   1:57a  17.7   0.0   6.4   7.3  45.1   9:11a     E
 9  -3.4   2.1  12:00a  -6.3  11:42p  21.4   0.0   0.0   8.6  40.2   7:50p   NNW
10 -10.0  -5.7  12:54a -13.4  11:46p  28.0   0.0   0.0  14.1  54.7   2:34a     W
11 -12.0  -8.4   2:04p -17.7   7:59a  30.0   0.0   0.0   2.4  20.9  12:03a     N
12  -8.5  -1.7   3:56p -19.0   7:48a  26.5   0.0   0.0   4.4  25.7   7:25p    NE
13  -3.2  -1.8   9:49a  -5.0  12:00a  21.2   0.0   0.0  16.8  56.3  11:51p     N
14  -4.6  -2.4  11:37a  -6.0   8:15p  22.6   0.0   0.0  12.1  45.1  12:16a   WNW
15  -3.3  -1.0   2:09p  -5.9  12:00a  21.3   0.0   0.8   4.7  30.6  11:32p    NW
16  -3.2  -1.1  12:39p  -4.6   3:13a  21.2   0.0   0.0  13.6  51.5   5:01p   WNW
17  -2.1  -0.3   6:03p  -4.2   2:36a  20.1   0.0   0.2  10.5  35.4  12:54a   WSW
18  -0.7   3.2   2:50p  -5.6   7:32a  18.7   0.0   1.4   4.9  25.7  11:44a     S
19   3.8   8.1  11:38a   0.2   5:19a  14.2   0.0   1.0   2.2  17.7   1:30a   SSE
20  -1.2   1.2  12:00a  -4.6  11:55p  19.2   0.0   0.2   6.6  38.6   7:04p   WNW
21  -3.1   1.4   3:52p  -8.4  11:57p  21.1   0.0   0.0   3.9  22.5   5:52a   WNW
22  -1.2   7.1   2:56p  -9.7   3:41a  19.2   0.0   0.0   1.4  17.7   3:53p    SW
23   2.9  10.1  11:49a  -3.3   3:05a  15.1   0.0   0.0   7.1  41.8  10:45p   ESE
24   9.9  15.7   3:20p   6.3  12:00a   8.1   0.0   0.0   4.9  32.2  12:54a    SE
25   9.0  18.2   1:16p   4.4   3:53a   9.0   0.0   0.6   7.1  32.2   2:09p   ESE
26   6.3  11.6   4:08a  -1.4  11:49p  11.7   0.0  13.0  10.5  48.3   4:17a   SSW
27   1.3   7.2   3:41p  -5.0   7:05a  16.7   0.0   0.0   8.1  40.2   3:01p     S
28   1.8   5.5   4:03p  -1.3   6:58a  16.2   0.0   0.0   3.9  19.3   6:50p   WNW
----------------------------------------------------------------------------------
    -2.3  18.2    25   -19.0    12   568.9   0.0  27.0   6.9  56.3    13       W

Max >=  27.0:  0
Max <=   0.0: 11
Min <=   0.0: 25
Min <= -18.0:  1
Max Rain: 13.0 on day 26
Days of Rain: 9 (>= 0.2 mm)  3 (>= 2.0 mm)  0 (>= 20.0 mm)
Heat Base: 18.0  Cool Base: 18.0  Method: Integration