NOAA-Style Climate Reports


Report for 2017 January
                   Monthly Climatological Summary for Jan 2017

Name: Jared Court   City: Windsor   State: NS
Elevation: 48 m  Lat: N 44° 58' 41"   Lon: W 064° 06' 20"

                  Temperature (°C), Rain (mm), Wind Speed (km/h)

                                      Heat  Cool        Avg
    Mean                              Deg   Deg         Wind                 Dom
Day Temp  High   Time   Low    Time   Days  Days  Rain  Speed High   Time    Dir
----------------------------------------------------------------------------------
 1   2.5   6.2   9:10a  -4.2  12:00a  15.5   0.0   7.8  10.5  53.1   9:13a   SSE
 2  -1.1   2.2   1:57p  -3.6  11:38p  19.1   0.0   0.0   7.0  37.0  12:19a     W
 3  -3.6   0.9   1:56p  -8.6   7:37a  21.6   0.0   0.0   2.9  24.1   9:02p   ENE
 4   5.0   9.8   2:33p  -0.8  12:00a  13.0   0.0  15.2  11.7  57.9   8:57a     E
 5   1.1   5.8   2:51a  -3.4  11:59p  16.9   0.0   1.2   7.4  45.1   4:29a   SSE
 6  -2.7  -0.8   5:32a  -4.6  11:59p  20.7   0.0   0.0   2.0  19.3   6:29a     W
 7  -8.2  -4.5  12:00a -11.2   7:40a  26.2   0.0   0.0   2.8  22.5  10:43p    NW
 8  -7.2  -5.1  12:30p -10.8  11:56p  25.2   0.0   0.0   9.2  40.2   5:10a   WNW
 9 -14.3 -10.8  12:00a -18.2  10:09p  32.3   0.0   0.0   7.2  33.8   1:56p   WSW
10  -6.7   1.5   2:07p -19.0   2:45a  24.7   0.0   2.8   6.3  37.0  11:55a   ESE
11   4.0   7.5   4:32p  -1.2  12:00a  14.0   0.0   7.8  17.3  69.2  12:39p   ESE
12   6.1  11.2   6:38p   0.1   1:28a  11.9   0.0   0.8  11.5  48.3  11:00a   ESE
13   4.9  10.7   4:37a  -6.7  11:47p  13.0   0.0   0.0  11.6  53.1   3:05p   WSW
14  -9.7  -6.7  12:00a -12.3   8:12a  27.7   0.0   0.0  10.4  40.2   5:07a   WSW
15  -7.1  -3.6  11:24a -10.8  11:57p  25.1   0.0   0.0   6.3  30.6  12:17p     W
16  -6.8   1.3  11:15p -13.9   7:50a  24.8   0.0   0.0   6.3  38.6  10:11p   SSE
17  -2.8   1.3   1:46a -11.0  11:57p  20.8   0.0   0.0   6.7  32.2   1:48p   WNW
18  -7.2  -0.8   2:19p -12.8   4:58a  25.2   0.0   0.0   2.3  22.5  12:14p     E
19  -2.8   0.1   3:48p  -5.9  12:00a  20.8   0.0   0.8   0.1   4.8  12:07a   NNE
20  -1.4   0.1   4:10a  -2.7  11:58p  19.4   0.0   0.0   3.5  20.9   1:51p   WNW
21  -1.1   1.1   2:50p  -3.3   3:55a  19.1   0.0   0.2   3.1  22.5  10:10p   SSE
22  -0.5   0.8  11:27a  -2.1   8:34p  18.5   0.0   0.0   5.9  33.8   7:23p    NW
23  -2.3   0.7   3:14p  -6.6  11:58p  20.3   0.0   0.0   5.4  24.1  10:12a   NNW
24  -1.8   3.8  11:53p  -7.9   1:04a  19.8   0.0   4.0   5.6  37.0  10:47p   NNE
25   5.9   8.4   1:10p   2.4  11:54p  12.1   0.0  14.4   5.2  43.5   1:58a    NE
26   3.4   6.1  11:57p   1.3   6:51a  14.6   0.0   0.8   7.2  33.8   3:00a     S
27   1.5   6.2  12:02a   0.1   6:51a  16.5   0.0   0.4   6.4  35.4   4:49a    SW
28  -0.5   1.3  12:00a  -2.9   7:26a  18.5   0.0   0.8   8.0  40.2   2:15p    SW
29   0.9   3.8   1:59p  -1.6   2:31a  17.1   0.0   0.2   6.2  33.8   2:00p   SSE
30  -1.1   2.7   3:59p  -5.4   8:31a  19.1   0.0   0.0   0.8  12.9  12:07a     W
31  -4.3  -1.7  12:00a  -9.6  11:53p  22.3   0.0   0.0   3.4  24.1   2:58p   WNW
----------------------------------------------------------------------------------
    -1.9  11.2    12   -19.0    10   615.8   0.0  57.2   6.5  69.2    11     SSW

Max >=  27.0:  0
Max <=   0.0:  8
Min <=   0.0: 27
Min <= -18.0:  2
Max Rain: 15.2 on day 4
Days of Rain: 14 (>= 0.2 mm)  6 (>= 2.0 mm)  0 (>= 20.0 mm)
Heat Base: 18.0  Cool Base: 18.0  Method: Integration