NOAA-Style Climate Reports


Report for 2017
                   Annual Climatological Summary for 2017

Name: Jared Court   City: Windsor   State: NS
Elevation: 48 m  Lat: N 44 58 41   Lon: W 064 06 20

                  Temperature (°C), Heat Base: 18.0  Cool Base: 18.0
                          Dep.  Heat  Cool                       Max  Max  Min  Min
        Mean  Mean        From  Deg   Deg                        >=   <=   <=   <=
 YR MO  Max   Min   Mean  Norm  Days  Days  Hi  Date  Low  Date 27.0  0.0  0.0 -18.0
------------------------------------------------------------------------------------
 17  1   1.9  -6.4  -1.9   2.2   616     0  11.2  12 -19.0   10    0    8   27    2
 17  2   2.2  -7.1  -2.3   0.4   569     0  18.2  25 -19.0   12    0   11   25    1
 17  3   1.9  -6.4  -2.2  -2.1   626     0  12.2   2 -17.7   12    0   11   30    0
 17  4  12.0   1.4   6.3   1.1   350     1  22.0  29  -7.6   19    0    0   12    0
 17  5  16.8   6.2  11.4  -0.1   218    12  32.0  18   1.1   13    2    0    0    0
 17  6  22.9  10.9  16.8   0.1    91    55  31.1  11   5.2    7    6    0    0    0
 17  7  25.7  13.6  19.3  -0.7    40    80  30.3  17   6.9   14   10    0    0    0
 17  8  25.3  13.7  19.2  -0.2    42    80  30.7   2   7.3   29   12    0    0    0
 17  9  22.8  12.4  17.2   1.3    69    46  30.3  26   4.6    3    6    0    0    0
 17 10  18.6   6.6  12.7   4.1   178    14  26.3   8  -1.1   13    0    0    3    0
 17 11   9.9   0.0   4.8   0.8   395     0  20.8   6  -7.7   12    0    0   16    0
 17 12   1.9  -5.2  -1.9  -1.2   617     0  12.8   6 -16.0   28    0   12   27    0
------------------------------------------------------------------------------------
        13.5   3.3   8.3   0.5  3810   289  32.0 May -19.0  Jan   36   42  140    3

                                Precipitation (mm)

              Dep.   Max        Days of Rain
              From   Obs.           >=
 YR MO Total  Norm   Day Date  0.2  2.0 20.0
---------------------------------------------
 17  1  57.2  -3.8  15.2   4    14    6    0
 17  2  27.0 -14.0  13.0  26     9    3    0
 17  3  41.4 -16.6  10.2  14    14    7    0
 17  4  34.6 -24.4  11.8   7    14    7    0
 17  5  82.4   0.4  19.6   7    18    9    0
 17  6  74.0  -4.0  21.0   9    16    9    1
 17  7  78.8 -14.2  21.8  25    16    8    1
 17  8  74.6  -4.4  35.0   6    13    4    1
 17  9  65.4 -31.6  31.4  28    11    5    1
 17 10  31.0 -66.0  13.4  30    13    5    0
 17 11  56.0 -40.0  14.0  22    15    8    0
 17 12  61.6  -7.4  12.6   6    14    9    0
---------------------------------------------
       684.0-226.0  35.0  Aug  167   80    4

                                Wind Speed (km/h)
                          Dom
 YR MO   Avg.  Hi   Date  Dir
------------------------------
 17  1   6.5  69.2   11   SSW
 17  2   6.9  56.3   13     W
 17  3   8.8  80.5   15     W
 17  4   7.0  54.7    7     E
 17  5   7.0  64.4    7   ESE
 17  6   5.5  53.1   11    SE
 17  7   3.6  38.6    6    SE
 17  8   4.2  53.1   19    SE
 17  9   4.4  48.3    7   SSE
 17 10   6.3  74.0   30    SE
 17 11   7.7  59.5   19     S
 17 12   6.7  75.6   25    SW
------------------------------
         6.2  80.5  Mar     S