NOAA-Style Climate Reports


Report for 2016 December
                   Monthly Climatological Summary for Dec 2016

Name: Jared Court   City: Windsor   State: NS
Elevation: 48 m  Lat: N 44° 58' 41"   Lon: W 064° 06' 20"

                  Temperature (°C), Rain (mm), Wind Speed (km/h)

                                      Heat  Cool        Avg
    Mean                              Deg   Deg         Wind                 Dom
Day Temp  High   Time   Low    Time   Days  Days  Rain  Speed High   Time    Dir
----------------------------------------------------------------------------------
 1   4.6   8.8  10:31p   0.7  12:32a  13.4   0.0   5.2   9.1  54.7   3:42p   ENE
 2   3.6   6.1  12:00a   1.3   7:04p  14.4   0.0   0.2  10.3  40.2   5:25a   WSW
 3   2.0   4.1   2:22p  -0.7   5:14a  16.0   0.0   0.4   5.0  27.4   3:22p   WNW
 4   0.0   2.1  12:00a  -1.6   8:56p  18.0   0.0   0.0   6.8  29.0   9:09a   WNW
 5  -2.3  -0.7   1:17p  -4.2   7:59a  20.3   0.0   0.0   3.7  22.5   3:09a     W
 6  -2.0   1.2   2:55p  -4.3   6:43a  20.0   0.0   0.0   2.2  19.3   3:28p   WNW
 7  -1.5   0.4   2:08p  -3.4   7:55a  19.5   0.0   0.0   1.7  12.9  12:45a     E
 8   1.3   3.4   4:16p  -1.2   6:38a  16.7   0.0   0.6   1.2  12.9   3:54p   ESE
 9  -1.5   0.5  12:00a  -3.8   6:10p  19.5   0.0   2.0   3.9  29.0  11:25a   WSW
10  -7.2  -3.2  12:00a -10.2  11:56p  24.9   0.0   0.0   9.8  38.6   6:38a   WSW
11  -8.1  -5.1   2:42p -11.0   8:13a  26.1   0.0   0.0   9.0  35.4  12:23p   WSW
12  -6.7  -2.9  11:35p -12.1   4:34a  24.7   0.0   0.0   3.8  29.0   2:03p    NE
13  -3.0  -0.3   3:52a  -7.3  11:59p  21.0   0.0   1.4   7.4  43.5   8:30a   WSW
14  -1.7   2.8   1:46p  -8.8   1:14a  19.7   0.0   5.8   3.7  29.0  10:13a   SSE
15  -5.2  -1.6   1:34p -11.8  11:56p  23.2   0.0   0.0   6.7  49.9  11:09p   WSW
16 -14.9 -11.8  12:00a -16.5   9:43a  32.6   0.0   0.0  14.1  49.9   8:46a   WSW
17  -8.6   1.6  11:03p -16.6   6:02a  26.6   0.0   0.2   4.9  30.6   8:56p     E
18   7.3  14.8   3:06p   0.8   1:30a  10.7   0.0  10.2  11.0  54.7   1:08p   SSE
19  -6.1   2.5  12:00a -13.0  12:00a  23.9   0.0   0.0  12.8  45.1  12:28a   WNW
20  -9.1  -2.3   3:00p -16.3   8:00a  27.1   0.0   0.0   8.1  17.7   1:30p    SE
21   0.1   4.6   2:00p  -6.0  12:30a  17.9   0.0   0.0  15.0  33.8  10:30a     S
22   0.0   2.8   3:34p  -3.7   2:30a  15.9   0.0   0.4   2.0  24.1   4:44p    SE
23   0.7   2.9   1:49p  -1.3  10:22p  17.3   0.0   0.6   3.8  24.1   8:32a     W
24   3.7   6.4   9:11p   0.1   1:41a  14.3   0.0   5.4   8.0  40.2   8:37p    SE
25   0.3   3.8  12:00a  -6.0  11:50p  17.7   0.0   0.2  15.7  57.9  12:25p     W
26  -6.7  -4.8  11:58p  -9.3   7:54a  24.7   0.0   0.0   6.9  46.7   2:39a   WNW
27   4.4  11.3  12:34p  -4.9  12:00a  13.6   0.0  19.2  10.0  59.5   6:29a   SSE
28   0.1   2.7  12:00a  -2.4  11:51p  17.9   0.0   0.2   1.8  16.1  12:22a     W
29  -1.1   3.7   1:34p  -6.5   7:38a  19.1   0.0   0.0   4.9  46.7  11:27p     E
30   4.2   9.6   6:11a   0.2  11:57p  13.8   0.0  18.4  18.5  72.4   4:11a   ESE
31  -3.2   0.2  12:00a  -6.3   9:26p  21.3   0.0   0.0   5.9  30.6   5:21a    SW
----------------------------------------------------------------------------------
    -1.8  14.8    18   -16.6    17   611.8   0.0  70.4   7.0  72.4    30      SW

Max >=  27.0:  0
Max <=   0.0:  9
Min <=   0.0: 26
Min <= -18.0:  0
Max Rain: 19.2 on day 27
Days of Rain: 16 (>= 0.2 mm)  7 (>= 2.0 mm)  0 (>= 20.0 mm)
Heat Base: 18.0  Cool Base: 18.0  Method: Integration