NOAA-Style Climate Reports


Report for 2016 November
                   Monthly Climatological Summary for Nov 2016

Name: Jared Court   City: Windsor   State: NS
Elevation: 48 m  Lat: N 44° 58' 41"   Lon: W 064° 06' 20"

                  Temperature (°C), Rain (mm), Wind Speed (km/h)

                                      Heat  Cool        Avg
    Mean                              Deg   Deg         Wind                 Dom
Day Temp  High   Time   Low    Time   Days  Days  Rain  Speed High   Time    Dir
----------------------------------------------------------------------------------
 1   7.3   9.1  12:12p   6.1   8:57p  10.7   0.0   0.4   4.5  22.5   1:05p    NW
 2   7.5  11.9   3:46p   5.3   7:46a  10.5   0.0   0.0   1.8  17.7   1:39p     W
 3   8.5   9.6   3:08a   6.9  11:12p   9.5   0.0   2.6   2.7  19.3   5:42a   WNW
 4   6.7   8.5  12:12p   3.7  11:49p  11.3   0.0   4.2   4.3  25.7   9:13p     W
 5   2.4   6.0   4:08p  -1.4  11:20p  15.6   0.0   0.2   3.1  20.9   1:16a     W
 6   3.3   4.9   2:21p  -0.4  12:00a  15.3   0.0   0.8   1.8  20.9   8:25p   NNW
 7   2.9   7.7   1:10p  -2.7  11:43p  15.1   0.0   0.0   2.6  24.1  12:49p    NW
 8   3.1  13.7   3:57p  -3.8   3:16a  14.9   0.0   0.0   1.3  11.3   3:12a   ESE
 9   6.7  16.3   2:50p  -1.9   5:02a  11.3   0.0   0.4   1.6  24.1  11:00p     W
10   4.3   8.1   2:55p   0.3   8:05p  13.7   0.0   0.0   4.5  25.7  10:35p   WSW
11   7.5  13.6  12:41p   3.5  12:23a  10.0   0.0   0.4  10.8  38.6   7:10p     S
12   3.3   6.4   2:57p   0.6   8:05a  14.7   0.0   3.0   9.0  37.0   2:06a    SW
13   6.9  12.1   1:35p   3.4   8:05p  11.0   0.0   0.0   4.6  32.2   1:46a   SSW
14   7.2  15.9   3:12p   1.1  11:40p  10.8   0.0   0.0   2.3  29.0   1:09p   SSE
15   6.7  14.3   2:22p  -0.4   1:26a  11.3   0.0   0.2   1.5  22.5  12:22p    SE
16  12.2  14.9  11:15a   8.4   1:16a   5.8   0.0   3.6   6.8  35.4  12:55p   ENE
17  11.1  13.5  12:00a   9.5   9:29p   6.9   0.0   0.2   2.0  22.5  12:11a    SE
18   8.0   9.9  12:27a   6.9   7:39p  10.0   0.0   5.0   6.2  35.4   9:48a    NW
19   7.5   9.3  12:43p   6.8  12:36a  10.5   0.0   7.2   2.8  22.5   5:54a   WNW
20   9.5  13.6  12:24p   5.3  11:49p   8.5   0.0   0.8   5.1  32.2   7:48p   ESE
21   6.2  10.3  11:38a   2.5  11:48p  11.8   0.0   0.8   9.9  53.1  11:57a   ESE
22   2.6   3.8   2:25p   1.6   2:09a  15.4   0.0   0.0   6.8  27.4  12:56p   SSE
23   3.4   5.1   1:22p   1.8   2:39a  14.6   0.0   0.6   7.9  33.8   9:43p     W
24   2.5   4.7   2:33p   1.3  11:16p  15.5   0.0   0.0   6.1  32.2  12:17a   WNW
25   2.0   4.9   1:38p  -0.1   7:42a  16.0   0.0   0.0   0.5   9.7   1:53p    NE
26   2.7   7.7   1:53p  -1.1   7:45a  15.3   0.0   0.0   2.7  19.3   2:11p    NE
27   2.1   3.3  11:23a   0.4  10:22p  15.9   0.0  12.2  10.8  49.9   2:02p   WNW
28   2.7   5.7   3:07p   0.6  12:00a  15.3   0.0   0.0   9.2  33.8  12:55p     W
29   1.4   3.5  12:22p  -1.6   7:12a  16.6   0.0   0.0   3.7  24.1  12:19a     W
30   1.8   3.2   2:53p   0.7  12:48a  16.2   0.0  10.2   5.5  30.6   8:54a   NNE
----------------------------------------------------------------------------------
     5.3  16.3     9    -3.8     8   380.0   0.0  52.8   4.7  53.1    21     WSW

Max >=  27.0:  0
Max <=   0.0:  0
Min <=   0.0:  9
Min <= -18.0:  0
Max Rain: 12.2 on day 27
Days of Rain: 18 (>= 0.2 mm)  8 (>= 2.0 mm)  0 (>= 20.0 mm)
Heat Base: 18.0  Cool Base: 18.0  Method: Integration