NOAA-Style Climate Reports


Report for 2016 October
                   Monthly Climatological Summary for Oct 2016

Name: Jared Court   City: Windsor   State: NS
Elevation: 48 m  Lat: N 44° 58' 41"   Lon: W 064° 06' 20"

                  Temperature (°C), Rain (mm), Wind Speed (km/h)

                                      Heat  Cool        Avg
    Mean                              Deg   Deg         Wind                 Dom
Day Temp  High   Time   Low    Time   Days  Days  Rain  Speed High   Time    Dir
----------------------------------------------------------------------------------
 1  10.9  19.7   3:56p   3.6   5:44a   7.2   0.1   0.2   0.4   8.0  12:46p   WSW
 2  11.6  12.8  11:53a  10.4   7:01a   6.4   0.0   3.0   0.5   9.7   6:47a     E
 3  11.2  14.5  10:22a   3.2  11:59p   6.7   0.0   0.8   3.3  29.0  12:15p   WNW
 4   7.0  16.8   5:41p  -1.5   7:27a  11.0   0.0   0.2   1.0  14.5   2:42p     E
 5   9.2  20.9   4:08p  -0.6   7:53a   9.1   0.3   0.2   0.9  14.5   3:16p   SSW
 6  11.9  21.9   3:28p   2.4   7:10a   6.9   0.7   0.0   1.0  16.1   1:12p     W
 7  14.5  24.1   4:34p   6.4   7:43a   4.8   1.3   0.0   1.1  14.5  11:16a     W
 8  14.0  24.6   1:44p   4.7   7:24a   5.3   1.3   0.2   5.6  35.4   2:08p   ESE
 9  17.1  22.3   2:07p  10.9  11:57p   1.5   0.6   3.0   4.1  20.9   2:20a    SE
10   9.5  10.9  12:00a   8.2  11:49p   8.5   0.0  64.4  11.4  61.2   6:26p   WNW
11   8.4  13.1   4:30p   3.5  11:53p   9.6   0.0   0.0   7.0  43.5   3:32a   WNW
12   9.3  18.3  12:45p   1.0   7:39a   8.7   0.0   0.0   3.7  22.5   1:47p   ESE
13  13.1  20.3   3:19p   6.4   3:45a   5.1   0.2   0.2   5.4  33.8   2:34p   ESE
14  11.8  14.9   3:56a   5.9  11:43p   6.1   0.0   0.0   4.5  27.4  10:16a   WNW
15   7.2  12.0   2:56p   1.2  11:52p  10.8   0.0   0.0   3.6  24.1   8:19a   WNW
16   7.5  17.3   3:51p  -1.0   7:00a  10.5   0.0   0.2   3.7  25.7   2:58p    SE
17  14.3  19.2   3:55p   9.5  11:58p   3.7   0.0   0.0   3.6  27.4   9:34a   WSW
18  10.8  18.0   2:38p   5.5   7:07a   7.2   0.0   0.0   4.5  37.0  11:50p   ESE
19  17.2  22.2   3:34p  12.6   9:52p   1.5   0.7   1.4   8.8  49.9   1:09a    SE
20  11.2  16.7   3:58p   5.5   8:22a   6.8   0.0   0.0   1.7  19.3  11:17a     W
21  13.3  18.6  11:38p   9.9  12:00a   4.7   0.0   0.8   6.5  43.5  12:10p     E
22  18.8  20.8  12:28p  16.1   3:42a   0.2   1.0  24.2  10.8  41.8  12:10p   ESE
23  11.0  16.6  12:00a   5.9  11:58p   7.0   0.0   0.6  15.2  54.7   7:38a    SE
24   8.9  13.6   1:53p   4.8  10:46p   9.1   0.0   0.0   7.4  33.8   3:52p   SSW
25   5.1   7.9   2:59p   3.0   7:16a  12.9   0.0   1.0   4.5  27.4  11:22a     S
26   6.3  10.2   2:03p   3.6  12:52a  11.7   0.0   1.6   2.5  24.1   3:52p   WNW
27   4.8   8.4   3:05p  -1.2  11:01p  13.2   0.0   0.4   4.2  22.5   1:51p    NW
28   2.6   7.4   2:11p  -2.5   7:52a  15.4   0.0   5.0   4.8  30.6   5:41p   NNE
29   9.7  12.7   2:36p   6.3  12:00a   8.2   0.0   2.0   4.2  22.5   7:01a    NW
30   8.4   9.4  12:00a   6.7  11:42p   9.6   0.0   2.8   4.0  30.6   3:43p   WSW
31   7.1   9.1   3:24p   5.6  12:54a  10.9   0.0   0.0   1.8  19.3   4:46p   WNW
----------------------------------------------------------------------------------
    10.4  24.6     8    -2.5    28   240.3   6.2 112.2   4.6  61.2    10     SSE

Max >=  27.0:  0
Max <=   0.0:  0
Min <=   0.0:  5
Min <= -18.0:  0
Max Rain: 64.4 on day 10
Days of Rain: 20 (>= 0.2 mm)  7 (>= 2.0 mm)  2 (>= 20.0 mm)
Heat Base: 18.0  Cool Base: 18.0  Method: Integration