NOAA-Style Climate Reports


Report for 2016 September
                   Monthly Climatological Summary for Sep 2016

Name: Jared Court   City: Windsor   State: NS
Elevation: 48 m  Lat: N 44° 58' 41"   Lon: W 064° 06' 20"

                  Temperature (°C), Rain (mm), Wind Speed (km/h)

                                      Heat  Cool        Avg
    Mean                              Deg   Deg         Wind                 Dom
Day Temp  High   Time   Low    Time   Days  Days  Rain  Speed High   Time    Dir
----------------------------------------------------------------------------------
 1  19.5  25.9   1:39p  16.9   4:36a   0.2   1.7  20.0   2.6  17.7   1:27p   ESE
 2  15.8  18.6   4:51p   9.8  11:39p   2.2   0.0   0.4   4.3  27.4   9:16a   WNW
 3  15.1  21.4   3:59p   9.3  12:50a   3.6   0.7   0.0   2.7  25.7  12:24p   WNW
 4  14.9  24.3   4:15p   6.7   6:22a   4.4   1.3   0.0   2.7  29.0   6:56p    SE
 5  16.1  24.0   3:54p   7.9   5:37a   3.5   1.6   0.0   3.8  30.6   1:00p   ESE
 6  22.4  27.6   2:37p  17.6  12:00a   0.0   4.4   0.4   3.9  20.9   3:14p   ESE
 7  23.3  30.4   3:38p  18.8   6:29a   0.0   5.3   0.2   4.1  29.0   4:41p    SE
 8  22.7  29.2   1:51p  18.3   2:25a   0.0   4.7   0.2   4.6  27.4  11:47a    SE
 9  22.6  27.3   6:00p  18.9  11:57p   0.0   4.6   0.0   5.5  27.4   2:09p    SE
10  20.5  27.2   2:51p  13.8   6:58a   0.7   3.1   0.2   1.9  16.1   7:09p    NW
11  21.6  28.8   4:37p  16.6  11:57p   0.0   3.7   2.4   9.7  46.7   3:42p    SE
12  16.5  22.0   3:49p  10.5   5:30a   2.4   0.9   0.0   6.7  32.2   9:28a   WSW
13  18.9  27.0   4:33p   9.6   7:06a   2.0   2.9   0.0   3.5  30.6  12:19p     S
14  19.4  27.2   3:22p  13.6   5:43a   1.5   2.8   3.6   6.1  33.8   3:40p   SSE
15  13.1  17.1   4:59p   7.1  11:58p   4.9   0.0   0.6   5.0  29.0   2:05a   WNW
16  12.5  22.4   4:14p   3.3   6:46a   6.3   0.7   0.2   2.4  25.7   4:51p   SSE
17  15.3  24.2   3:40p   6.9   6:37a   3.8   1.2   0.0   5.7  32.2   5:05p    SE
18  19.6  24.8   2:01p  14.4   2:19a   0.8   2.4   0.4   7.3  45.1  10:13a    SE
19  20.4  23.6   3:31p  18.2  11:36p   0.0   2.4  13.4   1.1  14.5  11:15p   SSE
20  19.4  24.4   4:10p  17.1   6:58a   0.2   1.6   3.6   1.0  16.1  12:59a   NNE
21  20.2  25.2   1:32p  16.2  11:01p   0.2   2.4   0.0   2.8  32.2   2:04p   WSW
22  17.1  22.7   2:25p  11.2  11:48p   2.2   1.2   0.0   4.2  35.4   3:11p   WSW
23  13.1  17.5   3:04p   9.3   4:49a   4.9   0.0   1.6   4.7  33.8  12:58p    SE
24  11.0  16.2   1:46p   6.8   7:28a   7.0   0.0   0.0   3.8  27.4   1:55p     W
25   8.8  13.8   2:43p   5.1   7:08a   9.2   0.0   0.0   5.0  29.0   4:31p     W
26  10.1  14.8   5:17p   4.4   5:01a   7.6   0.0   0.0   4.4  27.4   1:30p   WSW
27  10.7  13.1   4:48p   8.3   4:01a   7.3   0.0   6.8   3.4  20.9   8:57p   ESE
28  12.0  14.8   2:53p  10.2   1:32a   6.0   0.0   0.4   3.4  22.5   2:35p   NNW
29  12.4  16.3   2:06p   6.8  11:52p   5.6   0.0   0.0   5.1  33.8  11:55a    NW
30   9.6  17.7   2:35p   1.6   7:35a   8.4   0.0   0.0   1.1  12.9  11:57a     W
----------------------------------------------------------------------------------
    16.5  30.4     7     1.6    30    94.9  49.6  54.4   4.1  46.7    11       S

Max >=  27.0:  8
Max <=   0.0:  0
Min <=   0.0:  0
Min <= -18.0:  0
Max Rain: 20.0 on day 1
Days of Rain: 16 (>= 0.2 mm)  6 (>= 2.0 mm)  1 (>= 20.0 mm)
Heat Base: 18.0  Cool Base: 18.0  Method: Integration