NOAA-Style Climate Reports

Select a Year or Month report
2018: Jan Feb Mar Apr May Jun Jul Aug Sep Oct Nov Dec
2017: Jan Feb Mar Apr May Jun Jul Aug Sep Oct Nov Dec
2016: Jan Feb Mar Apr May Jun Jul Aug Sep Oct Nov Dec
2015: Jan Feb Mar Apr May Jun Jul Aug Sep Oct Nov Dec
2014: Jan Feb Mar Apr May Jun Jul Aug Sep Oct Nov Dec
2013: Jan Feb Mar Apr May Jun Jul Aug Sep Oct Nov Dec
2012: Jan Feb Mar Apr May Jun Jul Aug Sep Oct Nov Dec
2011: Jan Feb Mar Apr May Jun Jul Aug Sep Oct Nov Dec

Report for 2016 August
                   Monthly Climatological Summary for Aug 2016

Name: Jared Court   City: Windsor   State: NS
Elevation: 48 m  Lat: N 44° 58' 41"   Lon: W 064° 06' 20"

                  Temperature (°C), Rain (mm), Wind Speed (km/h)

                                      Heat  Cool        Avg
    Mean                              Deg   Deg         Wind                 Dom
Day Temp  High   Time   Low    Time   Days  Days  Rain  Speed High   Time    Dir
----------------------------------------------------------------------------------
 1  20.1  27.9   3:41p  11.5   6:15a   1.4   3.5   0.0   1.7  17.7   3:50p   NNW
 2  19.5  25.7   1:40p  12.4   6:23a   1.3   2.8   0.0   2.1  22.5   6:00p   NNW
 3  18.3  27.3   5:13p   9.0   6:34a   2.5   2.8   0.0   3.0  24.1   6:22p   ESE
 4  19.8  26.9   1:25p  13.7   3:59a   1.1   2.9   1.2   4.3  32.2   2:36p   ESE
 5  23.3  31.4   3:55p  17.8   6:11a   0.0   5.3   0.0   5.8  29.0   6:17p    SE
 6  22.2  27.9   1:12p  17.7   1:27a   0.0   4.2   0.0  10.1  40.2  10:27a   ESE
 7  22.2  27.6   2:12p  17.6   6:02a   0.0   4.2   0.0   3.5  27.4   3:35p     W
 8  19.9  25.2   4:52p  14.2   6:23a   0.7   2.6   0.0   5.6  37.0   4:11p   WSW
 9  17.8  24.0   6:12p  11.1   6:07a   1.9   1.7   0.0   2.9  30.6  12:29p   WSW
10  20.2  31.4   2:55p   8.8   6:30a   2.3   4.5   0.0   2.4  22.5  12:13p   SSW
11  22.5  29.2   1:20p  18.3  12:00a   0.0   4.5   0.0   3.1  30.6   4:22p    SE
12  20.1  25.9   1:25p  16.3  11:59p   0.1   2.2   0.4   1.6  20.9   2:45p    NW
13  18.9  24.4   5:24p  13.9   6:23a   1.0   2.0   0.0   1.5  16.1   7:54p    NW
14  18.7  21.4   6:07p  16.8   5:51a   0.3   1.0   4.4   3.2  20.9  10:04a     E
15  19.2  22.6   4:11p  16.9   6:21a   0.2   1.4   0.0   1.9  17.7   4:22p     W
16  20.5  26.4   2:07p  15.7   4:26a   0.4   2.9   0.0   2.2  17.7   7:02p   WSW
17  17.9  22.2   2:46p  15.1   6:28a   0.7   0.6  13.6   5.9  46.7  10:05a   ESE
18  21.3  28.2   4:59p  15.9   6:30a   0.5   3.9   0.0   3.8  27.4   5:13p   WSW
19  20.6  24.6   1:45p  15.3  11:46p   0.2   2.9   0.0   2.5  22.5  12:06p   WNW
20  19.4  26.7   2:00p  14.5   1:48a   0.9   2.2   0.0   3.6  29.0   5:22p   ESE
21  20.1  25.6   1:32p  14.2   6:11a   0.5   2.7   0.0   6.6  33.8   4:17p   ESE
22  21.6  28.1   2:17p  17.8   5:59a   0.0   3.6   1.4   8.5  40.2   2:40p   ESE
23  19.2  24.4   4:45p  13.8   6:51a   0.9   2.1   0.0   6.7  30.6  11:54a   WSW
24  22.5  29.7   5:09p  15.6   6:46a   0.3   4.8   0.0   4.0  25.7   4:30p    SW
25  21.8  29.6   3:47p  14.4   5:22a   0.7   4.5   0.0   5.4  37.0   2:21p    SE
26  21.5  24.1   4:36p  18.8   4:46a   0.0   3.5   0.0   5.8  25.7   1:56p    SE
27  20.7  25.0   2:45p  14.8  11:59p   0.2   2.9   0.0   3.4  25.7   2:32p   WNW
28  17.9  25.6   3:08p  10.3   4:02a   2.0   1.9   0.2   2.0  20.9   7:06p   SSW
29  20.2  26.3   4:34p  16.9   2:09a   0.2   2.4   0.0   7.7  37.0   2:36p     S
30  18.8  25.1   4:57p  12.5   5:43a   1.2   2.0   0.0   2.9  25.7   2:25a     W
31  20.2  25.5   1:18p  14.1   6:59a   0.5   2.6   0.0   3.2  29.0   2:13p   SSE
----------------------------------------------------------------------------------
    20.2  31.4     5     8.8    10    22.0  91.1  21.2   4.1  46.7    17     SSE

Max >=  27.0: 11
Max <=   0.0:  0
Min <=   0.0:  0
Min <= -18.0:  0
Max Rain: 13.6 on day 17
Days of Rain: 6 (>= 0.2 mm)  2 (>= 2.0 mm)  0 (>= 20.0 mm)
Heat Base: 18.0  Cool Base: 18.0  Method: Integration