NOAA-Style Climate Reports

Select a Year or Month report
2018: Jan Feb Mar Apr May Jun Jul Aug Sep Oct Nov Dec
2017: Jan Feb Mar Apr May Jun Jul Aug Sep Oct Nov Dec
2016: Jan Feb Mar Apr May Jun Jul Aug Sep Oct Nov Dec
2015: Jan Feb Mar Apr May Jun Jul Aug Sep Oct Nov Dec
2014: Jan Feb Mar Apr May Jun Jul Aug Sep Oct Nov Dec
2013: Jan Feb Mar Apr May Jun Jul Aug Sep Oct Nov Dec
2012: Jan Feb Mar Apr May Jun Jul Aug Sep Oct Nov Dec
2011: Jan Feb Mar Apr May Jun Jul Aug Sep Oct Nov Dec

Report for 2016 July
                   Monthly Climatological Summary for Jul 2016

Name: Jared Court   City: Windsor   State: NS
Elevation: 48 m  Lat: N 44° 58' 41"   Lon: W 064° 06' 20"

                  Temperature (°C), Rain (mm), Wind Speed (km/h)

                                      Heat  Cool        Avg
    Mean                              Deg   Deg         Wind                 Dom
Day Temp  High   Time   Low    Time   Days  Days  Rain  Speed High   Time    Dir
----------------------------------------------------------------------------------
 1  21.9  29.3   3:16p  13.6   6:07a   0.7   4.6   0.0   3.5  33.8   6:14p   ESE
 2  18.1  22.5   3:07p  14.9   4:50a   1.0   1.1   0.0   9.9  43.5  11:40a   ESE
 3  19.0  23.6   6:17p  13.7   5:52a   1.0   2.0   0.0   7.4  46.7   2:07p    SW
 4  21.6  27.8   3:10p  14.8   4:21a   0.8   4.4   0.0   5.4  32.2   1:59p    SW
 5  21.2  29.0  11:51a  15.9  11:34p   0.2   3.4   0.4   2.6  19.3  12:35a   SSE
 6  18.3  23.8   4:49p  13.4  11:54p   1.0   1.3   4.8   2.9  19.3   8:49a   WNW
 7  13.9  17.4   2:53p  11.8   1:35a   4.1   0.0   4.6   4.6  24.1   8:32p     E
 8  13.8  17.3   5:02p  10.8   6:17a   4.1   0.0   7.2   4.4  20.9  12:08a     N
 9  14.8  18.6   3:48p  11.4   7:01a   3.2   0.0   0.4   2.9  16.1   3:46a     N
10  14.2  15.6  12:26p  13.0   7:10a   3.8   0.0   6.0   2.2  17.7   9:44a   NNE
11  16.3  21.4   5:26p  12.6  11:58p   2.4   0.7   4.4   4.9  30.6   3:32p     W
12  19.5  29.7   4:54p   9.7   5:43a   2.2   3.7   0.0   2.1  32.2   5:27p   WNW
13  20.3  30.7   2:14p  12.2   5:43a   1.3   3.6   0.2   4.5  30.6   4:41p   ESE
14  22.6  30.2   4:27p  15.7   2:58a   0.4   5.0   0.0   8.8  41.8   7:09p    SE
15  23.7  31.8   4:41p  18.0  12:46a   0.0   5.7   1.4   7.9  35.4   6:22p    SE
16  23.9  32.7   1:45p  17.2   5:52a   0.1   5.9   0.0   3.6  29.0   2:20p   ESE
17  20.7  26.6   2:14p  16.2   5:19a   0.2   2.9   0.2   2.8  22.5   7:30p   ESE
18  22.0  28.2   1:42p  17.7   5:56a   0.0   4.0   0.0   6.6  32.2   3:56p   ESE
19  21.5  25.8   3:33p  15.2  11:19p   0.1   3.7   0.0   4.8  24.1   1:41p    SW
20  19.0  24.2   6:21p  12.7   6:15a   1.4   2.4   0.0   5.9  38.6   1:07p   WSW
21  22.4  29.5   3:26p  14.6   5:49a   0.6   5.0   0.0   3.4  24.1   5:40p    SW
22  22.6  29.8   1:33p  16.2   6:02a   0.1   4.7   0.0   9.8  35.4   6:26p    SE
23  22.4  29.0   4:03p  18.1  11:49p   0.0   4.4   1.2   4.1  24.1   9:51a    SE
24  22.3  29.9   4:05p  15.6   6:18a   0.5   4.8   0.0   2.1  24.1   2:37p     W
25  22.9  30.4  12:56p  15.9   6:02a   0.3   5.2   0.0   1.6  19.3   1:38p     W
26  20.4  24.4   4:32p  17.5   6:43a   0.0   2.4   2.2   5.0  27.4  12:51p   ESE
27  23.0  30.0   5:41p  18.5  12:06a   0.0   5.0   0.0   1.7  20.9   2:47p   WNW
28  23.3  31.9   2:35p  16.7   5:48a   0.1   5.5   0.0   4.7  33.8   6:34p   ESE
29  21.5  29.2   1:29p  17.4   3:48a   0.1   3.5   2.6   3.1  29.0   2:12p   ESE
30  22.3  28.1   4:43p  17.7  11:19p   0.0   4.3   0.0   2.5  20.9   2:31p     W
31  21.5  27.2   1:14p  14.4   6:51a   0.3   3.8   0.0   2.1  22.5   3:20p     W
----------------------------------------------------------------------------------
    20.4  32.7    16     9.7    12    30.0 103.0  35.6   4.4  46.7     3      SE

Max >=  27.0: 19
Max <=   0.0:  0
Min <=   0.0:  0
Min <= -18.0:  0
Max Rain: 7.2 on day 8
Days of Rain: 13 (>= 0.2 mm)  7 (>= 2.0 mm)  0 (>= 20.0 mm)
Heat Base: 18.0  Cool Base: 18.0  Method: Integration