NOAA-Style Climate Reports


Report for 2016 June
                   Monthly Climatological Summary for Jun 2016

Name: Jared Court   City: Windsor   State: NS
Elevation: 48 m  Lat: N 44° 58' 41"   Lon: W 064° 06' 20"

                  Temperature (°C), Rain (mm), Wind Speed (km/h)

                                      Heat  Cool        Avg
    Mean                              Deg   Deg         Wind                 Dom
Day Temp  High   Time   Low    Time   Days  Days  Rain  Speed High   Time    Dir
----------------------------------------------------------------------------------
 1  14.4  17.7   2:41p   7.6  11:59p   3.6   0.0   0.0   4.9  30.6  10:17a    NW
 2  10.4  17.9  12:23p   2.7   6:00a   7.6   0.0   0.0   6.3  32.2   4:26p   ESE
 3  12.5  19.3   3:50p   6.3   3:43a   5.5   0.0   0.0   6.9  37.0   1:09p   ESE
 4  14.1  20.8   3:09p   8.8   2:14a   4.3   0.4   0.0   2.7  20.9   3:53p    NW
 5  15.4  21.8   3:15p  10.2   4:23a   3.3   0.7   0.0   4.4  27.4   7:37p    SE
 6  13.7  17.3  11:46a  11.0   6:03a   4.3   0.0   2.2  10.3  49.9  11:37a     E
 7  15.8  20.9   3:05p  13.2   9:16p   2.6   0.4   0.0   8.5  32.2   1:51p   ESE
 8  17.1  23.8   3:31p  12.7   6:02a   2.4   1.5   4.4   5.8  29.0   6:04p     S
 9  12.2  14.1  12:00a   8.5  11:53p   5.8   0.0   0.8   7.6  35.4  11:16a    SW
10  10.6  15.8   6:45p   8.1   1:30a   7.4   0.0   0.2   6.1  30.6  11:39a     W
11  15.8  22.2   2:54p   7.5   4:28a   3.1   1.0   0.0   2.8  24.1  12:52p   SSW
12  14.0  17.0   4:29p  11.8   5:58a   4.0   0.0   1.0   5.1  32.2   9:41a     E
13  13.4  16.8   3:00p  11.0  11:57p   4.6   0.0   1.0   4.3  25.7  12:32p    SE
14   9.9  11.3   1:33p   8.7   7:35a   8.1   0.0   0.6   5.2  25.7   6:00p   WSW
15  11.3  14.2  11:44a   9.4  12:17a   6.7   0.0   0.8   5.0  29.0   4:23p     W
16  11.7  14.1  11:30a   9.5  11:20p   6.3   0.0   0.0   3.9  30.6   2:12p     W
17  12.9  19.9   3:39p   6.0   5:36a   5.3   0.2   0.0   5.0  32.2   4:05p   WNW
18  16.2  24.9   4:43p   4.3   6:02a   4.1   2.3   0.0   2.8  25.7   3:45p     W
19  20.9  28.9   3:22p  13.0   4:32a   1.2   4.2   0.0   4.9  32.2   2:28p   SSW
20  19.4  28.0   2:07p  12.7   4:33a   1.4   2.8   0.0   9.8  46.7   4:32p    SE
21  18.0  27.7   1:40p  11.9  12:20a   2.1   2.0   0.0  10.2  35.4   1:55p   ESE
22  18.2  24.6   1:40p  14.1  10:58p   1.1   1.3  11.6   3.7  19.3  12:02a     E
23  18.0  24.6   5:11p  12.1   6:30a   2.0   2.0   2.2   3.6  30.6   4:01p   SSW
24  16.9  22.6   5:38p   9.2   6:22a   2.6   1.5   0.0   3.0  22.5   1:55p   WNW
25  18.3  28.1   2:47p   7.9   4:39a   2.9   3.3   0.0   3.6  27.4   3:15p   ESE
26  19.6  28.4   6:56p   9.4   5:31a   2.2   3.9   0.0   2.1  22.5   3:51p    NE
27  21.3  30.7   3:50p  14.3   1:43a   0.9   4.1   0.0   7.0  38.6   7:52p    SE
28  20.3  27.1   3:08p  13.4   4:28a   1.1   3.3   0.0  11.0  40.2   4:56p   ESE
29  19.7  23.0  12:34p  17.4   5:38a   0.0   1.8   0.0   8.5  29.0  12:53p   ESE
30  21.2  27.9   3:24p  17.3   1:14a   0.1   3.4   0.8   4.7  24.1   6:39p    SE
----------------------------------------------------------------------------------
    15.8  30.7    27     2.7     2   106.6  40.1  25.6   5.7  49.9     6      SE

Max >=  27.0:  8
Max <=   0.0:  0
Min <=   0.0:  0
Min <= -18.0:  0
Max Rain: 11.6 on day 22
Days of Rain: 11 (>= 0.2 mm)  4 (>= 2.0 mm)  0 (>= 20.0 mm)
Heat Base: 18.0  Cool Base: 18.0  Method: Integration