NOAA-Style Climate Reports


Report for 2016 May
                   Monthly Climatological Summary for May 2016

Name: Jared Court   City: Windsor   State: NS
Elevation: 48 m  Lat: N 44° 58' 41"   Lon: W 064° 06' 20"

                  Temperature (°C), Rain (mm), Wind Speed (km/h)

                                      Heat  Cool        Avg
    Mean                              Deg   Deg         Wind                 Dom
Day Temp  High   Time   Low    Time   Days  Days  Rain  Speed High   Time    Dir
----------------------------------------------------------------------------------
 1   7.9  17.7   5:16p  -2.4   5:46a  10.1   0.0   0.0   4.1  29.0   5:28p   ESE
 2   8.5  14.7   2:08p   4.9   5:12a   9.5   0.0   5.0   9.0  33.8   2:48p     E
 3   7.9  10.7   1:53p   4.9  11:56p  10.1   0.0   2.4   5.0  27.4   1:32a   WNW
 4   6.2   9.6   4:01p   3.3   6:17a  11.8   0.0   0.0   5.9  20.9   6:12a   NNW
 5   5.6   7.6   3:46p   3.4   4:11a  12.4   0.0  11.8   5.8  25.7  11:40a   NNW
 6   7.2   9.1   5:41p   5.9  12:30a  10.8   0.0  16.4   5.0  24.1   2:08p   WNW
 7  11.0  19.2   4:14p   5.2   6:40a   7.1   0.0   1.2   4.2  20.9   1:14p     E
 8  13.1  22.8   3:21p   8.6   4:39a   5.2   0.3   0.2   6.6  35.4   3:05p   ESE
 9   8.0  11.5   1:49p   4.3   6:47a  10.0   0.0   0.0  11.4  46.7   1:52p     S
10   9.5  14.2   5:15p   5.5   6:04a   8.5   0.0   0.0   9.0  37.0   7:44a   WSW
11   9.8  14.7   6:17p   3.9   6:21a   8.2   0.0   0.0   4.7  29.0   1:34p   WNW
12   9.7  17.7   4:54p   0.2   4:28a   8.2   0.0   0.0   6.1  30.6  11:00a   WNW
13   9.3  17.0   2:26p   1.2   6:10a   8.7   0.0   0.0   8.8  37.0   3:27p   ESE
14  13.7  20.8   6:38p   6.8  12:00a   4.6   0.3   2.6   5.5  27.4   5:18p   ESE
15  11.7  18.0  12:50p   8.3   5:17a   6.3   0.0   2.6   9.4  37.0   1:12p   ESE
16   7.3  10.2  10:29a   4.5   7:59p  10.7   0.0   0.2   9.5  53.1  12:24p     S
17   9.8  15.3   6:07p   5.0  12:40a   8.2   0.0   0.2   8.6  38.6   3:16p   WSW
18  12.7  19.1   5:06p   6.0   4:36a   5.4   0.1   0.0   3.7  24.1   1:31p   WNW
19  12.4  21.9   3:01p   2.3   5:51a   6.2   0.6   0.0   4.6  32.2   5:26p   ESE
20  13.5  19.4   4:45p   8.4   5:50a   4.6   0.1   0.8   2.9  19.3   5:53p     W
21  20.1  27.3   4:22p  12.6   4:20a   1.5   3.6   0.0   4.6  35.4   1:14p   SSW
22  14.9  18.8   2:05p  12.1   6:47a   3.2   0.0   4.0   5.5  27.4   4:08p     E
23  13.1  15.9   3:08p  10.9  11:54p   4.9   0.0   2.4   5.8  35.4   3:34a   NNE
24  15.0  21.3   6:29p   8.6   6:24a   3.6   0.6   0.0   6.1  25.7   3:11p   ESE
25  16.0  24.1   2:55p  12.1   4:40a   2.6   0.7  11.2   5.5  29.0   3:07p   ESE
26  13.3  19.6  12:45p   7.9  11:58p   4.7   0.1   0.0   5.1  32.2   1:54p   WNW
27  10.1  17.1   1:53p   7.1   5:50a   7.9   0.0   0.0   6.2  35.4   5:00p   ESE
28  12.7  19.1   2:42p   7.1  11:59p   5.4   0.1   1.6   4.7  25.7   2:10p   NNW
29  11.0  19.4   2:38p   6.4   2:17a   7.0   0.1   0.0   4.5  25.7   4:36p   ESE
30  13.6  19.7   6:13p   8.8   3:58a   4.6   0.2   5.2   7.3  30.6   9:48a   ESE
31  21.3  29.1   3:53p  14.2  11:53p   0.4   3.8   0.0   4.6  32.2   3:21p   SSE
----------------------------------------------------------------------------------
    11.5  29.1    31    -2.4     1   212.4  10.6  67.8   6.1  53.1    16      SE

Max >=  27.0:  2
Max <=   0.0:  0
Min <=   0.0:  1
Min <= -18.0:  0
Max Rain: 16.4 on day 6
Days of Rain: 16 (>= 0.2 mm)  10 (>= 2.0 mm)  0 (>= 20.0 mm)
Heat Base: 18.0  Cool Base: 18.0  Method: Integration