NOAA-Style Climate Reports


Report for 2016 April
                   Monthly Climatological Summary for Apr 2016

Name: Jared Court   City: Windsor   State: NS
Elevation: 48 m  Lat: N 44° 58' 41"   Lon: W 064° 06' 20"

                  Temperature (°C), Rain (mm), Wind Speed (km/h)

                                      Heat  Cool        Avg
    Mean                              Deg   Deg         Wind                 Dom
Day Temp  High   Time   Low    Time   Days  Days  Rain  Speed High   Time    Dir
----------------------------------------------------------------------------------
 1  13.7  17.6   1:32p   9.7   2:52a   4.3   0.0   5.4  14.7  48.3   1:03a    SE
 2   9.8  15.8  12:05a   6.8   8:22p   8.2   0.0   6.2   2.0  27.4   2:19a    SW
 3   3.4   6.9  12:00a  -3.4  11:45p  14.6   0.0   6.4   5.9  53.1   9:25p     W
 4  -4.1   0.2   4:03p  -7.8   7:16a  22.1   0.0   0.0  11.1  46.7  12:39a   WSW
 5  -3.9  -0.7   5:14p  -7.5  11:59p  21.9   0.0   0.2   7.1  30.6   1:18p   WNW
 6  -3.2   1.5   6:12p  -7.7  12:10a  21.2   0.0   0.0  10.8  45.1   1:15p   WSW
 7   5.8  13.4   2:46p  -0.7   1:05a  12.2   0.0   0.2  22.0  66.0  11:29p   ESE
 8  10.5  13.0   3:46a   8.1  11:40p   7.4   0.0  19.4  26.4  91.7   6:55a   ESE
 9   7.2  11.6   5:13p   3.1  11:27p  10.8   0.0   0.0   6.1  30.6   2:48p    SE
10   0.9   3.3   6:12p  -2.2   9:08a  15.7   0.0   6.8   3.4  37.0   5:31p     W
11   2.2   7.1   3:50p  -5.4   6:57a  15.8   0.0   0.6  ----  41.8   4:30p   ESE
12   9.9  14.3   1:51p   5.2  12:00a   8.1   0.0   0.8  ----  54.7  10:58p   ESE
13   8.1  11.9   4:58p   2.1  11:59p   9.8   0.0  10.4  ----  53.1  12:08a   WSW
14   3.2   8.6   3:08p  -1.9   6:36a  14.8   0.0   0.0  ----  37.0   1:34p   NNW
15   3.0   6.8   1:17p   1.5  11:50p  15.0   0.0   0.2  ----  46.7   2:11p    NW
16   2.0   5.1   4:15p  -0.1  11:59p  16.0   0.0   0.0  ----  35.4  11:25a   NNW
17   5.1  14.8   5:04p  -1.2   6:31a  12.8   0.0   0.0  ----  19.3  12:50a    NW
18   4.9  10.1   2:30p   0.4  11:57p  13.1   0.0   0.0  ----  30.6   1:56p    NW
19   3.4   9.8   3:21p  -1.8   5:57a  14.6   0.0   0.0  ----  24.1   4:12p    NW
20   3.5   9.9   2:00p  -1.9   6:22a  14.5   0.0   0.0  ----  40.2   5:12p   WNW
21   9.8  20.5   5:00p   0.2   2:27a   8.4   0.2   0.0  ----  41.8   2:00p     W
22  11.9  21.5   5:36p   0.7   6:27a   6.7   0.6   0.0  ----  24.1   1:55p     W
23  11.5  16.6   2:00p   5.7   5:54a   6.5   0.0  10.8  ----  20.9   8:40a   ENE
24   5.6  10.1   5:37p   1.5  11:59p  12.4   0.0   0.8  ----  33.8   6:48a   WNW
25   3.6   8.9   2:34p  -3.8   6:11a  14.4   0.0   0.0  ----  41.8   1:29p     W
26   2.1   9.5   1:49p  -4.7   6:10a  15.9   0.0   0.2  ----  20.9   6:31p     S
27   5.0  13.1   4:10p  -3.5   5:27a  13.0   0.0   0.2  ----  33.8   6:04p   SSE
28   2.5   5.3   4:13p  -1.2  11:57p  15.5   0.0   0.6  ----  41.8   4:48p     W
29   3.3   9.6   6:00p  -4.2   3:47a  14.7   0.0   0.0  ----  22.5   4:57p   WNW
30   5.9  14.5   5:17p  -3.6   5:38a  12.1   0.0   0.0  ----  20.9   2:31p   WNW
----------------------------------------------------------------------------------
     4.9  21.5    22    -7.8     4   392.5   0.8  69.2  11.5  91.7     8     SSE

Max >=  27.0:  0
Max <=   0.0:  1
Min <=   0.0: 18
Min <= -18.0:  0
Max Rain: 19.4 on day 8
Days of Rain: 16 (>= 0.2 mm)  7 (>= 2.0 mm)  0 (>= 20.0 mm)
Heat Base: 18.0  Cool Base: 18.0  Method: Integration