NOAA-Style Climate Reports


Report for 2016 March
                   Monthly Climatological Summary for Mar 2016

Name: Jared Court   City: Windsor   State: NS
Elevation: 48 m  Lat: N 44° 58' 41"   Lon: W 064° 06' 20"

                  Temperature (°C), Rain (mm), Wind Speed (km/h)

                                      Heat  Cool        Avg
    Mean                              Deg   Deg         Wind                 Dom
Day Temp  High   Time   Low    Time   Days  Days  Rain  Speed High   Time    Dir
----------------------------------------------------------------------------------
 1   1.9   8.1  12:30a  -4.3  11:52p  16.1   0.0   0.0   8.2  41.8   9:59a   WSW
 2   3.5  10.8   7:16p  -6.1   1:47a  14.5   0.0  21.6  16.7  67.6   2:39p   ESE
 3  -5.8   2.6  12:00a  -9.2  11:56p  23.8   0.0   0.2  13.3  40.2   3:42a   WSW
 4  -6.7  -1.0   3:41p -12.2   6:37a  24.7   0.0   0.0   4.3  29.0  12:01a     W
 5  -5.0  -3.2   2:52p  -6.9  10:16p  23.0   0.0   0.0  12.1  43.5   1:26p    NW
 6  -4.8   1.4   4:14p -12.2   7:13a  22.8   0.0   0.0   3.2  24.1  12:08a     W
 7  -1.6   5.4   1:19p -10.3   6:51a  19.6   0.0   0.0   7.3  40.2   3:20p    SE
 8   2.1   7.3   3:30p  -4.1  11:55p  15.9   0.0   0.0   5.0  30.6  10:34a     W
 9   1.7   8.4  10:18p  -6.2   3:54a  16.3   0.0   0.6   7.1  32.2   9:50a   ESE
10   4.1   9.7   2:09a  -0.9  11:43p  13.9   0.0   0.2   4.6  30.6   7:01a   NNW
11  -1.4  -0.2   2:51p  -3.7   9:31p  19.4   0.0   1.0   4.0  27.4   3:23p    NW
12  -0.9   2.5   3:30p  -6.6   6:51a  18.9   0.0   3.6   3.7  24.1   3:45p   SSE
13   3.1   6.7   3:50p  -1.6  11:33p  14.2   0.0   1.4  10.9  43.5  12:51p   WNW
14  -1.0   4.1   4:12p  -4.9   7:51a  19.0   0.0   0.0   5.9  43.5  12:00a   NNW
15   0.3   5.8   4:16p  -4.1   5:29a  17.7   0.0   0.4   8.8  32.2  12:16p     E
16   5.2  11.2   4:29p   1.2  12:00a  12.8   0.0   7.2   3.9  25.7   2:47p   ENE
17   1.3   4.5  12:00a  -0.8   7:46a  16.7   0.0   2.4   3.7  24.1  10:38p    NE
18   1.0   4.4  12:43p  -3.4  11:51p  17.0   0.0   3.6   6.0  29.0  12:43a   SSW
19  -3.5  -0.4   3:25p  -5.7   6:27a  21.5   0.0   0.0   6.7  38.6   3:36p   WSW
20  -4.0   0.0   5:23p  -7.5   7:34a  22.0   0.0   0.0   6.4  30.6   2:36a     W
21  -2.6   0.9   3:37p  -6.3   2:01a  20.6   0.0   3.4   6.1  30.6   6:56p   WNW
22  -2.2  -0.2   4:53p  -3.9   6:58a  20.1   0.0   0.6  11.5  51.5   9:22a   WSW
23  -0.4   4.3  11:52a  -5.3   3:03a  18.4   0.0   4.0   4.4  25.7  10:52p   WSW
24  -4.0  -1.6  12:00a  -8.0   7:19a  22.0   0.0   0.0   3.1  20.9   8:50a     W
25   2.6   9.3  10:20p  -2.7   1:33a  15.0   0.0  11.2   6.7  30.6  12:57p     E
26  -0.3   7.2  12:00a  -3.3  11:50p  18.3   0.0   0.4   7.5  32.2   9:53a    NW
27  -0.2   8.7   3:25p  -6.1   5:19a  18.0   0.0   0.0   5.6  27.4   7:24p   ESE
28   4.1   9.6  11:31p  -0.8  12:05a  13.9   0.0   4.8   8.5  41.8   1:14p     E
29   4.6   9.6  12:00a  -0.3   7:43p  13.4   0.0   3.0  13.9  61.2  12:50p   WSW
30   3.1   9.0   5:37p  -1.6   6:58a  14.9   0.0   0.0   8.5  35.4   2:22a   WSW
31  10.5  19.3   4:47p   2.9   1:44a   7.5   0.0   0.0  11.9  56.3   5:16p   SSE
----------------------------------------------------------------------------------
     0.2  19.3    31   -12.2     4   551.9   0.0  69.6   7.4  67.6     2     WSW

Max >=  27.0:  0
Max <=   0.0:  7
Min <=   0.0: 29
Min <= -18.0:  0
Max Rain: 21.6 on day 2
Days of Rain: 18 (>= 0.2 mm)  10 (>= 2.0 mm)  1 (>= 20.0 mm)
Heat Base: 18.0  Cool Base: 18.0  Method: Integration