NOAA-Style Climate Reports

Select a Year or Month report
2018: Jan Feb Mar Apr May Jun Jul Aug Sep Oct Nov Dec
2017: Jan Feb Mar Apr May Jun Jul Aug Sep Oct Nov Dec
2016: Jan Feb Mar Apr May Jun Jul Aug Sep Oct Nov Dec
2015: Jan Feb Mar Apr May Jun Jul Aug Sep Oct Nov Dec
2014: Jan Feb Mar Apr May Jun Jul Aug Sep Oct Nov Dec
2013: Jan Feb Mar Apr May Jun Jul Aug Sep Oct Nov Dec
2012: Jan Feb Mar Apr May Jun Jul Aug Sep Oct Nov Dec
2011: Jan Feb Mar Apr May Jun Jul Aug Sep Oct Nov Dec

Report for 2016 February
                   Monthly Climatological Summary for Feb 2016

Name: Jared Court   City: Windsor   State: NS
Elevation: 48 m  Lat: N 44° 58' 41"   Lon: W 064° 06' 20"

                  Temperature (°C), Rain (mm), Wind Speed (km/h)

                                      Heat  Cool        Avg
    Mean                              Deg   Deg         Wind                 Dom
Day Temp  High   Time   Low    Time   Days  Days  Rain  Speed High   Time    Dir
----------------------------------------------------------------------------------
 1   6.3  12.4   3:33p   1.9   1:18a  11.7   0.0   0.2   7.5  33.8  11:06p    SE
 2  -0.5   4.6  12:00a  -6.8  11:56p  18.5   0.0   0.0   6.0  25.7   1:38a     W
 3  -4.0   5.2  11:56p -11.5   6:00a  22.0   0.0   0.6   8.5  53.1  11:40p   ESE
 4   9.1  12.3  11:33a   5.2  12:00a   8.9   0.0   3.8   8.5  49.9  12:25a    SE
 5   1.8   5.7  12:00a  -3.3  11:57p  16.2   0.0  20.6   4.9  46.7  11:42p    NW
 6  -3.7  -1.1   3:51p  -7.3   7:42a  21.7   0.0   1.8   9.3  51.5  12:42a   WSW
 7  -0.2   5.0  12:57p  -6.6  11:53p  18.2   0.0   5.6   9.3  33.8  12:06p     S
 8  -5.6  -3.3   2:19p  -8.3   3:34a  23.6   0.0   0.0  11.0  43.5   3:10p   NNW
 9  -3.1  -1.4   1:41p  -4.3  12:00a  21.1   0.0   1.4   5.1  30.6   1:24a    NW
10  -3.3  -0.3   2:51p  -9.9   7:42a  21.3   0.0   0.2   3.0  24.1  12:00p   SSW
11  -2.5   1.1   3:29p  -8.1   7:33a  20.5   0.0   0.0   3.9  27.4  12:58p    SE
12  -8.8  -3.7  12:00a -12.1   6:33p  26.8   0.0   0.0   7.1  35.4  12:57p   WSW
13 -11.0  -8.3   1:26p -13.3  10:50p  29.0   0.0   0.0   3.7  27.4   2:06p   NNW
14 -11.4  -9.1  12:33a -14.3   9:25p  29.2   0.0   0.0   8.0  32.2  10:42a     W
15 -11.0  -4.8   3:10p -15.2   6:04a  29.0   0.0   0.0   6.3  32.2  12:40a   WSW
16   4.1  13.0  11:57p -10.9  12:08a  13.9   0.0   6.4  19.4  80.5  11:55p   ESE
17   7.9  13.9   1:45p  -0.6  11:41p  10.1   0.0  16.6  13.2  83.7   1:25a    SE
18  -0.7   2.9   3:15p  -4.6   6:51a  18.7   0.0   0.2   4.9  29.0   2:42p    NW
19  -3.1   0.7   4:00p  -5.8   7:22a  21.1   0.0   0.0   5.6  25.7   2:45a   WNW
20  -0.5   5.7   8:53p  -6.9   2:51a  18.5   0.0   4.4  11.2  57.9   8:53p   ESE
21   5.1   6.9   2:11p   3.2  11:58p  12.9   0.0   0.4   4.9  30.6   4:05a   SSE
22  -1.4   3.2  12:00a  -7.9  11:52p  19.4   0.0   0.0   5.5  25.7  11:45a     W
23  -6.1  -1.2   2:31p -10.4   7:21a  24.1   0.0   0.0   3.0  17.7   2:26a    NW
24   0.4   6.2   5:48p  -8.2   2:27a  17.6   0.0   1.6   5.4  33.8   3:52p     E
25  10.8  14.9   1:44p   5.1  12:00a   7.2   0.0  12.8  24.1  69.2   3:11p    SE
26   3.3   7.7  12:00a  -3.4  11:54p  14.7   0.0   1.0  13.1  56.3   1:51a     S
27  -3.2   1.4   5:17p  -7.6   7:16a  21.2   0.0   0.0   8.3  33.8   4:46a   WSW
28   2.7   9.2   1:44p  -3.6  12:06a  15.3   0.0   0.0   8.4  38.6   6:53a   SSE
29   7.2  16.9   1:21p  -1.5   2:24a  10.8   0.0   0.0  11.6  54.7   1:20p   ESE
----------------------------------------------------------------------------------
    -0.7  16.9    29   -15.2    15   543.2   0.0  77.6   8.3  83.7    17     SSE

Max >=  27.0:  0
Max <=   0.0:  9
Min <=   0.0: 25
Min <= -18.0:  0
Max Rain: 20.6 on day 5
Days of Rain: 16 (>= 0.2 mm)  7 (>= 2.0 mm)  1 (>= 20.0 mm)
Heat Base: 18.0  Cool Base: 18.0  Method: Integration