NOAA-Style Climate Reports

Select a Year or Month report
2018: Jan Feb Mar Apr May Jun Jul Aug Sep Oct Nov Dec
2017: Jan Feb Mar Apr May Jun Jul Aug Sep Oct Nov Dec
2016: Jan Feb Mar Apr May Jun Jul Aug Sep Oct Nov Dec
2015: Jan Feb Mar Apr May Jun Jul Aug Sep Oct Nov Dec
2014: Jan Feb Mar Apr May Jun Jul Aug Sep Oct Nov Dec
2013: Jan Feb Mar Apr May Jun Jul Aug Sep Oct Nov Dec
2012: Jan Feb Mar Apr May Jun Jul Aug Sep Oct Nov Dec
2011: Jan Feb Mar Apr May Jun Jul Aug Sep Oct Nov Dec

Report for 2016 January
                   Monthly Climatological Summary for Jan 2016

Name: Jared Court   City: Windsor   State: NS
Elevation: 48 m  Lat: N 44° 58' 41"   Lon: W 064° 06' 20"

                  Temperature (°C), Rain (mm), Wind Speed (km/h)

                                      Heat  Cool        Avg
    Mean                              Deg   Deg         Wind                 Dom
Day Temp  High   Time   Low    Time   Days  Days  Rain  Speed High   Time    Dir
----------------------------------------------------------------------------------
 1   0.0   1.6  12:00a  -2.9   9:31p  18.0   0.0   0.4   2.6  25.7   5:03a    SW
 2  -0.3   2.8   2:47p  -3.1   2:27a  18.3   0.0   0.8   3.5  29.0   2:53p     S
 3   1.4   3.1   8:07p   0.1   8:49a  16.6   0.0   0.8   5.8  32.2   1:54a    SE
 4  -2.7   1.2  12:16a  -9.1  11:53p  20.7   0.0   0.0   5.1  33.8   9:07p    NW
 5 -10.4  -7.5   2:49p -12.5  10:59p  28.4   0.0   0.0   5.4  30.6   2:10a   WNW
 6  -3.5   1.6   3:00p -11.4  12:00a  21.5   0.0   0.0   3.4  29.0  11:51a    SW
 7  -2.9   4.2   2:38p  -8.8   7:56a  20.9   0.0   0.0   1.7  19.3   1:21p   WSW
 8  -5.1  -0.7   2:20p -11.7   7:34a  23.1   0.0   0.0   2.4  17.7   2:41p   NNW
 9  -2.9  -1.5   4:16p  -4.3   7:04a  20.9   0.0   0.0   2.6  19.3  12:41a   NNE
10   2.0   8.0  11:36p  -2.3  12:38a  16.0   0.0   0.2   9.2  67.6  11:14p     E
11   6.2  10.9  12:10p  -2.0  11:57p  11.8   0.0  26.8  16.5  70.8   4:06a    SE
12  -3.4  -1.5  11:39p  -5.7   7:58a  21.4   0.0   0.2   6.1  33.8   3:43a   WSW
13  -2.0   2.1  12:14p  -4.2  11:40p  20.0   0.0   3.6   9.7  49.9   2:34p   SSW
14  -7.0  -4.2  12:00a -10.2  10:33p  24.9   0.0   0.0   5.4  35.4   1:11p    SW
15  -7.8  -4.3   2:22p -10.9   6:59a  25.8   0.0   0.0   6.0  41.8  12:24p   WSW
16  -5.2  -2.7   8:31p  -7.9   2:10a  23.2   0.0   0.0   5.2  30.6   9:51p    NW
17  -1.6   0.8   1:26p  -3.1   3:30a  19.6   0.0   0.2   3.8  25.7  12:34a     W
18  -3.2   0.1   3:13p  -6.7  11:50p  21.2   0.0   0.0   2.9  27.4   8:43p   WSW
19  -8.6  -6.6  12:07a -10.2   6:03p  26.6   0.0   0.0   9.5  37.0   6:43a   WSW
20  -4.2  -0.8   1:37p  -7.7  12:00a  22.2   0.0   0.0  12.7  43.5   9:46a   WSW
21  -6.1  -4.6  11:18a  -8.2  10:57p  24.1   0.0   0.0   8.0  29.0   7:51p   WSW
22  -8.2  -5.8   1:59p -12.2  11:33p  26.2   0.0   0.0   8.0  27.4   7:47a     W
23 -10.1  -6.1   2:44p -18.2   7:47a  28.1   0.0   0.0   2.4  17.7   8:17p     N
24  -4.3  -1.0   1:55p  -6.6  12:00a  22.3   0.0   0.0   8.3  33.8  12:26p    NW
25  -6.9  -1.1   1:56p -12.2   9:53p  24.9   0.0   0.0   2.2  24.1  10:45a     W
26  -0.4   8.2   9:08p -14.0   4:03a  18.4   0.0   0.6   9.0  45.1   9:54p    SE
27   4.9   7.9  12:00a  -1.9  11:55p  13.1   0.0   0.0   8.1  38.6   1:06a   SSW
28  -2.4   3.4   1:18p  -8.8   6:39a  20.4   0.0   0.0   4.3  32.2   1:59p   ESE
29   0.3   1.3  11:19a  -0.6  12:00a  17.7   0.0   0.4   1.4  17.7   1:16a     N
30  -1.7   0.4   4:03p  -4.1   7:57p  19.7   0.0   1.8   0.0   0.0  12:00a   ---
31   1.9   4.8   2:28p  -2.8  12:00a  16.1   0.0  17.2   3.7  32.2   6:39a    SE
----------------------------------------------------------------------------------
    -3.0  10.9    11   -18.2    23   652.1   0.0  53.0   5.6  70.8    11      SW

Max >=  27.0:  0
Max <=   0.0: 14
Min <=   0.0: 30
Min <= -18.0:  1
Max Rain: 26.8 on day 11
Days of Rain: 12 (>= 0.2 mm)  3 (>= 2.0 mm)  1 (>= 20.0 mm)
Heat Base: 18.0  Cool Base: 18.0  Method: Integration