NOAA-Style Climate Reports

Select a Year or Month report
2018: Jan Feb Mar Apr May Jun Jul Aug Sep Oct Nov Dec
2017: Jan Feb Mar Apr May Jun Jul Aug Sep Oct Nov Dec
2016: Jan Feb Mar Apr May Jun Jul Aug Sep Oct Nov Dec
2015: Jan Feb Mar Apr May Jun Jul Aug Sep Oct Nov Dec
2014: Jan Feb Mar Apr May Jun Jul Aug Sep Oct Nov Dec
2013: Jan Feb Mar Apr May Jun Jul Aug Sep Oct Nov Dec
2012: Jan Feb Mar Apr May Jun Jul Aug Sep Oct Nov Dec
2011: Jan Feb Mar Apr May Jun Jul Aug Sep Oct Nov Dec

Report for 2016
                   Annual Climatological Summary for 2016

Name: Jared Court   City: Windsor   State: NS
Elevation: 48 m  Lat: N 44° 58' 41"   Lon: W 064° 06' 20"

                  Temperature (°C), Heat Base: 18.0  Cool Base: 18.0
                          Dep.  Heat  Cool                       Max  Max  Min  Min
        Mean  Mean        From  Deg   Deg                        >=   <=   <=   <=
 YR MO  Max   Min   Mean  Norm  Days  Days  Hi  Date  Low  Date 27.0  0.0  0.0 -18.0
------------------------------------------------------------------------------------
 16  1   0.5  -7.2  -3.0   1.1   652     0  10.9  11 -18.2   23    0   14   30    1
 16  2   4.0  -6.1  -0.7   2.0   543     0  16.9  29 -15.2   15    0    9   25    0
 16  3   5.3  -4.7   0.2   0.3   551     0  19.3  31 -12.2    4    0    7   29    0
 16  4  10.4  -0.6   4.9  -0.3   392     0  21.5  22  -7.8    4    0    1   18    0
 16  5  17.5   6.4  11.5   0.0   212    10  29.1  31  -2.4    1    2    0    1    0
 16  6  21.7  10.3  15.8  -0.9   106    40  30.7  27   2.7    2    8    0    0    0
 16  7  26.6  14.9  20.4   0.4    30   103  32.7  16   9.7   12   19    0    0    0
 16  8  26.3  14.7  20.2   0.8    22    91  31.4   5   8.8   10   11    0    0    0
 16  9  22.3  11.2  16.5   0.6    94    49  30.4   7   1.6   30    8    0    0    0
 16 10  16.0   5.0  10.4   1.8   240     6  24.6   8  -2.5   28    0    0    5    0
 16 11   9.1   2.1   5.3   1.3   379     0  16.3   9  -3.8    8    0    0    9    0
 16 12   2.1  -6.0  -1.8  -1.1   611     0  14.8  18 -16.6   17    0    9   26    0
------------------------------------------------------------------------------------
        13.5   3.3   8.3   0.5  3837   301  32.7 Jul -18.2  Jan   48   40  143    1

                                Precipitation (mm)

              Dep.   Max        Days of Rain
              From   Obs.           >=
 YR MO Total  Norm   Day Date  0.2  2.0 20.0
---------------------------------------------
 16  1  53.0  -8.0  26.8  11    12    3    1
 16  2  77.6  36.6  20.6   5    16    7    1
 16  3  69.6  11.6  21.6   2    18   10    1
 16  4  69.2  10.2  19.4   8    16    7    0
 16  5  67.8 -14.2  16.4   6    16   10    0
 16  6  25.6 -52.4  11.6  22    11    4    0
 16  7  35.6 -57.4   7.2   8    13    7    0
 16  8  21.2 -57.8  13.6  17     6    2    0
 16  9  54.4 -42.6  20.0   1    16    6    1
 16 10 112.2  15.2  64.4  10    20    7    2
 16 11  52.8 -43.2  12.2  27    18    8    0
 16 12  70.4   1.4  19.2  27    16    7    0
---------------------------------------------
       709.4-200.6  64.4  Oct  178   78    6

                                Wind Speed (km/h)
                          Dom
 YR MO   Avg.  Hi   Date  Dir
------------------------------
 16  1   5.6  70.8   11    SW
 16  2   8.3  83.7   17   SSE
 16  3   7.4  67.6    2   WSW
 16  4  11.5  91.7    8   SSE
 16  5   6.1  53.1   16    SE
 16  6   5.7  49.9    6    SE
 16  7   4.4  46.7    3    SE
 16  8   4.1  46.7   17   SSE
 16  9   4.1  46.7   11     S
 16 10   4.6  61.2   10   SSE
 16 11   4.7  53.1   21     W
 16 12   7.0  72.4   30    SW
------------------------------
         6.1  91.7  Apr     S