NOAA-Style Climate Reports


Report for 2015 December
                   Monthly Climatological Summary for Dec 2015

Name: Jared Court   City: Windsor   State: NS
Elevation: 48 m  Lat: N 44° 58' 41"   Lon: W 064° 06' 20"

                  Temperature (°C), Rain (mm), Wind Speed (km/h)

                                      Heat  Cool        Avg
    Mean                              Deg   Deg         Wind                 Dom
Day Temp  High   Time   Low    Time   Days  Days  Rain  Speed High   Time    Dir
----------------------------------------------------------------------------------
 1  -0.3   4.3   2:28p  -2.8  12:00a  18.3   0.0   0.0   3.3  25.7   2:08a     S
 2   6.6  10.2   1:31p  -1.2  12:00a  11.4   0.0   3.2   3.9  22.5   1:02p   ESE
 3   7.4  10.9  12:41a   0.9  11:47p  10.6   0.0  15.6   3.5  22.5  12:27a   NNW
 4  -1.0   0.9  12:00a  -2.5   8:40p  17.5   0.0   0.4   7.5  53.1   4:12a   WNW
 5   1.5   3.1   3:05p  -1.3   3:19a  16.4   0.0   1.2   3.0  22.5  10:37a   WSW
 6   5.7  12.1   2:22p   1.4   4:26a  12.3   0.0   0.0   3.8  19.3   9:41a   SSE
 7   4.8  11.9   1:15p   0.3  11:59p  13.2   0.0   0.4   3.4  25.7   1:56p    SW
 8  -0.5   3.1   1:25p  -4.4   6:43a  18.5   0.0   0.0   2.0  14.5   1:26p   NNW
 9   2.2   5.1   3:15p  -1.7   1:45a  15.8   0.0   0.0   1.3  12.9  12:40p    NW
10   3.7   7.6   2:11p   1.5  12:48a  14.3   0.0   0.0   3.8  22.5   1:38p   ESE
11   9.7  12.2   1:44p   4.8  12:00a   8.3   0.0   4.2  10.6  40.2  10:54a   ESE
12   8.2  11.3  12:00a   3.7   8:59p   9.8   0.0   0.0   4.8  38.6  11:35a    SW
13   3.9   6.8   1:59p   0.7  11:58p  14.1   0.0   0.0   7.3  33.8   3:29p     W
14   0.1   1.1  12:53p  -1.0   7:06a  17.9   0.0   2.6   1.6  12.9  12:29a     N
15   1.9   4.3   4:07p   0.1  12:13a  16.1   0.0  21.4  10.4  49.9  12:47p    NE
16   1.2   3.1   2:43p  -1.5   8:57p  16.8   0.0   2.2   7.9  40.2   2:14a   WNW
17   0.6   6.5  11:57p  -1.4   7:28a  17.4   0.0   0.4   4.9  25.7  11:34p     E
18   9.5  11.6   1:09p   6.5  12:00a   8.5   0.0   9.8   4.6  37.0  12:53a     E
19   2.5   8.2  12:00a  -0.7  10:57p  15.5   0.0   2.8  10.3  48.3  12:50p   WSW
20  -2.4   0.3  12:11a  -5.1   8:11a  19.8   0.0   0.0  13.0  53.1  10:51a   WSW
21   2.1   8.4   9:53p  -5.6   5:15a  15.9   0.0   0.0   4.3  25.7   6:04p    SE
22   3.3   7.2  12:00a   1.4   9:06a  14.7   0.0  13.4   4.8  30.6   9:39p   ENE
23   3.5   5.4  12:47a   2.1   6:41a  14.5   0.0   1.4   3.2  20.9  11:27p    NW
24   8.6  14.9   8:27p   4.2  12:00a   9.4   0.0   4.6  12.1  46.7  10:57a     E
25   9.9  14.6   1:41p   5.4   8:46a   8.1   0.0   0.0   2.1  17.7   2:44p   SSW
26   3.7   6.6   2:17p  -1.2  11:47p  14.3   0.0   0.0   4.4  27.4  11:36a   WSW
27  -0.9   0.6  12:15a  -1.9   1:08a  18.9   0.0   0.0   2.3  16.1  12:30p   NNE
28  -6.3  -1.2   4:20a -11.3  11:55p  24.3   0.0   0.0   8.9  37.0   8:36a     W
29 -10.2  -7.2  11:37p -12.9   2:59a  28.2   0.0   0.0   3.0  20.9   6:20p     N
30  -4.1  -1.4   2:30p  -8.4   8:35a  22.1   0.0   1.2   1.7  12.9   1:20a     N
31   1.1   4.6   2:13p  -2.6  12:51a  16.9   0.0  13.6   2.5  22.5  10:08p     S
----------------------------------------------------------------------------------
     2.5  14.9    24   -12.9    29   479.8   0.0  98.4   5.2  53.1     4     WSW

Max >=  27.0:  0
Max <=   0.0:  3
Min <=   0.0: 18
Min <= -18.0:  0
Max Rain: 21.4 on day 15
Days of Rain: 17 (>= 0.2 mm)  11 (>= 2.0 mm)  1 (>= 20.0 mm)
Heat Base: 18.0  Cool Base: 18.0  Method: Integration