NOAA-Style Climate Reports

Select a Year or Month report
2018: Jan Feb Mar Apr May Jun Jul Aug Sep Oct Nov Dec
2017: Jan Feb Mar Apr May Jun Jul Aug Sep Oct Nov Dec
2016: Jan Feb Mar Apr May Jun Jul Aug Sep Oct Nov Dec
2015: Jan Feb Mar Apr May Jun Jul Aug Sep Oct Nov Dec
2014: Jan Feb Mar Apr May Jun Jul Aug Sep Oct Nov Dec
2013: Jan Feb Mar Apr May Jun Jul Aug Sep Oct Nov Dec
2012: Jan Feb Mar Apr May Jun Jul Aug Sep Oct Nov Dec
2011: Jan Feb Mar Apr May Jun Jul Aug Sep Oct Nov Dec

Report for 2015 November
                   Monthly Climatological Summary for Nov 2015

Name: Jared Court   City: Windsor   State: NS
Elevation: 48 m  Lat: N 44° 58' 41"   Lon: W 064° 06' 20"

                  Temperature (°C), Rain (mm), Wind Speed (km/h)

                                      Heat  Cool        Avg
    Mean                              Deg   Deg         Wind                 Dom
Day Temp  High   Time   Low    Time   Days  Days  Rain  Speed High   Time    Dir
----------------------------------------------------------------------------------
 1   7.0  12.1  11:34p   2.7   2:53a  11.5   0.0   2.6   5.0  30.6   7:23p    SE
 2  10.1  14.5   1:01p   5.7   9:48p   7.9   0.0   0.0   5.6  35.4  12:16p   WSW
 3   5.9   7.1   2:01p   4.9   1:54a  12.1   0.0   0.6   1.1  11.3  11:39a    SW
 4   5.7   8.4   2:32p   2.7  11:48p  12.3   0.0   0.2   1.9  19.3   3:47p     W
 5   5.9   9.3   3:16p   1.3  12:59a  12.1   0.0   0.0   2.3  14.5   9:39p     E
 6  12.4  18.6  11:15p   6.7   1:48a   5.6   0.0   0.4   7.2  27.4   6:18p   ESE
 7  13.2  18.3  12:00a   6.7  10:53p   4.8   0.0   0.0   8.5  43.5   5:04p   WSW
 8   5.0   7.0  12:00a   2.1  11:01p  13.0   0.0   0.0  11.7  46.7   2:18p   WSW
 9   6.4  13.4   2:12p   0.6   5:03a  11.6   0.0   0.0   4.2  30.6   1:36p   SSW
10   7.5  15.5   1:04p   0.8  11:46p  10.5   0.0   0.0   2.0  17.7   9:41a     S
11   4.7   7.6   1:20p  -0.1   1:41a  13.3   0.0   0.0   5.0  27.4   5:12p   NNE
12   6.6  10.9   2:34p   4.1  12:00a  11.4   0.0   0.0   3.9  24.1   5:11p   ENE
13  10.6  14.7   1:56p   6.6  12:28a   7.4   0.0  10.8   7.3  40.2   2:56p    SE
14   6.4   8.8   9:59a   3.6   6:32p  11.6   0.0   0.6   8.5  38.6  12:16p    SW
15   4.4   5.7  10:20p   2.9   7:27p  13.6   0.0   0.0  11.3  43.5   3:00a   WSW
16   4.0   6.8  10:39a   1.8   4:52a  14.0   0.0   0.0   7.8  33.8  12:06p     W
17   1.8   3.4  12:45p  -2.7  11:25p  16.2   0.0   0.0   6.9  33.8   1:29a   WNW
18   0.9   2.5  10:22a  -2.6  12:00a  17.0   0.0   0.0   3.3  20.9  10:31a    NW
19   2.5   5.7  11:55p  -0.7   7:50a  15.5   0.0   0.0   4.7  24.1   5:33p   ESE
20   8.0   9.5   1:56p   5.6  12:03a  10.0   0.0   0.0  13.3  45.1   2:32p     E
21   9.2  12.1  11:38p   8.1  11:02a   8.8   0.0  15.2   6.7  38.6   3:58a     E
22  12.1  14.1  11:44a   9.4   8:03p   5.9   0.0  29.2  14.1  69.2   7:49a   ESE
23  10.1  16.3  10:08a   1.6  11:48p   7.8   0.0  59.6  20.7  88.5  10:46a    SE
24  -1.2   1.7  12:00a  -2.8   5:00p  19.2   0.0   0.0   7.9  29.0  11:56p   WSW
25  -2.9   1.6   1:52p  -6.3  11:57p  20.9   0.0   0.0   3.3  24.1  12:03a   WSW
26   1.1   7.8   2:13p  -7.6   2:35a  16.9   0.0   0.2   6.9  35.4  11:09a    SE
27  10.3  15.2   1:35p   5.6   1:16a   7.7   0.0   0.0  11.2  43.5  10:41p    SE
28   4.7  11.2  12:00a   0.9  11:36p  13.3   0.0   4.4   5.1  27.4  12:17a    NW
29  -0.4   1.0  10:02a  -4.5  11:59p  18.4   0.0   0.0   6.5  30.6   7:44p     W
30  -4.1  -2.2   3:11p  -5.8   7:11a  22.1   0.0   0.0   4.8  27.4  12:14a   WNW
----------------------------------------------------------------------------------
     5.6  18.6     6    -7.6    26   372.4   0.0 123.8   6.9  88.5    23       S

Max >=  27.0:  0
Max <=   0.0:  1
Min <=   0.0:  9
Min <= -18.0:  0
Max Rain: 59.6 on day 23
Days of Rain: 11 (>= 0.2 mm)  6 (>= 2.0 mm)  2 (>= 20.0 mm)
Heat Base: 18.0  Cool Base: 18.0  Method: Integration