NOAA-Style Climate Reports

Select a Year or Month report
2018: Jan Feb Mar Apr May Jun Jul Aug Sep Oct Nov Dec
2017: Jan Feb Mar Apr May Jun Jul Aug Sep Oct Nov Dec
2016: Jan Feb Mar Apr May Jun Jul Aug Sep Oct Nov Dec
2015: Jan Feb Mar Apr May Jun Jul Aug Sep Oct Nov Dec
2014: Jan Feb Mar Apr May Jun Jul Aug Sep Oct Nov Dec
2013: Jan Feb Mar Apr May Jun Jul Aug Sep Oct Nov Dec
2012: Jan Feb Mar Apr May Jun Jul Aug Sep Oct Nov Dec
2011: Jan Feb Mar Apr May Jun Jul Aug Sep Oct Nov Dec

Report for 2015 October
                   Monthly Climatological Summary for Oct 2015

Name: Jared Court   City: Windsor   State: NS
Elevation: 48 m  Lat: N 44° 58' 41"   Lon: W 064° 06' 20"

                  Temperature (°C), Rain (mm), Wind Speed (km/h)

                                      Heat  Cool        Avg
    Mean                              Deg   Deg         Wind                 Dom
Day Temp  High   Time   Low    Time   Days  Days  Rain  Speed High   Time    Dir
----------------------------------------------------------------------------------
 1  14.4  21.4  12:29a  10.4  10:10p   4.4   0.8  49.4  10.6  64.4  12:21a   ESE
 2  10.2  10.8   4:30p   9.4   6:29a   7.8   0.0   4.2   4.0  19.3  12:23a    NW
 3   9.6  10.8   3:46p   6.2  11:55p   8.3   0.0   2.6   4.7  30.6   5:10p    NW
 4   8.6  16.3   4:05p   1.2   7:33a   9.4   0.0   0.0   2.5  24.1  11:12a   NNW
 5  10.0  19.8   3:11p   2.7   4:22a   8.2   0.2   0.0   2.1  19.3   4:52p   ESE
 6  12.2  15.8   1:37p   9.6   8:56p   5.8   0.0   0.0   1.2  17.7   2:44p    NW
 7  11.6  19.1   4:29p   4.7   7:34a   6.5   0.1   0.0   1.5  19.3   5:20p     W
 8  10.4  14.5   2:56p   5.6  10:29p   7.6   0.0   0.0   3.0  24.1   1:37p     W
 9   8.7  15.3   2:46p   1.5   7:17a   9.3   0.0   1.2   3.7  30.6   9:40p    SE
10   8.9  13.9   4:17a   2.1  11:57p   9.1   0.0   7.6   8.8  43.5   6:10a   WSW
11   8.0  13.5   5:39p   0.4   1:03a  10.0   0.0   0.2   4.9  32.2  11:26a    SE
12  14.2  21.7   2:27p   8.4   7:40a   4.3   0.5   0.0   5.8  27.4   4:02p   ESE
13  16.4  19.6   3:04p  10.6   2:18a   2.1   0.5   7.8   5.7  33.8   5:37p   ESE
14  17.7  21.6   3:01p  12.6  11:45p   1.1   0.8   0.2   7.6  41.8   2:49p   SSE
15   9.6  12.8   3:25p   3.1  11:56p   8.4   0.0   0.0   3.9  22.5  11:17a   WSW
16   8.5  17.1   2:06p   1.6   2:31a   9.5   0.0   8.2   7.1  37.0  11:47a    SE
17   6.4  13.4   2:51p  -0.4   7:20a  11.6   0.0   0.4   4.8  32.2   6:52p    SE
18   4.2   6.9  11:51a   0.7  11:56p  13.8   0.0   0.0   7.0  29.0   3:53p     W
19   2.0   5.3   1:23p  -0.8  10:56p  16.0   0.0   0.0   6.3  30.6   2:58p     W
20   8.2  14.9   4:05p   0.7  12:19a   9.8   0.0   0.0   8.2  40.2   2:12p    SE
21   6.7  11.4   2:52p  -0.6  11:32p  11.3   0.0   0.0   4.1  27.4  12:31p   WSW
22   6.1  14.3   9:50p  -2.7   5:27a  11.9   0.0   2.8   6.9  45.1   2:21p   ESE
23   9.7  13.9  12:07a   5.9  11:16p   8.3   0.0   0.8   7.6  33.8  10:11p     W
24   6.5  10.8   4:19p   2.1  11:39p  11.5   0.0   0.0   3.3  24.1   1:43a   NNW
25  10.4  14.4   1:18p   2.1  12:08a   7.6   0.0   2.2   7.8  41.8   2:43p    SE
26   6.7  12.1  12:00a   1.7  11:22p  11.3   0.0   0.0   5.2  30.6   2:18p   WNW
27   2.5   7.9   3:59p  -3.5   7:56a  15.5   0.0   0.0   3.6  30.6   2:12p    SW
28   5.2  12.1   4:06p  -1.8   8:07a  12.8   0.0   0.0   2.9  24.1   5:31p    SE
29  14.1  18.7   5:18p   6.0  12:28a   4.0   0.1  34.0  19.3  70.8  12:21p   ESE
30  10.2  16.4  12:00a   4.9  11:58p   7.8   0.0   0.0  10.4  49.9   1:54p    SW
31   4.5   9.6   4:21p   0.7   8:03a  13.5   0.0   0.0   5.1  32.2   1:07a     W
----------------------------------------------------------------------------------
     9.1  21.7    12    -3.5    27   278.5   3.0 121.6   5.8  70.8    29       S

Max >=  27.0:  0
Max <=   0.0:  0
Min <=   0.0:  6
Min <= -18.0:  0
Max Rain: 49.4 on day 1
Days of Rain: 14 (>= 0.2 mm)  9 (>= 2.0 mm)  2 (>= 20.0 mm)
Heat Base: 18.0  Cool Base: 18.0  Method: Integration