NOAA-Style Climate Reports

Select a Year or Month report
2018: Jan Feb Mar Apr May Jun Jul Aug Sep Oct Nov Dec
2017: Jan Feb Mar Apr May Jun Jul Aug Sep Oct Nov Dec
2016: Jan Feb Mar Apr May Jun Jul Aug Sep Oct Nov Dec
2015: Jan Feb Mar Apr May Jun Jul Aug Sep Oct Nov Dec
2014: Jan Feb Mar Apr May Jun Jul Aug Sep Oct Nov Dec
2013: Jan Feb Mar Apr May Jun Jul Aug Sep Oct Nov Dec
2012: Jan Feb Mar Apr May Jun Jul Aug Sep Oct Nov Dec
2011: Jan Feb Mar Apr May Jun Jul Aug Sep Oct Nov Dec

Report for 2015 September
                   Monthly Climatological Summary for Sep 2015

Name: Jared Court   City: Windsor   State: NS
Elevation: 48 m  Lat: N 44° 58' 41"   Lon: W 064° 06' 20"

                  Temperature (°C), Rain (mm), Wind Speed (km/h)

                                      Heat  Cool        Avg
    Mean                              Deg   Deg         Wind                 Dom
Day Temp  High   Time   Low    Time   Days  Days  Rain  Speed High   Time    Dir
----------------------------------------------------------------------------------
 1  17.5  22.1  12:00a  11.0  11:58p   1.1   0.6   0.0   6.8  32.2   1:33p     W
 2  18.0  25.9   1:33p   8.8   5:17a   2.9   3.0   0.0   2.6  27.4   4:22p   SSW
 3  20.8  28.6   3:54p  15.0   6:49a   0.6   3.3   0.0   2.4  19.3   2:00p    NW
 4  14.6  20.3   4:12p   7.9   6:35a   3.8   0.3   0.0   2.2  22.5   1:07p    NW
 5  16.0  26.1   4:32p   5.8   6:12a   4.1   2.1   0.0   2.1  19.3   2:58p    SW
 6  20.6  30.3   2:55p  11.3   5:57a   1.9   4.5   0.0   1.9  17.7   1:16p   WSW
 7  22.6  30.8   4:24p  14.5   2:46a   0.7   5.3   0.0   6.6  38.6   2:58p   SSE
 8  21.4  25.3  11:35a  16.4  11:38p   0.1   3.6   0.0   3.1  22.5  12:50a     W
 9  18.4  21.5   3:06p  15.2   6:24a   0.9   1.2   0.0   6.3  32.2  12:17p   ESE
10  21.8  23.1   6:18a  20.2   2:55p   0.0   3.8  17.8   2.6  25.7  12:38a    SE
11  20.2  24.8   1:11p  14.8   4:36a   0.7   2.8  12.6   9.0  40.2   3:33p   ESE
12  17.6  21.2  12:10a  13.1  12:00a   1.0   0.6   0.4   3.8  24.1   1:58p   WNW
13  15.6  17.3   3:47p  12.8  12:26a   2.4   0.0   1.2   1.7  16.1   3:18p    NE
14  20.1  25.9   2:25p  14.3  11:38p   0.5   2.6   7.8   6.6  33.8  10:06a   ESE
15  16.3  20.4   5:11p  13.4  11:42p   1.9   0.2   0.2   4.2  30.6   3:33p    SW
16  18.7  23.6   1:56p  13.6  11:36p   1.2   1.8   0.0   2.7  24.1  11:01a   WNW
17  20.8  29.3   3:09p  11.1   3:22a   1.8   4.6   0.0   3.3  29.0  12:28p   SSW
18  23.0  30.3   4:20p  17.2  11:50p   0.0   5.1   0.0   2.6  22.5  12:15p   SSW
19  20.2  26.6   1:15p  14.3   7:15a   0.9   3.1   0.2   6.5  30.6   3:16p   ESE
20  20.9  27.2   2:10p  14.6  11:51p   0.3   3.2   0.6   8.1  30.6  12:41p    SE
21  14.3  20.2   3:41p   7.9  11:45p   4.0   0.4   0.0   3.2  24.1  10:56a    NW
22  12.1  20.1   4:23p   4.9   4:36a   6.1   0.2   0.0   1.0  14.5  12:12p   NNW
23  15.3  24.6   3:18p   9.5  11:57p   3.9   1.1   0.0   1.6  17.7   4:50p   SSW
24  13.3  20.5   3:28p   7.0   4:49a   5.2   0.5   0.2   2.5  30.6   3:52p     W
25  10.8  16.9   2:04p   4.1   7:26a   7.2   0.0   0.0   2.0  19.3   1:03p     W
26   9.4  15.6   3:26p   2.6  11:57p   8.6   0.0   0.0   2.5  25.7   2:13p   WNW
27  11.6  20.6   4:02p   1.4   1:51a   6.9   0.4   0.0   3.6  27.4  12:03p   SSW
28  17.1  24.4   4:39p   9.8   1:27a   2.7   1.8   0.0   4.5  27.4   2:31p   SSE
29  20.9  26.1   4:33p  17.7  12:42a   0.0   2.9   6.6   8.5  37.0   1:54p    SE
30  21.5  24.9  12:14p  19.7  12:00a   0.0   3.5   6.6  14.0  62.8  11:23p   ESE
----------------------------------------------------------------------------------
    17.7  30.8     7     1.4    27    71.4  62.5  54.2   4.3  62.8    30     SSE

Max >=  27.0:  6
Max <=   0.0:  0
Min <=   0.0:  0
Min <= -18.0:  0
Max Rain: 17.8 on day 10
Days of Rain: 11 (>= 0.2 mm)  5 (>= 2.0 mm)  0 (>= 20.0 mm)
Heat Base: 18.0  Cool Base: 18.0  Method: Integration