NOAA-Style Climate Reports

Select a Year or Month report
2018: Jan Feb Mar Apr May Jun Jul Aug Sep Oct Nov Dec
2017: Jan Feb Mar Apr May Jun Jul Aug Sep Oct Nov Dec
2016: Jan Feb Mar Apr May Jun Jul Aug Sep Oct Nov Dec
2015: Jan Feb Mar Apr May Jun Jul Aug Sep Oct Nov Dec
2014: Jan Feb Mar Apr May Jun Jul Aug Sep Oct Nov Dec
2013: Jan Feb Mar Apr May Jun Jul Aug Sep Oct Nov Dec
2012: Jan Feb Mar Apr May Jun Jul Aug Sep Oct Nov Dec
2011: Jan Feb Mar Apr May Jun Jul Aug Sep Oct Nov Dec

Report for 2015 August
                   Monthly Climatological Summary for Aug 2015

Name: Jared Court   City: Windsor   State: NS
Elevation: 48 m  Lat: N 44° 58' 41"   Lon: W 064° 06' 20"

                  Temperature (°C), Rain (mm), Wind Speed (km/h)

                                      Heat  Cool        Avg
    Mean                              Deg   Deg         Wind                 Dom
Day Temp  High   Time   Low    Time   Days  Days  Rain  Speed High   Time    Dir
----------------------------------------------------------------------------------
 1  23.0  29.7   4:50p  14.5   5:50a   0.4   5.4   0.0   3.5  27.4   6:19p    SE
 2  22.0  28.2   4:23p  14.1   6:25a   0.5   4.5   0.0   3.7  38.6   3:25p    SW
 3  21.2  29.7   1:46p  12.8   6:10a   1.1   4.4   0.0   8.2  40.2   4:01p   ESE
 4  22.9  29.2   1:46p  20.1  10:05p   0.0   4.9   7.6  10.2  41.8   3:31p   ESE
 5  22.1  28.4   2:34p  15.7  11:57p   0.1   4.2   0.2   4.0  20.9  12:58a    SE
 6  19.7  25.3   4:42p  14.7   5:39a   1.0   2.6   0.0   4.7  30.6   3:15p    SW
 7  19.6  25.9   1:14p  13.7   5:34a   1.2   2.8   0.0   2.9  20.9   2:29p   WSW
 8  18.3  26.3   3:32p  10.8   6:30a   2.0   2.4   0.0   3.5  24.1  12:10p    NE
 9  16.8  18.8   2:18p  15.2  11:28p   1.2   0.0  28.8   2.1  20.9   9:47p     N
10  20.4  24.3   6:36p   0.0  11:09a   0.3   1.6   0.0   4.3  30.6   6:45a     W
11  17.8  24.8   2:38p  10.0   6:49a   2.2   2.0   0.0   6.8  33.8   1:08p   ESE
12  20.8  24.3   3:22p  18.3  12:00a   0.0   2.8   8.8   9.6  38.6   9:22a   ESE
13  21.6  26.8  12:49p  18.3  11:43p   0.0   3.6   0.0   7.0  33.8   4:52p   ESE
14  20.8  27.8  12:35p  15.4   6:16a   0.5   3.3   0.0   1.7  16.1  12:38p   WNW
15  21.3  29.5   3:38p  13.2   6:27a   0.9   4.2   0.2   2.8  19.3   8:52a    SE
16  22.3  29.9   4:22p  15.1   6:48a   0.5   4.8   0.0   1.5  14.5  12:11p   WNW
17  23.8  32.0   3:13p  16.9   5:37a   0.1   5.9   0.0   3.5  29.0   6:05p    SE
18  23.8  32.1   2:02p  17.6   5:53a   0.0   5.8   0.0   4.2  24.1   3:12p   ESE
19  23.5  32.3   3:19p  16.6   5:54a   0.1   5.7   0.0   2.7  20.9   5:18p   ESE
20  22.9  29.4   1:42p  16.9   6:50a   0.1   4.9   0.0   4.8  30.6   4:36p   ESE
21  23.7  28.6   4:33p  21.1  12:00a   0.0   5.7   0.2  11.0  33.8   1:22p   ESE
22  23.9  28.6   2:35p  21.9  11:19p   0.0   5.9   1.0   6.2  29.0   3:13p   ESE
23  23.7  27.9   5:37p  21.4   5:40a   0.0   5.7   4.8   2.1  22.5   4:43p     E
24  23.6  28.9   4:11p  20.2  11:45p   0.0   5.6   0.2   3.2  25.7  12:46p   NNE
25  22.8  29.1   6:01p  17.9   4:39a   0.0   4.8   0.0   2.3  22.5   8:52p     W
26  19.8  21.6  12:00a  18.1  10:44p   0.0   1.7   0.0   8.5  35.4   2:21p     E
27  20.9  25.6   6:15p  18.2  11:57p   0.0   2.9   4.8   7.2  37.0  10:59a   ESE
28  19.8  25.3   3:22p  14.8   4:24a   0.7   2.6   0.0   3.1  20.9  12:32p   WSW
29  19.6  27.1   3:47p  11.3   7:03a   1.5   3.1   0.0   2.4  27.4   2:38p    SW
30  19.8  26.3   2:42p  14.8   2:53a   0.9   2.7   0.0   2.5  25.7   4:42p   SSW
31  21.5  27.8   2:15p  14.2   6:49a   0.8   4.2   0.0   4.2  35.4   2:04p     S
----------------------------------------------------------------------------------
    21.4  32.3    19     0.0    10    16.1 120.7  56.6   4.7  41.8     4      SE

Max >=  27.0: 19
Max <=   0.0:  0
Min <=   0.0:  1
Min <= -18.0:  0
Max Rain: 28.8 on day 9
Days of Rain: 10 (>= 0.2 mm)  5 (>= 2.0 mm)  1 (>= 20.0 mm)
Heat Base: 18.0  Cool Base: 18.0  Method: Integration