NOAA-Style Climate Reports

Select a Year or Month report
2018: Jan Feb Mar Apr May Jun Jul Aug Sep Oct Nov Dec
2017: Jan Feb Mar Apr May Jun Jul Aug Sep Oct Nov Dec
2016: Jan Feb Mar Apr May Jun Jul Aug Sep Oct Nov Dec
2015: Jan Feb Mar Apr May Jun Jul Aug Sep Oct Nov Dec
2014: Jan Feb Mar Apr May Jun Jul Aug Sep Oct Nov Dec
2013: Jan Feb Mar Apr May Jun Jul Aug Sep Oct Nov Dec
2012: Jan Feb Mar Apr May Jun Jul Aug Sep Oct Nov Dec
2011: Jan Feb Mar Apr May Jun Jul Aug Sep Oct Nov Dec

Report for 2015 July
                   Monthly Climatological Summary for Jul 2015

Name: Jared Court   City: Windsor   State: NS
Elevation: 48 m  Lat: N 44° 58' 41"   Lon: W 064° 06' 20"

                  Temperature (°C), Rain (mm), Wind Speed (km/h)

                                      Heat  Cool        Avg
    Mean                              Deg   Deg         Wind                 Dom
Day Temp  High   Time   Low    Time   Days  Days  Rain  Speed High   Time    Dir
----------------------------------------------------------------------------------
 1  18.3  26.4   2:04p  12.1   6:32a   1.9   2.2   0.0   5.7  38.6   5:46p   ESE
 2  21.1  27.2   2:45p  16.6   6:05a   0.4   3.5   0.0   8.5  32.2   3:46p    SE
 3  19.8  25.4   4:08p  14.9   6:39a   0.7   2.5   0.0   3.6  30.6   2:43p    SW
 4  20.2  27.9   1:26p  10.5   6:08a   1.5   3.6   0.0   2.0  22.5  12:50p   SSW
 5  20.9  27.3   5:53p  14.9   7:01a   0.6   3.5   0.2   3.2  24.1   1:46p     W
 6  19.7  26.9   4:34p  12.8   5:50a   1.3   2.9   0.2   1.7  16.1   1:52p   WNW
 7  20.4  28.8   2:36p  12.2   6:17a   1.4   3.9   0.0   6.0  37.0   4:43p   ESE
 8  21.9  29.1   2:46p  17.2  12:39a   0.1   4.0   0.0   7.3  37.0   1:59p    SE
 9  18.6  24.5   2:58p  11.7   5:48a   1.3   1.9   0.0   1.7  12.9   8:26a   WNW
10  19.8  26.4   5:41p  13.3   6:25a   1.2   3.0   0.0   1.9  14.5   5:21p   NNW
11  19.2  27.9   6:27p  10.6   5:54a   1.9   3.1   0.0   2.3  19.3   7:53p   ESE
12  21.3  30.1   4:46p  13.9   4:31a   0.9   4.2   0.0   5.6  32.2  12:39p    SE
13  21.2  28.1   3:53p  14.0   6:20a   0.8   3.9   0.0   2.1  19.3   3:46p   WNW
14  21.2  28.1   2:25p  14.2   3:04a   0.7   3.9   0.0   8.1  30.6   3:51p   ESE
15  21.2  29.3   4:15p  16.4  11:57p   0.2   3.3   6.8   5.4  24.1  12:03p    SE
16  17.7  23.1   6:08p  12.8  11:56p   1.6   1.3   0.2   4.0  24.1   5:28a   WNW
17  16.9  24.1   4:59p   8.1   6:13a   3.1   2.0   0.0   2.4  19.3  11:37a   WNW
18  16.8  24.2   2:51p   9.4   5:36a   2.8   1.6   0.8   2.5  20.9   3:55p   ESE
19  16.8  19.2   7:35p  14.3   6:27a   1.4   0.2  11.0   4.3  27.4   1:38p   ESE
20  19.3  25.6   5:19p  16.6   5:06a   0.4   1.7   1.2   2.2  17.7   1:38p   ESE
21  18.7  21.8   1:31p  16.5  11:42p   0.3   1.0   0.0   5.2  27.4   2:31p     E
22  17.9  21.4   5:09p  16.2   4:10a   0.7   0.6   3.4   3.3  24.1  12:35a     E
23  19.5  23.5   6:18p  14.9   6:25a   0.5   2.1   0.0   3.7  24.1   2:30p   WSW
24  16.0  23.2   1:46p  11.4   5:21a   2.5   0.6  13.8   2.3  24.1   3:24p     N
25  14.8  16.9   6:15p  12.8   5:53a   3.2   0.0  18.2   2.3  16.1  11:38a   NNE
26  16.9  22.4   3:45p  13.7   5:52a   1.7   0.7   0.0   6.6  27.4   3:05p   ESE
27  18.6  22.3   6:30p  16.0  12:56a   0.5   1.1   0.6   8.1  25.7   4:15a   ESE
28  20.0  22.9  12:18p  16.7  11:54p   0.0   2.1   1.6   5.5  29.0  12:29p    SE
29  19.8  26.3   3:52p  15.4   5:17a   0.7   2.5   0.0   2.5  19.3   5:04p   WNW
30  18.9  28.1   4:37p  11.3   5:41a   1.9   2.7   0.0   3.7  29.0   9:11p    SE
31  23.9  30.7   4:00p  18.9  12:00a   0.0   5.9   0.4   6.0  29.0  12:21a    SE
----------------------------------------------------------------------------------
    19.3  30.7    31     8.1    17    36.2  75.5  58.4   4.2  38.6     1     ESE

Max >=  27.0: 12
Max <=   0.0:  0
Min <=   0.0:  0
Min <= -18.0:  0
Max Rain: 18.2 on day 25
Days of Rain: 13 (>= 0.2 mm)  5 (>= 2.0 mm)  0 (>= 20.0 mm)
Heat Base: 18.0  Cool Base: 18.0  Method: Integration