NOAA-Style Climate Reports

Select a Year or Month report
2018: Jan Feb Mar Apr May Jun Jul Aug Sep Oct Nov Dec
2017: Jan Feb Mar Apr May Jun Jul Aug Sep Oct Nov Dec
2016: Jan Feb Mar Apr May Jun Jul Aug Sep Oct Nov Dec
2015: Jan Feb Mar Apr May Jun Jul Aug Sep Oct Nov Dec
2014: Jan Feb Mar Apr May Jun Jul Aug Sep Oct Nov Dec
2013: Jan Feb Mar Apr May Jun Jul Aug Sep Oct Nov Dec
2012: Jan Feb Mar Apr May Jun Jul Aug Sep Oct Nov Dec
2011: Jan Feb Mar Apr May Jun Jul Aug Sep Oct Nov Dec

Report for 2015 June
                   Monthly Climatological Summary for Jun 2015

Name: Jared Court   City: Windsor   State: NS
Elevation: 48 m  Lat: N 44° 58' 41"   Lon: W 064° 06' 20"

                  Temperature (°C), Rain (mm), Wind Speed (km/h)

                                      Heat  Cool        Avg
    Mean                              Deg   Deg         Wind                 Dom
Day Temp  High   Time   Low    Time   Days  Days  Rain  Speed High   Time    Dir
----------------------------------------------------------------------------------
 1   8.1   9.5   2:50p   6.9   3:49a   9.9   0.0   8.0   3.7  20.9   4:08p     N
 2   6.6   7.3  12:00a   6.2   6:41a  11.4   0.0  20.6   4.1  25.7   1:01p   NNE
 3   8.7  12.8   1:34p   6.1  12:35a   9.3   0.0   0.6   6.1  29.0   5:32p   WNW
 4  12.7  20.2   5:38p   6.8  12:21a   5.6   0.3   0.0   4.9  27.4  12:15a   WNW
 5  12.1  21.0   1:05p   5.1   5:58a   6.1   0.3   0.0   7.2  37.0   5:23p   ESE
 6  10.1  14.0   7:31p   7.6  12:00a   7.9   0.0  12.4   3.3  22.5   7:49p   NNE
 7  11.3  17.8   4:09p   4.5   5:38a   6.7   0.0   0.0   4.5  29.0   8:03a     W
 8  12.2  19.8   2:15p   2.6   5:50a   6.0   0.3   0.0  11.0  46.7   5:39p   ESE
 9  16.9  23.6   3:45p  11.7  12:00a   2.3   1.1   0.0  14.7  48.3   4:51p   ESE
10  16.6  20.4   2:36p  12.3  11:54p   1.9   0.4   6.6  16.2  43.5   8:58a   ESE
11  16.7  22.2   2:42p  10.2   4:00a   2.6   1.3   0.0   8.0  45.1   2:12p   ESE
12  21.0  26.5   5:30p  13.2   1:21a   0.7   3.7   0.0   6.3  33.8   4:41p    SW
13  19.4  25.3   6:07p  14.8   8:14a   0.9   2.3  21.8   4.7  33.8   2:27p     W
14  14.9  17.3   4:38p   8.3  11:55p   3.1   0.0   0.0   5.4  37.0  10:25a   WNW
15  13.8  23.9   4:10p   4.1   5:32a   5.1   0.9   0.0   2.2  20.9   5:33p    NW
16  13.5  17.9   3:31p   8.7   2:34a   4.5   0.0   3.4  10.1  38.6  12:11p   ESE
17  16.9  22.3   7:55p  10.8  11:54p   1.9   0.8   0.2   4.8  32.2   8:50a     W
18  16.3  24.6   1:11p   8.5   6:02a   3.6   1.9   0.0   5.7  41.8   5:06p   ESE
19  12.5  14.9   9:12a   9.1   3:07a   5.5   0.0  10.0   4.6  20.9   9:33a   ESE
20  15.4  21.7   2:18p   9.1  12:35a   3.4   0.8   0.0   2.3  19.3   2:44p    NW
21  11.6  18.0  10:14a   6.2   5:01a   6.4   0.0  28.2   5.0  33.8   2:42p   ESE
22  13.7  15.4   3:29a  11.9  11:50p   4.3   0.0   8.4   7.0  27.4  12:52p   WNW
23  13.2  17.9   2:16p  11.2   5:28a   4.8   0.0   6.8   7.1  43.5  11:31p   ESE
24  17.5  23.1   6:07p  12.9  12:00a   1.8   1.3   7.6   7.8  46.7  12:55a   SSW
25  17.6  21.9   3:45p  13.3   5:14a   1.6   1.2   0.0   5.2  40.2   3:07p   WSW
26  15.9  21.4   3:33p   8.9   6:01a   2.7   0.6   0.0   3.1  19.3   4:49p    NW
27  14.8  21.6   8:10p   7.9   3:32a   4.0   0.8   0.0   2.3  22.5   2:25p   WNW
28  12.3  15.2  12:22p  10.2   4:16a   5.7   0.0  12.6   7.0  41.8   9:18p     E
29  17.1  23.3   5:38p  12.4  12:00a   2.0   1.1   2.4   6.9  29.0  12:14a    SE
30  17.9  24.9   4:09p  11.8   2:31a   1.7   1.6   0.0   1.9  16.1   9:00a   SSW
----------------------------------------------------------------------------------
    14.2  26.5    12     2.6     8   133.4  20.7 149.6   6.1  48.3     9      SE

Max >=  27.0:  0
Max <=   0.0:  0
Min <=   0.0:  0
Min <= -18.0:  0
Max Rain: 28.2 on day 21
Days of Rain: 15 (>= 0.2 mm)  13 (>= 2.0 mm)  3 (>= 20.0 mm)
Heat Base: 18.0  Cool Base: 18.0  Method: Integration