NOAA-Style Climate Reports

Select a Year or Month report
2018: Jan Feb Mar Apr May Jun Jul Aug Sep Oct Nov Dec
2017: Jan Feb Mar Apr May Jun Jul Aug Sep Oct Nov Dec
2016: Jan Feb Mar Apr May Jun Jul Aug Sep Oct Nov Dec
2015: Jan Feb Mar Apr May Jun Jul Aug Sep Oct Nov Dec
2014: Jan Feb Mar Apr May Jun Jul Aug Sep Oct Nov Dec
2013: Jan Feb Mar Apr May Jun Jul Aug Sep Oct Nov Dec
2012: Jan Feb Mar Apr May Jun Jul Aug Sep Oct Nov Dec
2011: Jan Feb Mar Apr May Jun Jul Aug Sep Oct Nov Dec

Report for 2015 May
                   Monthly Climatological Summary for May 2015

Name: Jared Court   City: Windsor   State: NS
Elevation: 48 m  Lat: N 44° 58' 41"   Lon: W 064° 06' 20"

                  Temperature (°C), Rain (mm), Wind Speed (km/h)

                                      Heat  Cool        Avg
    Mean                              Deg   Deg         Wind                 Dom
Day Temp  High   Time   Low    Time   Days  Days  Rain  Speed High   Time    Dir
----------------------------------------------------------------------------------
 1   4.7   9.6   2:50p   1.6   6:04a  13.3   0.0   0.0   5.4  25.7   3:01p    NW
 2   7.3  15.9   4:18p   1.6   6:23a  10.7   0.0   0.0   4.9  29.0   5:35p   ESE
 3   7.9  16.6   3:34p  -1.3   5:35a  10.1   0.0   0.0   3.3  24.1   4:06p   WNW
 4  12.4  24.1   2:13p  -0.6   5:31a   6.8   1.2   0.0   4.8  35.4   9:58p    SE
 5  16.0  20.7   1:16p  10.1  11:33p   2.7   0.6   0.0   8.2  43.5  12:20p    SW
 6  12.8  17.6   5:41p   6.6   6:09a   5.2   0.0   0.0   8.9  49.9   3:31p   WSW
 7  10.7  18.7   4:30p   2.2   5:44a   7.3   0.0   0.0   8.2  41.8  12:11p   WNW
 8   6.6  12.1   4:56p   3.7   5:50a  11.4   0.0   0.0   4.2  20.9  12:43p    NW
 9   8.1  14.4   3:19p   1.7   4:50a   9.9   0.0   0.0  10.0  38.6   1:59p   ESE
10  15.6  26.0   4:16p   7.6  12:32a   3.7   1.2   0.4   4.9  29.0  12:32p   SSE
11  11.4  13.9   2:42p   8.9  11:39p   6.6   0.0   0.8   3.8  20.9   4:39a   WNW
12  11.7  18.5   3:54p   6.9   6:22a   6.3   0.0   0.4   8.9  32.2   1:04p   ESE
13   9.8  16.2   1:29a   2.6  11:51p   8.2   0.0   3.2   6.9  35.4   8:41a     W
14  11.4  18.4   4:02p   1.7  12:54a   6.6   0.0   0.0   4.4  27.4   1:05p   WSW
15  13.0  21.9   4:50p   1.5   6:14a   6.0   1.1   0.0   3.6  25.7   2:12p    NW
16  14.3  24.6   2:37p   3.6   5:52a   5.3   1.7   0.0   6.3  32.2   2:57p   ESE
17  10.4  14.2  11:32a   6.1  11:56p   7.6   0.0   0.2   7.0  32.2   2:38p     E
18  12.1  22.2   5:21p   1.7   5:32a   6.4   0.6   0.0   4.0  43.5   1:48p   ESE
19  11.4  21.3   1:21p   2.9   5:23a   7.0   0.4   0.8   6.3  27.4  10:15a    SE
20  12.3  18.3   5:04p   8.3  12:54a   5.7   0.0   0.2  10.0  37.0   5:17p   SSE
21  14.3  20.6   2:19p   7.4   2:34a   4.2   0.5   0.0   7.9  40.2   2:42p    SW
22   8.5  11.4  12:00a   6.6   3:05a   9.5   0.0   3.6   4.0  30.6   9:20a   ESE
23   7.6  10.7   5:36p   4.7   6:03a  10.4   0.0   0.8   6.8  43.5   5:46p    SW
24  14.0  22.3   5:15p   5.5   4:39a   5.0   1.0   0.0   9.0  41.8   6:44p   SSE
25  20.7  29.4   1:53p   9.2   5:20a   1.8   4.5   0.0   6.9  48.3   2:16p   SSE
26  17.1  21.9   5:16p  11.6   9:31a   1.7   0.8   3.2   7.8  37.0   2:18p    SE
27  20.5  30.3   2:41p  10.9   5:33a   2.0   4.6   0.0   7.7  46.7   5:14p    SE
28  20.8  25.7   4:23p  14.7   5:59a   0.2   3.0   0.0   9.3  38.6   2:52p    SE
29  19.3  26.5   2:44p  13.7   7:26a   1.3   2.5   0.0   4.3  19.3   1:58a   ENE
30  19.3  26.8   4:15p  12.6   5:19a   1.7   3.0   0.0   9.3  43.5  11:25p    SE
31  15.5  23.3   9:46a   8.2  11:53p   3.8   1.4  24.4   7.4  38.6   1:11a   SSE
----------------------------------------------------------------------------------
    12.8  30.3    27    -1.3     3   188.4  28.1  38.0   6.6  49.9     6     SSE

Max >=  27.0:  2
Max <=   0.0:  0
Min <=   0.0:  2
Min <= -18.0:  0
Max Rain: 24.4 on day 31
Days of Rain: 11 (>= 0.2 mm)  4 (>= 2.0 mm)  1 (>= 20.0 mm)
Heat Base: 18.0  Cool Base: 18.0  Method: Integration