NOAA-Style Climate Reports


Report for 2015 April
                   Monthly Climatological Summary for Apr 2015

Name: Jared Court   City: Windsor   State: NS
Elevation: 48 m  Lat: N 44° 58' 41"   Lon: W 064° 06' 20"

                  Temperature (°C), Rain (mm), Wind Speed (km/h)

                                      Heat  Cool        Avg
    Mean                              Deg   Deg         Wind                 Dom
Day Temp  High   Time   Low    Time   Days  Days  Rain  Speed High   Time    Dir
----------------------------------------------------------------------------------
 1  -0.3   2.3   2:47p  -4.2   7:09a  18.3   0.0   0.0   7.1  32.2   6:30p     W
 2  -0.7   4.8   6:28p  -7.0   7:01a  18.7   0.0   0.0   9.2  43.5  10:47a   WSW
 3   5.6  14.0   2:54p  -0.9   3:05a  12.4   0.0   0.4   5.5  27.4   3:29p   SSE
 4   2.5   7.6   5:33p  -2.3  11:47p  15.5   0.0   5.6   7.1  53.1  10:53p    SW
 5  -2.8   3.1   2:52p  -6.6   6:59a  20.8   0.0   0.2   8.8  49.9   3:36p   WSW
 6  -3.8   2.9   3:32p -13.9   7:22a  21.8   0.0   1.4   3.9  24.1   1:42p    SE
 7   0.7   5.1   6:10p  -1.8  11:29p  17.3   0.0   6.0   1.3  12.9   1:31p   WNW
 8  -0.9   2.4   4:35p  -5.0   6:40a  18.9   0.0   0.0   4.2  25.7   2:12p   WNW
 9   0.3   5.4   2:45p  -3.1  11:53p  17.7   0.0   0.0   5.7  25.7   1:17p   ENE
10   0.4   5.7   7:23p  -6.2   5:39a  17.6   0.0   2.6  10.0  43.5   1:28p     E
11   8.0  12.2   1:12p   4.9  12:00a  10.0   0.0   0.2   9.7  45.1   4:45p   SSW
12   6.6  12.6   3:15p  -0.1  11:52p  11.4   0.0   0.0   7.2  37.0   3:55p   WSW
13   6.6  20.4   1:44p  -2.9   5:55a  11.5   0.1   0.0   5.3  33.8   5:27p   ESE
14   8.0  13.5   5:49p   3.3   4:31a  10.0   0.0   1.2   7.8  37.0   8:55a    SE
15   6.7  12.3   1:03p  -1.7  11:31p  11.3   0.0   0.0   5.6  29.0   3:51p    NW
16   1.9   8.6   6:29p  -4.5   5:09a  16.1   0.0   0.0   4.5  29.0   8:18a     W
17   7.5  15.6   1:18p   2.3   2:19a  10.5   0.0   0.4   6.1  43.5   1:38p   SSE
18   4.9   9.3   3:08p  -0.1  11:56p  13.1   0.0   0.0   5.0  25.7   7:20p    NW
19   2.5   7.6   5:45p  -1.8   7:15a  15.5   0.0   0.0   4.2  22.5   3:46p    NW
20   4.2  12.8   3:59p  -3.7   6:13a  13.8   0.0   0.0   5.0  32.2   5:41p     E
21   4.6   6.6   5:44p   1.9  12:00a  13.4   0.0  12.4  16.4  53.1   2:40p     E
22   6.9  10.7   6:24p   1.2  11:57p  11.1   0.0   8.4   3.9  24.1   1:11a    NE
23   3.0   6.9  11:40a   0.2   2:46a  15.0   0.0  16.2   8.2  38.6  11:10a     E
24   3.8   8.7   2:05p   1.7   1:49a  14.2   0.0   1.0   3.5  19.3   2:21p   ESE
25   4.4   8.9   6:39p   1.4   1:49a  13.6   0.0   0.0   2.9  22.5  12:52p   WNW
26   3.6   9.6   3:40p  -2.3   6:16a  14.4   0.0   0.0   3.4  19.3   4:59p   WNW
27   2.6   4.1   4:25p   1.1  12:40p  15.4   0.0  10.0   5.3  22.5  10:23p    NW
28   2.4   3.2   5:24p   1.6   5:20a  15.6   0.0   3.6   8.6  40.2  12:27p   WNW
29   3.1   6.7   3:12p   1.5   1:36a  14.9   0.0   0.0   8.4  37.0   3:56p   WNW
30   3.8   7.3   3:20p   1.8   5:21a  14.2   0.0   0.0   6.8  29.0   3:06p    NW
----------------------------------------------------------------------------------
     3.2  20.4    13   -13.9     6   444.0   0.1  69.6   6.4  53.1     4     WSW

Max >=  27.0:  0
Max <=   0.0:  0
Min <=   0.0: 18
Min <= -18.0:  0
Max Rain: 16.2 on day 23
Days of Rain: 15 (>= 0.2 mm)  8 (>= 2.0 mm)  0 (>= 20.0 mm)
Heat Base: 18.0  Cool Base: 18.0  Method: Integration