NOAA-Style Climate Reports


Report for 2015 March
                   Monthly Climatological Summary for Mar 2015

Name: Jared Court   City: Windsor   State: NS
Elevation: 48 m  Lat: N 44° 58' 41"   Lon: W 064° 06' 20"

                  Temperature (°C), Rain (mm), Wind Speed (km/h)

                                      Heat  Cool        Avg
    Mean                              Deg   Deg         Wind                 Dom
Day Temp  High   Time   Low    Time   Days  Days  Rain  Speed High   Time    Dir
----------------------------------------------------------------------------------
 1  -6.3   1.4   3:49p -16.9   6:18a  24.3   0.0   0.8   4.6  24.1   1:53p    SE
 2  -1.8   1.4  12:28p  -4.6  11:50p  19.8   0.0   0.4   9.9  43.5   9:12p   WSW
 3  -8.8  -4.6  12:00a -12.7  10:31p  26.8   0.0   0.0  14.0  49.9   3:10a     W
 4  -0.1   5.2   2:13p -11.2  12:03a  18.1   0.0   0.4  10.4  46.7   7:15a   SSE
 5  -2.7   1.7  12:00a  -9.9  11:56p  20.7   0.0   0.0   9.6  38.6  11:40a     W
 6 -10.8  -4.3   3:32p -15.4   9:50p  28.5   0.0   0.0   5.0  29.0   1:26a   WNW
 7  -5.0   2.7   4:10p -13.8  12:22a  23.0   0.0   0.0   6.0  33.8   8:57a   SSE
 8  -2.7   1.8   3:06p  -7.3   8:11a  19.8   0.0   0.0   3.2  20.9   1:54p    SW
 9  -3.1   1.8   1:07p -10.3   7:59a  21.1   0.0   0.0   3.4  29.0   1:45p   SSE
10  -0.6   6.7   3:53p  -8.9   7:51a  18.6   0.0   0.2   5.0  27.4  11:13a   SSW
11   5.2  10.6   2:52p   2.1   3:17a  12.8   0.0   0.0   9.8  45.1   4:07p   SSW
12  -3.0   2.3  12:00a  -7.7  11:55p  21.0   0.0   0.0   9.6  43.5  11:48p     W
13  -9.1  -6.0   5:40p -13.0  11:59p  27.1   0.0   0.0  10.8  43.5  12:41a     W
14  -6.8   0.9   4:41p -17.9   7:53a  24.8   0.0   0.0   3.7  25.7  11:27p   ESE
15  -3.2  -2.2   2:11p  -4.2   9:45p  21.2   0.0   0.0  11.9  46.7   9:15a     N
16  -5.4  -3.7  12:00a  -6.0   5:17p  23.4   0.0   0.0  15.0  48.3   9:55a   WNW
17  -4.0   3.8   3:38p -11.4   7:24a  22.0   0.0   5.6   5.1  32.2  12:15a     E
18  -4.4  -2.8   2:37p  -6.7  11:59p  22.4   0.0   0.0  13.9  45.1   3:44p     W
19  -5.7  -2.6   4:25p  -8.3   7:19a  23.7   0.0   2.2  11.8  37.0  12:54a   WSW
20  -4.3   0.4   5:44p  -8.8  11:25p  22.3   0.0   0.2   3.5  19.3   2:01p   WNW
21  -3.3   4.0   4:38p -11.8   6:21a  21.3   0.0   0.2   4.1  29.0   1:44p     E
22  -3.2   1.3  11:26a -11.1  11:51p  21.2   0.0   2.4   9.4  53.1   8:37p   WSW
23  -9.4  -6.0   6:18p -11.6   3:31a  27.4   0.0   0.0   7.7  40.2  11:25a    SW
24  -5.5   3.3   5:28p -16.1   5:41a  23.5   0.0   9.0   2.0  11.3   3:20p   WNW
25  -2.7   6.0   5:55p -12.9   7:37a  20.7   0.0   0.0   2.3  17.7   2:20p   WNW
26   2.8  10.1   5:02p  -4.4  12:38a  15.2   0.0   6.2   5.9  32.2   8:06a    SE
27   2.6   4.4   3:46p   1.3  11:46p  15.4   0.0   5.6   1.6  12.9  12:01p   WNW
28  -0.6   1.3  12:00a  -5.3  11:36p  18.6   0.0   1.0   5.9  30.6   5:56p    NW
29  -2.4   3.3   5:48p  -7.6  11:39p  20.4   0.0   2.2   5.3  30.6  12:48a     W
30  -2.8   3.6   1:24p -11.7   6:40a  20.8   0.0   0.0   8.2  35.4   4:03p   ESE
31   2.1   5.9   1:42p  -0.5   6:24a  15.9   0.0   5.4   4.5  33.8   1:27p    SW
----------------------------------------------------------------------------------
    -3.4  10.6    11   -17.9    14   661.8   0.0  41.8   7.2  53.1    22     WSW

Max >=  27.0:  0
Max <=   0.0:  8
Min <=   0.0: 29
Min <= -18.0:  0
Max Rain: 9.0 on day 24
Days of Rain: 15 (>= 0.2 mm)  8 (>= 2.0 mm)  0 (>= 20.0 mm)
Heat Base: 18.0  Cool Base: 18.0  Method: Integration